{"id":732352,"date":"2025-08-27T21:48:48","date_gmt":"2025-08-27T18:48:48","guid":{"rendered":"https:\/\/roveyayinevi.com.tr\/index.php\/urun\/evrenin-gizli-bahcesi-yesil-halka\/"},"modified":"2026-04-16T02:40:17","modified_gmt":"2026-04-15T23:40:17","slug":"evrenin-gizli-bahcesi-yesil-halka","status":"publish","type":"product","link":"https:\/\/roveyayinevi.com.tr\/index.php\/urun\/evrenin-gizli-bahcesi-yesil-halka\/","title":{"rendered":"Evrenin Gizli Bah\u00e7esi &#8211; Ye\u015fil Halka"},"content":{"rendered":"<p>Bilimin S\u0131n\u0131rs\u0131z Evrenine Do\u011fru Bir Yolculu\u011fa \u00c7\u0131kmaya Haz\u0131r M\u0131s\u0131n\u0131z?G\u00fcnl\u00fck bir geziye \u00e7\u0131kan \u00fc\u00e7 arkada\u015f kendilerini beklenmedik bir ser\u00fcvenin i\u00e7inde bulurlar. Ya\u015fl\u0131 bir bilgin, ser\u00fcven boyunca kendilerine e\u015flik eder. Hedeflerine ula\u015fmak i\u00e7in \u00fcstesinden gelmeleri gereken \u00e7\u00f6z\u00fcm\u00fc zor problemler ve \u015fifreler vard\u0131r. Yepyeni dostluklar kurduklar\u0131 bu ilgin\u00e7 bilim yolculu\u011funda zorluklarla ba\u015f edebilmek i\u00e7in birlikte hareket ederler.Evrenin Gizli Bah\u00e7esi bilimsel \u00e7al\u0131\u015fmalar\u0131n tam da merkezinde, mant\u0131k ve bilimi temel alarak okura soluk solu\u011fa ser\u00fcvenler ya\u015fat\u0131yor&#8230;<\/p>\n","protected":false},"excerpt":{"rendered":"<p>Bilimin S\u0131n\u0131rs\u0131z Evrenine Do\u011fru Bir Yolculu\u011fa \u00c7\u0131kmaya Haz\u0131r M\u0131s\u0131n\u0131z?G\u00fcnl\u00fck bir geziye \u00e7\u0131kan \u00fc\u00e7 arkada\u015f kendilerini beklenmedik bir ser\u00fcvenin i\u00e7inde bulurlar. Ya\u015fl\u0131 bir bilgin, ser\u00fcven boyunca kendilerine<span class=\"excerpt-hellip\"> [\u2026]<\/span><\/p>\n","protected":false},"featured_media":0,"template":"","meta":{"_monsterinsights_skip_tracking":false,"_monsterinsights_sitenote_active":false,"_monsterinsights_sitenote_note":"","_monsterinsights_sitenote_category":0},"product_brand":[],"product_cat":[12540,12291],"product_tag":[],"class_list":{"0":"post-732352","1":"product","2":"type-product","3":"status-publish","5":"product_cat-bilim-kurgu","6":"product_cat-edebiyat","7":"pa_cilt-ciltsiz","8":"pa_tur-kitap","9":"pa_yayinevi-altin-kitaplar-ozel-urun","10":"pa_yazar-ozlem-aytek","12":"first","13":"instock","14":"sale","15":"shipping-taxable","16":"purchasable","17":"product-type-simple"},"_links":{"self":[{"href":"https:\/\/roveyayinevi.com.tr\/index.php\/wp-json\/wp\/v2\/product\/732352","targetHints":{"allow":["GET"]}}],"collection":[{"href":"https:\/\/roveyayinevi.com.tr\/index.php\/wp-json\/wp\/v2\/product"}],"about":[{"href":"https:\/\/roveyayinevi.com.tr\/index.php\/wp-json\/wp\/v2\/types\/product"}],"wp:attachment":[{"href":"https:\/\/roveyayinevi.com.tr\/index.php\/wp-json\/wp\/v2\/media?parent=732352"}],"wp:term":[{"taxonomy":"product_brand","embeddable":true,"href":"https:\/\/roveyayinevi.com.tr\/index.php\/wp-json\/wp\/v2\/product_brand?post=732352"},{"taxonomy":"product_cat","embeddable":true,"href":"https:\/\/roveyayinevi.com.tr\/index.php\/wp-json\/wp\/v2\/product_cat?post=732352"},{"taxonomy":"product_tag","embeddable":true,"href":"https:\/\/roveyayinevi.com.tr\/index.php\/wp-json\/wp\/v2\/product_tag?post=732352"}],"curies":[{"name":"wp","href":"https:\/\/api.w.org\/{rel}","templated":true}]}}