{"id":732351,"date":"2025-08-27T21:48:48","date_gmt":"2025-08-27T18:48:48","guid":{"rendered":"https:\/\/roveyayinevi.com.tr\/index.php\/urun\/ruha-sifa-muhabbetler-2\/"},"modified":"2026-04-14T02:49:58","modified_gmt":"2026-04-13T23:49:58","slug":"ruha-sifa-muhabbetler-2","status":"publish","type":"product","link":"https:\/\/roveyayinevi.com.tr\/index.php\/urun\/ruha-sifa-muhabbetler-2\/","title":{"rendered":"Ruha \u015eifa Muhabbetler 2"},"content":{"rendered":"<p>Ruha \u015eifa Muhabbetler, serinin ikinci kitab\u0131yla kalplere sure sure dokunmaya devam ediyor. Kur\u2019an\u2019\u0131 Kerim\u2019i anlayarak okumak, hissederek ya\u015famak isteyen iki arkada\u015f\u0131n tefsir okuma notlar\u0131ndan derlenen kitapta Vaize Merve Safa Liko\u011flu, Portakal A\u011fac\u0131 sosyal medya platformu ile tan\u0131nan Hatice \u00d6zdemir T\u00fcl\u00fcn\u2019\u00fcn sorular\u0131yla okuyucular\u0131na bamba\u015fka pencereler a\u00e7\u0131yor. Ruha \u015eifa Muhabbetler 2, H\u00fcmeze ve Duh\u00e2 sureleri aras\u0131nda yer alan 12 surenin tefsirini; annelik, kad\u0131n olmak, toplumsal hayat, i\u015f ya\u015fam\u0131, beklentiler, \u00e7ocuk e\u011fitimi ve dualarla ba\u011flayan g\u00fcncel bir anlat\u0131.<\/p>\n","protected":false},"excerpt":{"rendered":"<p>Ruha \u015eifa Muhabbetler, serinin ikinci kitab\u0131yla kalplere sure sure dokunmaya devam ediyor. Kur\u2019an\u2019\u0131 Kerim\u2019i anlayarak okumak, hissederek ya\u015famak isteyen iki arkada\u015f\u0131n tefsir okuma notlar\u0131ndan derlenen kitapta<span class=\"excerpt-hellip\"> [\u2026]<\/span><\/p>\n","protected":false},"featured_media":0,"template":"","meta":{"_monsterinsights_skip_tracking":false,"_monsterinsights_sitenote_active":false,"_monsterinsights_sitenote_note":"","_monsterinsights_sitenote_category":0},"product_brand":[],"product_cat":[12718,12719,15238],"product_tag":[],"class_list":{"0":"post-732351","1":"product","2":"type-product","3":"status-publish","5":"product_cat-din","6":"product_cat-islam","7":"product_cat-tasavvuf","8":"pa_cilt-ciltsiz","9":"pa_tur-kitap","10":"pa_yayinevi-hayykitap","11":"pa_yazar-hatice-ozdemir-tulun","12":"pa_yazar-merve-safa-likoglu","14":"first","15":"instock","16":"sale","17":"shipping-taxable","18":"purchasable","19":"product-type-simple"},"_links":{"self":[{"href":"https:\/\/roveyayinevi.com.tr\/index.php\/wp-json\/wp\/v2\/product\/732351","targetHints":{"allow":["GET"]}}],"collection":[{"href":"https:\/\/roveyayinevi.com.tr\/index.php\/wp-json\/wp\/v2\/product"}],"about":[{"href":"https:\/\/roveyayinevi.com.tr\/index.php\/wp-json\/wp\/v2\/types\/product"}],"wp:attachment":[{"href":"https:\/\/roveyayinevi.com.tr\/index.php\/wp-json\/wp\/v2\/media?parent=732351"}],"wp:term":[{"taxonomy":"product_brand","embeddable":true,"href":"https:\/\/roveyayinevi.com.tr\/index.php\/wp-json\/wp\/v2\/product_brand?post=732351"},{"taxonomy":"product_cat","embeddable":true,"href":"https:\/\/roveyayinevi.com.tr\/index.php\/wp-json\/wp\/v2\/product_cat?post=732351"},{"taxonomy":"product_tag","embeddable":true,"href":"https:\/\/roveyayinevi.com.tr\/index.php\/wp-json\/wp\/v2\/product_tag?post=732351"}],"curies":[{"name":"wp","href":"https:\/\/api.w.org\/{rel}","templated":true}]}}