{"id":732349,"date":"2025-08-27T21:48:46","date_gmt":"2025-08-27T18:48:46","guid":{"rendered":"https:\/\/roveyayinevi.com.tr\/index.php\/urun\/kafkadan-hayat-dersleri\/"},"modified":"2026-04-11T02:49:19","modified_gmt":"2026-04-10T23:49:19","slug":"kafkadan-hayat-dersleri","status":"publish","type":"product","link":"https:\/\/roveyayinevi.com.tr\/index.php\/urun\/kafkadan-hayat-dersleri\/","title":{"rendered":"Kafka\u2019dan Hayat Dersleri"},"content":{"rendered":"<p>Kafesin Biri, Bir Ku\u015f Aramaya \u00c7\u0131kt\u0131.Bu kitab\u0131n sayfalar\u0131nda romanlar\u0131, \u00f6yk\u00fcleri ve mektuplar\u0131 ile edebiyat tarihinin en \u00f6zg\u00fcn, pesimist ve duygusal kalemlerinden Kafka\u2019n\u0131n hayat hik\u00e2yesini, yap\u0131tlar\u0131ndaki en \u00e7arp\u0131c\u0131 kesitleri bulacaks\u0131n\u0131z.Kitap, i\u00e7imizdeki donmu\u015f denizi k\u0131ran bir balta gibi olmal\u0131d\u0131r.\u0130nsanlarla i\u00e7li d\u0131\u015fl\u0131 olmak, insan\u0131n kendisini g\u00f6z hapsine almas\u0131n\u0131 getirir pe\u015fi s\u0131ra.\u00d6zg\u00fcrl\u00fck! Tabii, bug\u00fcn m\u00fcmk\u00fcn oldu\u011fu haliyle \u00f6zg\u00fcrl\u00fck, c\u0131l\u0131z bir bitkidir. Ama ne de olsa \u00f6zg\u00fcrl\u00fckt\u00fcr, ne de olsa bir m\u00fclkt\u00fcr.Bilincin darl\u0131\u011f\u0131, sosyal hayat\u0131n bir gere\u011fidir.\u0130nsanl\u0131kla aram\u0131zdaki ba\u011f, kendimizle aram\u0131zdaki ba\u011fdan g\u00fc\u00e7s\u00fcz de\u011fildir.Kafayla \u00e7al\u0131\u015fmas\u0131 toplumdan kopar\u0131p al\u0131yor ki\u015fiyi. Elle \u00e7al\u0131\u015fmak ise onu insanlara yakla\u015ft\u0131r\u0131yor.Ge\u00e7mi\u015fimden gelen r\u00fczg\u00e2r zamanla dindi, bug\u00fcn ayaklar\u0131ma vuran ho\u015f bir esintiden gayr\u0131s\u0131 de\u011fil art\u0131k.<\/p>\n","protected":false},"excerpt":{"rendered":"<p>Kafesin Biri, Bir Ku\u015f Aramaya \u00c7\u0131kt\u0131.Bu kitab\u0131n sayfalar\u0131nda romanlar\u0131, \u00f6yk\u00fcleri ve mektuplar\u0131 ile edebiyat tarihinin en \u00f6zg\u00fcn, pesimist ve duygusal kalemlerinden Kafka\u2019n\u0131n hayat hik\u00e2yesini, yap\u0131tlar\u0131ndaki en<span class=\"excerpt-hellip\"> [\u2026]<\/span><\/p>\n","protected":false},"featured_media":0,"template":"","meta":{"_monsterinsights_skip_tracking":false,"_monsterinsights_sitenote_active":false,"_monsterinsights_sitenote_note":"","_monsterinsights_sitenote_category":0},"product_brand":[],"product_cat":[12364,12376],"product_tag":[],"class_list":{"0":"post-732349","1":"product","2":"type-product","3":"status-publish","5":"product_cat-genel-konular","6":"product_cat-kisisel-gelisim","7":"pa_cilt-ciltsiz","8":"pa_tur-kitap","9":"pa_yayinevi-hayykitap","10":"pa_yazar-ozgun-ozan-karadag","12":"first","13":"instock","14":"sale","15":"shipping-taxable","16":"purchasable","17":"product-type-simple"},"_links":{"self":[{"href":"https:\/\/roveyayinevi.com.tr\/index.php\/wp-json\/wp\/v2\/product\/732349","targetHints":{"allow":["GET"]}}],"collection":[{"href":"https:\/\/roveyayinevi.com.tr\/index.php\/wp-json\/wp\/v2\/product"}],"about":[{"href":"https:\/\/roveyayinevi.com.tr\/index.php\/wp-json\/wp\/v2\/types\/product"}],"wp:attachment":[{"href":"https:\/\/roveyayinevi.com.tr\/index.php\/wp-json\/wp\/v2\/media?parent=732349"}],"wp:term":[{"taxonomy":"product_brand","embeddable":true,"href":"https:\/\/roveyayinevi.com.tr\/index.php\/wp-json\/wp\/v2\/product_brand?post=732349"},{"taxonomy":"product_cat","embeddable":true,"href":"https:\/\/roveyayinevi.com.tr\/index.php\/wp-json\/wp\/v2\/product_cat?post=732349"},{"taxonomy":"product_tag","embeddable":true,"href":"https:\/\/roveyayinevi.com.tr\/index.php\/wp-json\/wp\/v2\/product_tag?post=732349"}],"curies":[{"name":"wp","href":"https:\/\/api.w.org\/{rel}","templated":true}]}}