{"id":732347,"date":"2025-08-27T21:48:44","date_gmt":"2025-08-27T18:48:44","guid":{"rendered":"https:\/\/roveyayinevi.com.tr\/index.php\/urun\/deyimler-iskelesi\/"},"modified":"2026-04-16T02:40:17","modified_gmt":"2026-04-15T23:40:17","slug":"deyimler-iskelesi","status":"publish","type":"product","link":"https:\/\/roveyayinevi.com.tr\/index.php\/urun\/deyimler-iskelesi\/","title":{"rendered":"Deyimler \u0130skelesi"},"content":{"rendered":"<p>DEY\u0130MLER \u0130SKELES\u0130 \u015eehir bir ho\u015f, iskele lo\u015f Sahil sarho\u015f, deniz sarho\u015f Y\u0131ld\u0131zlara u\u00e7tu Melo\u015f \u00c7aya kondu kanatlar\u0131   Alan bombo\u015f kar\u0131\u015f kar\u0131\u015f Sokaklarda bo\u015f yakar\u0131\u015f \u00d6m\u00fcr kulvar, ya\u015fam yar\u0131\u015f Taya d\u00f6nd\u00fc \u015fan atlar\u0131   Karanl\u0131kta olmaz insaf K\u00f6r olan\u0131n her da\u011f\u0131 Kaf Cahillere s\u00f6ylenmez laf Yaya dondu inatlar\u0131   Sahillerde er e\u011fimler \u0130skelede ser deyimler Antik eser deneyimler Pirler sundu sanatlar\u0131   Kimi durur, kimi akar Kimi y\u00fczer, kimi bakar Kimi karda mumlar yakar Suda s\u00f6nd\u00fc sonatlar\u0131   Gemilerde g\u00f6k nidalar G\u00f6\u011fe \u00e7\u0131kt\u0131 g\u00fcr sedalar Son deminde elvedalar Vuslat sand\u0131 feryatlar\u0131   Deniz, derya a\u015far s\u00f6zler Karalara ta\u015far s\u00f6zler Y\u00fczy\u0131llarca ya\u015far s\u00f6zler Tarih and\u0131 ecdatlar\u0131 <\/p>\n","protected":false},"excerpt":{"rendered":"<p>DEY\u0130MLER \u0130SKELES\u0130 \u015eehir bir ho\u015f, iskele lo\u015f Sahil sarho\u015f, deniz sarho\u015f Y\u0131ld\u0131zlara u\u00e7tu Melo\u015f \u00c7aya kondu kanatlar\u0131 Alan bombo\u015f kar\u0131\u015f kar\u0131\u015f Sokaklarda bo\u015f yakar\u0131\u015f \u00d6m\u00fcr kulvar,<span class=\"excerpt-hellip\"> [\u2026]<\/span><\/p>\n","protected":false},"featured_media":0,"template":"","meta":{"_monsterinsights_skip_tracking":false,"_monsterinsights_sitenote_active":false,"_monsterinsights_sitenote_note":"","_monsterinsights_sitenote_category":0},"product_brand":[],"product_cat":[12291,12509],"product_tag":[],"class_list":{"0":"post-732347","1":"product","2":"type-product","3":"status-publish","5":"product_cat-edebiyat","6":"product_cat-siir","7":"pa_cilt-ciltsiz","8":"pa_tur-kitap","9":"pa_yayinevi-gulnar-yayinlari","10":"pa_yazar-hamit-goksoy","12":"first","13":"instock","14":"sale","15":"shipping-taxable","16":"purchasable","17":"product-type-simple"},"_links":{"self":[{"href":"https:\/\/roveyayinevi.com.tr\/index.php\/wp-json\/wp\/v2\/product\/732347","targetHints":{"allow":["GET"]}}],"collection":[{"href":"https:\/\/roveyayinevi.com.tr\/index.php\/wp-json\/wp\/v2\/product"}],"about":[{"href":"https:\/\/roveyayinevi.com.tr\/index.php\/wp-json\/wp\/v2\/types\/product"}],"wp:attachment":[{"href":"https:\/\/roveyayinevi.com.tr\/index.php\/wp-json\/wp\/v2\/media?parent=732347"}],"wp:term":[{"taxonomy":"product_brand","embeddable":true,"href":"https:\/\/roveyayinevi.com.tr\/index.php\/wp-json\/wp\/v2\/product_brand?post=732347"},{"taxonomy":"product_cat","embeddable":true,"href":"https:\/\/roveyayinevi.com.tr\/index.php\/wp-json\/wp\/v2\/product_cat?post=732347"},{"taxonomy":"product_tag","embeddable":true,"href":"https:\/\/roveyayinevi.com.tr\/index.php\/wp-json\/wp\/v2\/product_tag?post=732347"}],"curies":[{"name":"wp","href":"https:\/\/api.w.org\/{rel}","templated":true}]}}