{"id":732345,"date":"2025-08-27T21:48:42","date_gmt":"2025-08-27T18:48:42","guid":{"rendered":"https:\/\/roveyayinevi.com.tr\/index.php\/urun\/gonul-gulleri\/"},"modified":"2026-04-16T02:40:17","modified_gmt":"2026-04-15T23:40:17","slug":"gonul-gulleri","status":"publish","type":"product","link":"https:\/\/roveyayinevi.com.tr\/index.php\/urun\/gonul-gulleri\/","title":{"rendered":"G\u00f6n\u00fcl G\u00fclleri"},"content":{"rendered":"<p>SEVG\u0130 Sevgi s\u0131cak, sevimli yumu\u015fac\u0131k y\u00fcreklerde dipdiri G\u00fcl\u00fcmserken ellerinde zaman\u0131n gencecik gelin gibi\u2026   Ey sevgi! Sensiz y\u00fcrekler bilsin ki sen olmadan bombo\u015ftur elleri   Sen olmadan g\u00fclemez ki g\u00f6n\u00fcller G\u00fcller bilmez ki g\u00fczelli\u011fini Bahar gelmez sen olmadan G\u00fcne\u015f g\u00f6rmez g\u00fcnleri Gitsen ve d\u00f6nmesen geri y\u0131l unutur mevsimleri   Ey sevgi! Sak\u0131n gitme, d\u00f6n geri ve sensiz b\u0131rakma y\u00fcrekleri <\/p>\n","protected":false},"excerpt":{"rendered":"<p>SEVG\u0130 Sevgi s\u0131cak, sevimli yumu\u015fac\u0131k y\u00fcreklerde dipdiri G\u00fcl\u00fcmserken ellerinde zaman\u0131n gencecik gelin gibi\u2026 Ey sevgi! Sensiz y\u00fcrekler bilsin ki sen olmadan bombo\u015ftur elleri Sen olmadan g\u00fclemez<span class=\"excerpt-hellip\"> [\u2026]<\/span><\/p>\n","protected":false},"featured_media":0,"template":"","meta":{"_monsterinsights_skip_tracking":false,"_monsterinsights_sitenote_active":false,"_monsterinsights_sitenote_note":"","_monsterinsights_sitenote_category":0},"product_brand":[],"product_cat":[12291,12509],"product_tag":[],"class_list":{"0":"post-732345","1":"product","2":"type-product","3":"status-publish","5":"product_cat-edebiyat","6":"product_cat-siir","7":"pa_cilt-ciltsiz","8":"pa_tur-kitap","9":"pa_yayinevi-gulnar-yayinlari","10":"pa_yazar-hamit-goksoy","12":"first","13":"instock","14":"sale","15":"shipping-taxable","16":"purchasable","17":"product-type-simple"},"_links":{"self":[{"href":"https:\/\/roveyayinevi.com.tr\/index.php\/wp-json\/wp\/v2\/product\/732345","targetHints":{"allow":["GET"]}}],"collection":[{"href":"https:\/\/roveyayinevi.com.tr\/index.php\/wp-json\/wp\/v2\/product"}],"about":[{"href":"https:\/\/roveyayinevi.com.tr\/index.php\/wp-json\/wp\/v2\/types\/product"}],"wp:attachment":[{"href":"https:\/\/roveyayinevi.com.tr\/index.php\/wp-json\/wp\/v2\/media?parent=732345"}],"wp:term":[{"taxonomy":"product_brand","embeddable":true,"href":"https:\/\/roveyayinevi.com.tr\/index.php\/wp-json\/wp\/v2\/product_brand?post=732345"},{"taxonomy":"product_cat","embeddable":true,"href":"https:\/\/roveyayinevi.com.tr\/index.php\/wp-json\/wp\/v2\/product_cat?post=732345"},{"taxonomy":"product_tag","embeddable":true,"href":"https:\/\/roveyayinevi.com.tr\/index.php\/wp-json\/wp\/v2\/product_tag?post=732345"}],"curies":[{"name":"wp","href":"https:\/\/api.w.org\/{rel}","templated":true}]}}