{"id":732329,"date":"2025-08-27T21:48:26","date_gmt":"2025-08-27T18:48:26","guid":{"rendered":"https:\/\/roveyayinevi.com.tr\/index.php\/urun\/multinominal-logit-model-analiziyle-konutlarda-isinma-sistemi-secimi-osmaniye-ili-hanehalki-uygulamasi\/"},"modified":"2026-04-16T02:40:17","modified_gmt":"2026-04-15T23:40:17","slug":"multinominal-logit-model-analiziyle-konutlarda-isinma-sistemi-secimi-osmaniye-ili-hanehalki-uygulamasi","status":"publish","type":"product","link":"https:\/\/roveyayinevi.com.tr\/index.php\/urun\/multinominal-logit-model-analiziyle-konutlarda-isinma-sistemi-secimi-osmaniye-ili-hanehalki-uygulamasi\/","title":{"rendered":"Multinominal Logit Model Analiziyle Konutlarda Is\u0131nma Sistemi Se\u00e7imi Osmaniye \u0130li Hanehalk\u0131 Uygulamas\u0131"},"content":{"rendered":"<p>Multinominal Logit Model Analiziyle Konutlarda Is\u0131nma Sistemi Se\u00e7imi Osmaniye \u0130li Hanehalk\u0131 Uygulamas\u0131<\/p>\n","protected":false},"excerpt":{"rendered":"<p>Multinominal Logit Model Analiziyle Konutlarda Is\u0131nma Sistemi Se\u00e7imi Osmaniye \u0130li Hanehalk\u0131 Uygulamas\u0131<\/p>\n","protected":false},"featured_media":0,"template":"","meta":{"_monsterinsights_skip_tracking":false,"_monsterinsights_sitenote_active":false,"_monsterinsights_sitenote_note":"","_monsterinsights_sitenote_category":0},"product_brand":[],"product_cat":[13043,14381],"product_tag":[],"class_list":{"0":"post-732329","1":"product","2":"type-product","3":"status-publish","5":"product_cat-ekonomi","6":"product_cat-isletme-muhasebe-maliye","7":"pa_cilt-ciltsiz","8":"pa_tur-kitap","9":"pa_yayinevi-gazi-kitabevi","10":"pa_yazar-seval-suzulmus-emre-yakut","12":"first","13":"instock","14":"sale","15":"shipping-taxable","16":"purchasable","17":"product-type-simple"},"_links":{"self":[{"href":"https:\/\/roveyayinevi.com.tr\/index.php\/wp-json\/wp\/v2\/product\/732329","targetHints":{"allow":["GET"]}}],"collection":[{"href":"https:\/\/roveyayinevi.com.tr\/index.php\/wp-json\/wp\/v2\/product"}],"about":[{"href":"https:\/\/roveyayinevi.com.tr\/index.php\/wp-json\/wp\/v2\/types\/product"}],"wp:attachment":[{"href":"https:\/\/roveyayinevi.com.tr\/index.php\/wp-json\/wp\/v2\/media?parent=732329"}],"wp:term":[{"taxonomy":"product_brand","embeddable":true,"href":"https:\/\/roveyayinevi.com.tr\/index.php\/wp-json\/wp\/v2\/product_brand?post=732329"},{"taxonomy":"product_cat","embeddable":true,"href":"https:\/\/roveyayinevi.com.tr\/index.php\/wp-json\/wp\/v2\/product_cat?post=732329"},{"taxonomy":"product_tag","embeddable":true,"href":"https:\/\/roveyayinevi.com.tr\/index.php\/wp-json\/wp\/v2\/product_tag?post=732329"}],"curies":[{"name":"wp","href":"https:\/\/api.w.org\/{rel}","templated":true}]}}