{"id":732320,"date":"2025-08-27T21:48:17","date_gmt":"2025-08-27T18:48:17","guid":{"rendered":"https:\/\/roveyayinevi.com.tr\/index.php\/urun\/asi-koyun-melo\/"},"modified":"2026-04-16T02:40:16","modified_gmt":"2026-04-15T23:40:16","slug":"asi-koyun-melo","status":"publish","type":"product","link":"https:\/\/roveyayinevi.com.tr\/index.php\/urun\/asi-koyun-melo\/","title":{"rendered":"Asi Koyun Melo"},"content":{"rendered":"<p>Melo, y\u00fcnlerini \u00e7ok seven bir koyun. G\u00fczel y\u00fcnlerinin k\u0131rp\u0131lmas\u0131n\u0131 istemedi\u011fi i\u00e7in ormana ka\u00e7\u0131yor. Uzayan y\u00fcnleriyle dev bir y\u00fcn topuna d\u00f6n\u00fc\u015fecek olan Melo&#8217;yu g\u00f6ren hayvanlar \u015fa\u015fk\u0131n: Daha \u00f6nce hi\u00e7 b\u00f6yle bir canl\u0131 g\u00f6rmediler! Her yere \u0131\u015f\u0131k h\u0131z\u0131yla yuvarlanarak giden yumu\u015fak Melo, orman\u0131n t\u00fcm vah\u015fi hayvanlar\u0131 kar\u015f\u0131s\u0131nda art\u0131k Yenilmez Koyun Melo. G\u00fczel, yumu\u015fak y\u00fcnleri onu her tehlikeden koruyor. Bu, en yumu\u015fak taraf\u0131m\u0131z\u0131n en g\u00fc\u00e7l\u00fc taraf\u0131m\u0131za d\u00f6n\u00fc\u015febilme hikayesi. <\/p>\n","protected":false},"excerpt":{"rendered":"<p>Melo, y\u00fcnlerini \u00e7ok seven bir koyun. G\u00fczel y\u00fcnlerinin k\u0131rp\u0131lmas\u0131n\u0131 istemedi\u011fi i\u00e7in ormana ka\u00e7\u0131yor. Uzayan y\u00fcnleriyle dev bir y\u00fcn topuna d\u00f6n\u00fc\u015fecek olan Melo&#8217;yu g\u00f6ren hayvanlar \u015fa\u015fk\u0131n: Daha<span class=\"excerpt-hellip\"> [\u2026]<\/span><\/p>\n","protected":false},"featured_media":0,"template":"","meta":{"_monsterinsights_skip_tracking":false,"_monsterinsights_sitenote_active":false,"_monsterinsights_sitenote_note":"","_monsterinsights_sitenote_category":0},"product_brand":[],"product_cat":[12913,12274],"product_tag":[],"class_list":{"0":"post-732320","1":"product","2":"type-product","3":"status-publish","5":"product_cat-3-6-yas-kitaplari","6":"product_cat-cocuk-ve-genclik-kitaplari","7":"pa_cilt-ciltsiz","8":"pa_tur-kitap","9":"pa_yayinevi-eksik-parca-yayinlari","10":"pa_yazar-nihan-kaya","12":"first","13":"instock","14":"sale","15":"shipping-taxable","16":"purchasable","17":"product-type-simple"},"_links":{"self":[{"href":"https:\/\/roveyayinevi.com.tr\/index.php\/wp-json\/wp\/v2\/product\/732320","targetHints":{"allow":["GET"]}}],"collection":[{"href":"https:\/\/roveyayinevi.com.tr\/index.php\/wp-json\/wp\/v2\/product"}],"about":[{"href":"https:\/\/roveyayinevi.com.tr\/index.php\/wp-json\/wp\/v2\/types\/product"}],"wp:attachment":[{"href":"https:\/\/roveyayinevi.com.tr\/index.php\/wp-json\/wp\/v2\/media?parent=732320"}],"wp:term":[{"taxonomy":"product_brand","embeddable":true,"href":"https:\/\/roveyayinevi.com.tr\/index.php\/wp-json\/wp\/v2\/product_brand?post=732320"},{"taxonomy":"product_cat","embeddable":true,"href":"https:\/\/roveyayinevi.com.tr\/index.php\/wp-json\/wp\/v2\/product_cat?post=732320"},{"taxonomy":"product_tag","embeddable":true,"href":"https:\/\/roveyayinevi.com.tr\/index.php\/wp-json\/wp\/v2\/product_tag?post=732320"}],"curies":[{"name":"wp","href":"https:\/\/api.w.org\/{rel}","templated":true}]}}