{"id":732311,"date":"2025-08-27T21:48:07","date_gmt":"2025-08-27T18:48:07","guid":{"rendered":"https:\/\/roveyayinevi.com.tr\/index.php\/urun\/gulavin-amerika-parasi\/"},"modified":"2026-01-29T03:11:12","modified_gmt":"2026-01-29T00:11:12","slug":"gulavin-amerika-parasi","status":"publish","type":"product","link":"https:\/\/roveyayinevi.com.tr\/index.php\/urun\/gulavin-amerika-parasi\/","title":{"rendered":"Gulav\u2019\u0131n Amerika Paras\u0131"},"content":{"rendered":"<p>\u201c\u015eimdi, iyili\u011fin i\u00e7in seni bu a\u011faca ba\u011flayaca\u011f\u0131m. Arkandaki a\u011faca s\u0131rt\u0131n\u0131 daya, ayaklar\u0131n\u0131 birle\u015ftir, kollar\u0131n\u0131 a\u015fa\u011f\u0131 do\u011fru uzat.\u2019\u2019 Zang\u0131r zang\u0131r titreyerek yere y\u0131\u011f\u0131lan Gulav Mehmet\u2019i kucaklad\u0131. A\u011faca yaslad\u0131. Makaraya ip sarar gibi, urgan\u0131 g\u00f6\u011fs\u00fcnden a\u015fa\u011f\u0131ya do\u011fru ayak bileklerine ve yukar\u0131ya do\u011fru omuzlar\u0131na kadar a\u011fac\u0131n g\u00f6vdesine sard\u0131ktan sonra birka\u00e7 d\u00fc\u011f\u00fcm att\u0131. \u201cKorkma, sana zarar verebilecek mahl\u00fbkat kalmad\u0131 buralarda. Yar\u0131n erkenden yan\u0131nday\u0131m.\u2019\u2019 dedi. Ko\u015far ad\u0131mlarla uzakla\u015ft\u0131&#8230; Onlar gittikten bir zaman sonra, \u00e7\u0131kan orman yang\u0131n\u0131nda, Gulav Mehmet\u2019in k\u00fclleri \u00c7et Vadisi\u2019ndeki baba oca\u011f\u0131na serpildi. Kaybedilenler listesine ad\u0131 yaz\u0131ld\u0131&#8230; <\/p>\n","protected":false},"excerpt":{"rendered":"<p>\u201c\u015eimdi, iyili\u011fin i\u00e7in seni bu a\u011faca ba\u011flayaca\u011f\u0131m. Arkandaki a\u011faca s\u0131rt\u0131n\u0131 daya, ayaklar\u0131n\u0131 birle\u015ftir, kollar\u0131n\u0131 a\u015fa\u011f\u0131 do\u011fru uzat.\u2019\u2019 Zang\u0131r zang\u0131r titreyerek yere y\u0131\u011f\u0131lan Gulav Mehmet\u2019i kucaklad\u0131. A\u011faca<span class=\"excerpt-hellip\"> [\u2026]<\/span><\/p>\n","protected":false},"featured_media":0,"template":"","meta":{"_monsterinsights_skip_tracking":false,"_monsterinsights_sitenote_active":false,"_monsterinsights_sitenote_note":"","_monsterinsights_sitenote_category":0},"product_brand":[],"product_cat":[12291,12711],"product_tag":[],"class_list":{"0":"post-732311","1":"product","2":"type-product","3":"status-publish","5":"product_cat-edebiyat","6":"product_cat-roman-oyku","7":"pa_cilt-ciltsiz","8":"pa_tur-kitap","9":"pa_yayinevi-utopya-yayinevi","10":"pa_yazar-yusuf-egritag","12":"first","13":"instock","14":"sale","15":"shipping-taxable","16":"purchasable","17":"product-type-simple"},"_links":{"self":[{"href":"https:\/\/roveyayinevi.com.tr\/index.php\/wp-json\/wp\/v2\/product\/732311","targetHints":{"allow":["GET"]}}],"collection":[{"href":"https:\/\/roveyayinevi.com.tr\/index.php\/wp-json\/wp\/v2\/product"}],"about":[{"href":"https:\/\/roveyayinevi.com.tr\/index.php\/wp-json\/wp\/v2\/types\/product"}],"wp:attachment":[{"href":"https:\/\/roveyayinevi.com.tr\/index.php\/wp-json\/wp\/v2\/media?parent=732311"}],"wp:term":[{"taxonomy":"product_brand","embeddable":true,"href":"https:\/\/roveyayinevi.com.tr\/index.php\/wp-json\/wp\/v2\/product_brand?post=732311"},{"taxonomy":"product_cat","embeddable":true,"href":"https:\/\/roveyayinevi.com.tr\/index.php\/wp-json\/wp\/v2\/product_cat?post=732311"},{"taxonomy":"product_tag","embeddable":true,"href":"https:\/\/roveyayinevi.com.tr\/index.php\/wp-json\/wp\/v2\/product_tag?post=732311"}],"curies":[{"name":"wp","href":"https:\/\/api.w.org\/{rel}","templated":true}]}}