{"id":732306,"date":"2025-08-27T21:48:03","date_gmt":"2025-08-27T18:48:03","guid":{"rendered":"https:\/\/roveyayinevi.com.tr\/index.php\/urun\/kadim-dunya-cografyasi\/"},"modified":"2026-04-16T02:40:16","modified_gmt":"2026-04-15T23:40:16","slug":"kadim-dunya-cografyasi","status":"publish","type":"product","link":"https:\/\/roveyayinevi.com.tr\/index.php\/urun\/kadim-dunya-cografyasi\/","title":{"rendered":"Kadim D\u00fcnya Co\u011frafyas\u0131"},"content":{"rendered":"<p>Bu \u00e7al\u0131\u015fmada \u0130slam d\u00fcnyas\u0131ndaki b\u00fcy\u00fck co\u011frafyac\u0131lardan \u015eerif el-\u0130dris\u00ee\u2019nin N\u00fczhet\u00fc\u2019l-M\u00fc\u015ftak adl\u0131 co\u011frafya kitab\u0131n\u0131n Akdeniz, T\u00fcrkiye, Avrupa k\u0131s\u0131mlar\u0131n\u0131n terc\u00fcmesi verilmektedir. Bu b\u00f6lgelerden bilhassa Avrupa co\u011frafyas\u0131 \u0130slam co\u011frafya kitaplar\u0131nda genellikle ihmal edilmekte veya \u00e7ok k\u0131sa yaz\u0131lmaktad\u0131r. Bu terc\u00fcmeyle biz bu eksikli\u011fi tamamlamaya \u00e7al\u0131\u015ft\u0131k. Avrupa k\u0131tas\u0131nda \u0130ngiltere, \u0130skandinavya, Rusya dahil Avrupa co\u011frafyas\u0131n\u0131n tamam\u0131na yak\u0131n\u0131 verilmektedir. Bununla beraber \u0130dris\u00ee co\u011frafyas\u0131nda baz\u0131 hatalar vard\u0131r. Bu hatalar\u0131n bir k\u0131sm\u0131na terc\u00fcme i\u015flemi yap\u0131l\u0131rken \u00e7al\u0131\u015fmada i\u015faret edilmi\u015ftir bir k\u0131sm\u0131 ise Avrupa terc\u00fcmelerinde bile tam ayd\u0131nlat\u0131lmam\u0131\u015ft\u0131r. \u00c7al\u0131\u015fma i\u00e7erisinde gerekli a\u00e7\u0131klamalarda bulunarak en yal\u0131n bi\u00e7imde okuyuculara \u0130slam co\u011frafyac\u0131lar\u0131n\u0131n eksik b\u0131rakt\u0131klar\u0131 k\u0131s\u0131mlar\u0131 tan\u0131tmaya \u00e7al\u0131\u015ft\u0131k.<\/p>\n","protected":false},"excerpt":{"rendered":"<p>Bu \u00e7al\u0131\u015fmada \u0130slam d\u00fcnyas\u0131ndaki b\u00fcy\u00fck co\u011frafyac\u0131lardan \u015eerif el-\u0130dris\u00ee\u2019nin N\u00fczhet\u00fc\u2019l-M\u00fc\u015ftak adl\u0131 co\u011frafya kitab\u0131n\u0131n Akdeniz, T\u00fcrkiye, Avrupa k\u0131s\u0131mlar\u0131n\u0131n terc\u00fcmesi verilmektedir. Bu b\u00f6lgelerden bilhassa Avrupa co\u011frafyas\u0131 \u0130slam co\u011frafya kitaplar\u0131nda<span class=\"excerpt-hellip\"> [\u2026]<\/span><\/p>\n","protected":false},"featured_media":0,"template":"","meta":{"_monsterinsights_skip_tracking":false,"_monsterinsights_sitenote_active":false,"_monsterinsights_sitenote_note":"","_monsterinsights_sitenote_category":0},"product_brand":[],"product_cat":[16789,12718,12719],"product_tag":[],"class_list":{"0":"post-732306","1":"product","2":"type-product","3":"status-publish","5":"product_cat-diger-islam","6":"product_cat-din","7":"product_cat-islam","8":"pa_cilt-ciltsiz","9":"pa_tur-kitap","10":"pa_yayinevi-yeditepe-yayinevi","11":"pa_yazar-el-idrisi","13":"first","14":"instock","15":"sale","16":"shipping-taxable","17":"purchasable","18":"product-type-simple"},"_links":{"self":[{"href":"https:\/\/roveyayinevi.com.tr\/index.php\/wp-json\/wp\/v2\/product\/732306","targetHints":{"allow":["GET"]}}],"collection":[{"href":"https:\/\/roveyayinevi.com.tr\/index.php\/wp-json\/wp\/v2\/product"}],"about":[{"href":"https:\/\/roveyayinevi.com.tr\/index.php\/wp-json\/wp\/v2\/types\/product"}],"wp:attachment":[{"href":"https:\/\/roveyayinevi.com.tr\/index.php\/wp-json\/wp\/v2\/media?parent=732306"}],"wp:term":[{"taxonomy":"product_brand","embeddable":true,"href":"https:\/\/roveyayinevi.com.tr\/index.php\/wp-json\/wp\/v2\/product_brand?post=732306"},{"taxonomy":"product_cat","embeddable":true,"href":"https:\/\/roveyayinevi.com.tr\/index.php\/wp-json\/wp\/v2\/product_cat?post=732306"},{"taxonomy":"product_tag","embeddable":true,"href":"https:\/\/roveyayinevi.com.tr\/index.php\/wp-json\/wp\/v2\/product_tag?post=732306"}],"curies":[{"name":"wp","href":"https:\/\/api.w.org\/{rel}","templated":true}]}}