{"id":732304,"date":"2025-08-27T21:48:01","date_gmt":"2025-08-27T18:48:01","guid":{"rendered":"https:\/\/roveyayinevi.com.tr\/index.php\/urun\/sultan-salahaddin-eyyubi\/"},"modified":"2026-04-16T02:40:16","modified_gmt":"2026-04-15T23:40:16","slug":"sultan-salahaddin-eyyubi","status":"publish","type":"product","link":"https:\/\/roveyayinevi.com.tr\/index.php\/urun\/sultan-salahaddin-eyyubi\/","title":{"rendered":"Sultan Salahaddin Eyyubi"},"content":{"rendered":"<p>XI. ve XIII. y\u00fczy\u0131llar aras\u0131nda Ortado\u011fu\u2019da ya\u015fanan M\u00fcsl\u00fcman-Ha\u00e7l\u0131 m\u00fccadelesi isimleri g\u00fcn\u00fcm\u00fczde dahi konu\u015fulan bir\u00e7ok kahraman\u0131n ortaya \u00e7\u0131kmas\u0131n\u0131 sa\u011flam\u0131\u015ft\u0131r. Bunlar\u0131n en \u00f6nde gelen simalar\u0131ndan biri de Sal\u00e2hadd\u00een Eyy\u00fbb\u00ee\u2019dir. Kazand\u0131\u011f\u0131 asker\u00ee ba\u015far\u0131lar\u0131n yan\u0131nda d\u00fc\u015fmanlar\u0131na bile g\u00f6sterdi\u011fi tevazu, iyi niyet ve c\u00f6mertlik kendisinin sadece Do\u011fu\u2019da de\u011fil Bat\u0131 d\u00fcnyas\u0131 taraf\u0131ndan da tan\u0131n\u0131p takdir edilmesini sa\u011flam\u0131\u015ft\u0131r. Sult\u00e2n\u2019\u0131n en yak\u0131n\u0131ndaki ki\u015filerden Bah\u00e2edd\u00een b. \u015eedd\u00e2d taraf\u0131ndan kaleme al\u0131nan en-Nev\u00e2d\u0131r es-Sult\u00e2niyye ve\u2019l-Meh\u00e2sin el-Y\u00fbsufiyye adl\u0131 eser, onun sadece siyas\u00ee-asker\u00ee ba\u015far\u0131lar\u0131n\u0131 de\u011fil; bir insan ve h\u00fck\u00fcmdar olarak ortaya koydu\u011fu fiilleri canl\u0131 bir \u015fekilde aksettirmesi a\u00e7\u0131s\u0131ndan \u00e7ok de\u011ferlidir. Ayr\u0131ca yap\u0131lan terc\u00fcmenin sonuna Sult\u00e2n Sal\u00e2hadd\u00een\u2019in nesebiyle alakal\u0131 tart\u0131\u015fmalara \u0131\u015f\u0131k tutmas\u0131 amac\u0131yla d\u00f6nemin M\u00fcsl\u00fcman, Yerli H\u0131ristiyan ve Latin kaynaklar\u0131nda ge\u00e7en bilgiler eklenmi\u015ftir. Bunlar aras\u0131nda bizzat Eyy\u00fbb\u00ee ailesinden el-Melik el-Emced\u2019in kaleme ald\u0131\u011f\u0131 konuyla ilgili bir risale de bulunmaktad\u0131r.<\/p>\n","protected":false},"excerpt":{"rendered":"<p>XI. ve XIII. y\u00fczy\u0131llar aras\u0131nda Ortado\u011fu\u2019da ya\u015fanan M\u00fcsl\u00fcman-Ha\u00e7l\u0131 m\u00fccadelesi isimleri g\u00fcn\u00fcm\u00fczde dahi konu\u015fulan bir\u00e7ok kahraman\u0131n ortaya \u00e7\u0131kmas\u0131n\u0131 sa\u011flam\u0131\u015ft\u0131r. Bunlar\u0131n en \u00f6nde gelen simalar\u0131ndan biri de Sal\u00e2hadd\u00een<span class=\"excerpt-hellip\"> [\u2026]<\/span><\/p>\n","protected":false},"featured_media":0,"template":"","meta":{"_monsterinsights_skip_tracking":false,"_monsterinsights_sitenote_active":false,"_monsterinsights_sitenote_note":"","_monsterinsights_sitenote_category":0},"product_brand":[],"product_cat":[13946,12304],"product_tag":[],"class_list":{"0":"post-732304","1":"product","2":"type-product","3":"status-publish","5":"product_cat-biyografi-otobiyografi","6":"product_cat-tarih","7":"pa_cilt-ciltsiz","8":"pa_tur-kitap","9":"pa_yayinevi-yeditepe-yayinevi","10":"pa_yazar-ibn-seddad","12":"first","13":"instock","14":"sale","15":"shipping-taxable","16":"purchasable","17":"product-type-simple"},"_links":{"self":[{"href":"https:\/\/roveyayinevi.com.tr\/index.php\/wp-json\/wp\/v2\/product\/732304","targetHints":{"allow":["GET"]}}],"collection":[{"href":"https:\/\/roveyayinevi.com.tr\/index.php\/wp-json\/wp\/v2\/product"}],"about":[{"href":"https:\/\/roveyayinevi.com.tr\/index.php\/wp-json\/wp\/v2\/types\/product"}],"wp:attachment":[{"href":"https:\/\/roveyayinevi.com.tr\/index.php\/wp-json\/wp\/v2\/media?parent=732304"}],"wp:term":[{"taxonomy":"product_brand","embeddable":true,"href":"https:\/\/roveyayinevi.com.tr\/index.php\/wp-json\/wp\/v2\/product_brand?post=732304"},{"taxonomy":"product_cat","embeddable":true,"href":"https:\/\/roveyayinevi.com.tr\/index.php\/wp-json\/wp\/v2\/product_cat?post=732304"},{"taxonomy":"product_tag","embeddable":true,"href":"https:\/\/roveyayinevi.com.tr\/index.php\/wp-json\/wp\/v2\/product_tag?post=732304"}],"curies":[{"name":"wp","href":"https:\/\/api.w.org\/{rel}","templated":true}]}}

<p>XI. ve XIII. yüzyıllar arasında Ortadoğu’da yaşanan Müslüman-Haçlı mücadelesi isimleri günümüzde dahi konuşulan birçok kahramanın ortaya çıkmasını sağlamıştır. Bunların en önde gelen simalarından biri de Salâhaddîn Eyyûbî’dir. Kazandığı askerî başarıların yanında düşmanlarına bile gösterdiği tevazu, iyi niyet ve cömertlik kendisinin sadece Doğu’da değil Batı dünyası tarafından da tanınıp takdir edilmesini sağlamıştır. Sultân’ın en yakınındaki kişilerden Bahâeddîn b. Şeddâd tarafından kaleme alınan en-Nevâdır es-Sultâniyye ve’l-Mehâsin el-Yûsufiyye adlı eser, onun sadece siyasî-askerî başarılarını değil; bir insan ve hükümdar olarak ortaya koyduğu fiilleri canlı bir şekilde aksettirmesi açısından çok değerlidir. Ayrıca yapılan tercümenin sonuna Sultân Salâhaddîn’in nesebiyle alakalı tartışmalara ışık tutması amacıyla dönemin Müslüman, Yerli Hıristiyan ve Latin kaynaklarında geçen bilgiler eklenmiştir. Bunlar arasında bizzat Eyyûbî ailesinden el-Melik el-Emced’in kaleme aldığı konuyla ilgili bir risale de bulunmaktadır.</p>

<p>XI. ve XIII. yüzyıllar arasında Ortadoğu’da yaşanan Müslüman-Haçlı mücadelesi isimleri günümüzde dahi konuşulan birçok kahramanın ortaya çıkmasını sağlamıştır. Bunların en önde gelen simalarından biri de Salâhaddîn<span class="excerpt-hellip"> […]</span></p>
