{"id":732295,"date":"2025-08-27T21:47:53","date_gmt":"2025-08-27T18:47:53","guid":{"rendered":"https:\/\/roveyayinevi.com.tr\/index.php\/urun\/leylanin-evi\/"},"modified":"2026-04-16T02:40:16","modified_gmt":"2026-04-15T23:40:16","slug":"leylanin-evi","status":"publish","type":"product","link":"https:\/\/roveyayinevi.com.tr\/index.php\/urun\/leylanin-evi\/","title":{"rendered":"Leyla\u2019n\u0131n Evi"},"content":{"rendered":"<p>Leyla\u2019n\u0131n Evi, insanl\u0131\u011f\u0131n en y\u0131k\u0131c\u0131 sorunu g\u00f6\u00e7 ve en temel ihtiyac\u0131 bar\u0131nma konular\u0131n\u0131 merce\u011fe alan bir \u0130stanbul roman\u0131. Edebiyat\u0131n g\u00fc\u00e7l\u00fc kalemi Z\u00fclf\u00fc Livaneli\u2019nin g\u00f6zlem yetene\u011fi ve edebi g\u00fcc\u00fcyle harmanlanan elinizdeki eser Leyla, Roxy, Yusuf ve Ali Yekta Bey\u2019in hayatlar\u0131n\u0131n birbirine kar\u0131\u015fma hik\u00e2yesini anlat\u0131yor. Usta edebiyat\u00e7\u0131 bu kez \u201cm\u00fclk trajedisine\u201d odaklan\u0131yor. Hayat\u0131n ola\u011fan ak\u0131\u015f\u0131nda bir araya gelmesi m\u00fcmk\u00fcn olmayan karakterler \u00fczerinden a\u015fktan paraya, modernizmden gelene\u011fe, bir\u00e7ok konu tart\u0131\u015fmaya a\u00e7\u0131l\u0131yor. Bir yanda yal\u0131larda b\u00fcy\u00fcyen ve varl\u0131\u011f\u0131n\u0131 \u201cunutmamak\u201d \u00fczerine in\u015fa eden Leyla Han\u0131m, di\u011fer yanda \u201can\u0131n\u201d h\u0131rslar\u0131 ile \u00e7evrelenmi\u015f insanlar\u2026 Bir yanda hayattaki t\u00fcm prangalar\u0131na, hatta ailesine ve ad\u0131na dahi meydan okuyan Roxy, di\u011fer yanda ge\u00e7mi\u015fi s\u0131r olarak kalmaya mahk\u00fbm edilenler\u2026 Z\u00fclf\u00fc Livaneli\u2019nin edebiyat\u0131m\u0131zda \u00f6zel bir yer edinen roman\u0131 Leyla\u2019n\u0131n Evi, tarihi motifleri i\u00e7eren zengin arka plan\u0131yla \u0130stanbul\u2019un de\u011fi\u015fen \u00e7ehresini merkeze al\u0131rken, okurlar\u0131 ge\u00e7mi\u015f ve bug\u00fcn aras\u0131nda sorularla dolu bir yolculu\u011fa \u00e7\u0131kar\u0131yor. Peki, bu yolculuk bir ku\u015fak \u00e7at\u0131\u015fmas\u0131 m\u0131 yaratacak, yoksa ku\u015faklar aras\u0131 bir k\u00f6pr\u00fc m\u00fc kuracak? Leyla\u2019n\u0131n Evi, iktidar ve g\u00fc\u00e7 sahibi olman\u0131n tehlikesine kar\u015f\u0131 her sat\u0131r\u0131nda m\u00fccadele ve umudun \u015fark\u0131s\u0131n\u0131 m\u0131r\u0131ldanan bir Livaneli anlat\u0131s\u0131.<\/p>\n","protected":false},"excerpt":{"rendered":"<p>Leyla\u2019n\u0131n Evi, insanl\u0131\u011f\u0131n en y\u0131k\u0131c\u0131 sorunu g\u00f6\u00e7 ve en temel ihtiyac\u0131 bar\u0131nma konular\u0131n\u0131 merce\u011fe alan bir \u0130stanbul roman\u0131. Edebiyat\u0131n g\u00fc\u00e7l\u00fc kalemi Z\u00fclf\u00fc Livaneli\u2019nin g\u00f6zlem yetene\u011fi ve<span class=\"excerpt-hellip\"> [\u2026]<\/span><\/p>\n","protected":false},"featured_media":0,"template":"","meta":{"_monsterinsights_skip_tracking":false,"_monsterinsights_sitenote_active":false,"_monsterinsights_sitenote_note":"","_monsterinsights_sitenote_category":0},"product_brand":[],"product_cat":[12291,12711],"product_tag":[],"class_list":{"0":"post-732295","1":"product","2":"type-product","3":"status-publish","5":"product_cat-edebiyat","6":"product_cat-roman-oyku","7":"pa_cilt-ciltsiz","8":"pa_tur-kitap","9":"pa_yayinevi-inkilap-kitabevi","10":"pa_yazar-zulfu-livaneli","12":"first","13":"instock","14":"sale","15":"shipping-taxable","16":"purchasable","17":"product-type-simple"},"_links":{"self":[{"href":"https:\/\/roveyayinevi.com.tr\/index.php\/wp-json\/wp\/v2\/product\/732295","targetHints":{"allow":["GET"]}}],"collection":[{"href":"https:\/\/roveyayinevi.com.tr\/index.php\/wp-json\/wp\/v2\/product"}],"about":[{"href":"https:\/\/roveyayinevi.com.tr\/index.php\/wp-json\/wp\/v2\/types\/product"}],"wp:attachment":[{"href":"https:\/\/roveyayinevi.com.tr\/index.php\/wp-json\/wp\/v2\/media?parent=732295"}],"wp:term":[{"taxonomy":"product_brand","embeddable":true,"href":"https:\/\/roveyayinevi.com.tr\/index.php\/wp-json\/wp\/v2\/product_brand?post=732295"},{"taxonomy":"product_cat","embeddable":true,"href":"https:\/\/roveyayinevi.com.tr\/index.php\/wp-json\/wp\/v2\/product_cat?post=732295"},{"taxonomy":"product_tag","embeddable":true,"href":"https:\/\/roveyayinevi.com.tr\/index.php\/wp-json\/wp\/v2\/product_tag?post=732295"}],"curies":[{"name":"wp","href":"https:\/\/api.w.org\/{rel}","templated":true}]}}