{"id":732293,"date":"2025-08-27T21:47:51","date_gmt":"2025-08-27T18:47:51","guid":{"rendered":"https:\/\/roveyayinevi.com.tr\/index.php\/urun\/ordek-ile-kaz-renkler\/"},"modified":"2026-04-16T02:40:16","modified_gmt":"2026-04-15T23:40:16","slug":"ordek-ile-kaz-renkler","status":"publish","type":"product","link":"https:\/\/roveyayinevi.com.tr\/index.php\/urun\/ordek-ile-kaz-renkler\/","title":{"rendered":"\u00d6rdek ile Kaz Renkler"},"content":{"rendered":"<p>\u00d6rde\u011fin rengi sar\u0131, t\u0131rt\u0131l\u0131n ye\u015fil, g\u00f6ky\u00fcz\u00fcn\u00fcn mavi&#8230; Peki ya kelebe\u011fin rengi? \u00d6rdek ve Kazla renkleri \u00f6\u011frenmek \u00e7ok e\u011flenceli! <\/p>\n","protected":false},"excerpt":{"rendered":"<p>\u00d6rde\u011fin rengi sar\u0131, t\u0131rt\u0131l\u0131n ye\u015fil, g\u00f6ky\u00fcz\u00fcn\u00fcn mavi&#8230; Peki ya kelebe\u011fin rengi? \u00d6rdek ve Kazla renkleri \u00f6\u011frenmek \u00e7ok e\u011flenceli!<\/p>\n","protected":false},"featured_media":0,"template":"","meta":{"_monsterinsights_skip_tracking":false,"_monsterinsights_sitenote_active":false,"_monsterinsights_sitenote_note":"","_monsterinsights_sitenote_category":0},"product_brand":[],"product_cat":[15192,12274],"product_tag":[],"class_list":{"0":"post-732293","1":"product","2":"type-product","3":"status-publish","5":"product_cat-1-3-yas-kitaplari","6":"product_cat-cocuk-ve-genclik-kitaplari","7":"pa_cilt-ciltsiz","8":"pa_tur-kitap","9":"pa_yayinevi-beyaz-balina-yayinlari","10":"pa_yazar-tad-hills","12":"first","13":"instock","14":"sale","15":"shipping-taxable","16":"purchasable","17":"product-type-simple"},"_links":{"self":[{"href":"https:\/\/roveyayinevi.com.tr\/index.php\/wp-json\/wp\/v2\/product\/732293","targetHints":{"allow":["GET"]}}],"collection":[{"href":"https:\/\/roveyayinevi.com.tr\/index.php\/wp-json\/wp\/v2\/product"}],"about":[{"href":"https:\/\/roveyayinevi.com.tr\/index.php\/wp-json\/wp\/v2\/types\/product"}],"wp:attachment":[{"href":"https:\/\/roveyayinevi.com.tr\/index.php\/wp-json\/wp\/v2\/media?parent=732293"}],"wp:term":[{"taxonomy":"product_brand","embeddable":true,"href":"https:\/\/roveyayinevi.com.tr\/index.php\/wp-json\/wp\/v2\/product_brand?post=732293"},{"taxonomy":"product_cat","embeddable":true,"href":"https:\/\/roveyayinevi.com.tr\/index.php\/wp-json\/wp\/v2\/product_cat?post=732293"},{"taxonomy":"product_tag","embeddable":true,"href":"https:\/\/roveyayinevi.com.tr\/index.php\/wp-json\/wp\/v2\/product_tag?post=732293"}],"curies":[{"name":"wp","href":"https:\/\/api.w.org\/{rel}","templated":true}]}}