{"id":732292,"date":"2025-08-27T21:47:50","date_gmt":"2025-08-27T18:47:50","guid":{"rendered":"https:\/\/roveyayinevi.com.tr\/index.php\/urun\/novasen\/"},"modified":"2026-04-16T02:40:16","modified_gmt":"2026-04-15T23:40:16","slug":"novasen","status":"publish","type":"product","link":"https:\/\/roveyayinevi.com.tr\/index.php\/urun\/novasen\/","title":{"rendered":"Novasen"},"content":{"rendered":"<p>Bilim alan\u0131nda zaman\u0131m\u0131z\u0131n en b\u00fcy\u00fck d\u00fc\u015f\u00fcn\u00fcr\u00fc. Sunday Times   Hiperzek\u00e2y\u0131 anlamak istiyorsan\u0131z, Novasen iyi bir ba\u015flang\u0131\u00e7. Tim Radford, Nature   Novasen, kabilemizin bir b\u00fcy\u00fc\u011f\u00fcn\u00fcn, okumak i\u00e7in gereken k\u0131sa s\u00fcreye fazlas\u0131yla de\u011fen birikmi\u015f bilgeli\u011finin bir \u00fcr\u00fcn\u00fc. Stephen Cave, Financial Times   Gaia teorisiyle ya\u015famlar\u0131m\u0131z\u0131 ve gezegenimizi anlama bi\u00e7imimizi sonsuza dek de\u011fi\u015ftiren, \u00e7a\u011f\u0131m\u0131z\u0131n \u00f6nemli \u00e7evreci d\u00fc\u015f\u00fcn\u00fcrlerinden Lovelock, D\u00fcnya\u2019da ya\u015fam\u0131n gelece\u011fi hakk\u0131nda muazzam bir yeni teori at\u0131yor ortaya. Lovelock, \u00fc\u00e7 y\u00fcz y\u0131l\u0131n sonunda Antropesen\u2019in bitti\u011fini ve Novasen ad\u0131n\u0131 verdi\u011fi yeni bir \u00e7a\u011f\u0131n ba\u015flamak \u00fczere oldu\u011funu iddia ediyor. Bu yeni \u00e7a\u011fda, \u015fu anki yapay zek\u00e2 sistemlerinden yeni bir elektronik ya\u015fam bi\u00e7imi ortaya \u00e7\u0131kacak: bizden on bin kat daha h\u0131zl\u0131 d\u00fc\u015f\u00fcnen, kendi kendisini iyiles\u0327tirme ve kopyalama becerisine sahip siborglar. Lovelock\u2019a g\u00f6re bu hiperzeki varl\u0131klar, k\u0131yamet senaryolar\u0131n\u0131n aksine, gezegenimize en az bizim kadar ba\u011fl\u0131 olacak ve D\u00fcnya\u2019y\u0131 so\u011futma, Gaia\u2019daki organik ya\u015fam\u0131 koruma projesinde bizimle birlikte \u00e7al\u0131\u015facak. Bu yeni \u00e7a\u011fla evrende d\u00fc\u015f\u00fcnen tek varl\u0131k, kozmosu anlayan tek varl\u0131k olma stat\u00fcm\u00fcz\u00fc kaybedece\u011fiz. Belki de Novasen, zek\u00e2n\u0131n t\u00fcm evreni kaplayacak bir \u015fey haline geli\u015finin ba\u015flang\u0131c\u0131 olacak, yani kozmosun enformasyona d\u00f6n\u00fc\u015fmesinin.   \u201cAntroposen\u2019in bas\u0327lamas\u0131ndan k\u0131sa su\u0308re sonra h\u0131zlanman\u0131n gu\u0308cu\u0308yle kendisinden gec\u0327en yar\u0131s\u0327c\u0327\u0131 c\u0327ocuklara do\u0308ndu\u0308k. \u00dc\u00e7 y\u00fcz y\u0131ld\u0131r h\u0131z pedal\u0131na bas\u0131yoruz, s\u0327imdi de insan yap\u0131m\u0131 elektronik, mekanik ve biyolojik s\u0327eylerin Du\u0308nya sistemini kendi bas\u0327lar\u0131na yo\u0308netebileceg\u0306i c\u0327ag\u0306a yaklas\u0327\u0131yoruz.\u201d <\/p>\n","protected":false},"excerpt":{"rendered":"<p>Bilim alan\u0131nda zaman\u0131m\u0131z\u0131n en b\u00fcy\u00fck d\u00fc\u015f\u00fcn\u00fcr\u00fc. Sunday Times Hiperzek\u00e2y\u0131 anlamak istiyorsan\u0131z, Novasen iyi bir ba\u015flang\u0131\u00e7. Tim Radford, Nature Novasen, kabilemizin bir b\u00fcy\u00fc\u011f\u00fcn\u00fcn, okumak i\u00e7in gereken k\u0131sa<span class=\"excerpt-hellip\"> [\u2026]<\/span><\/p>\n","protected":false},"featured_media":0,"template":"","meta":{"_monsterinsights_skip_tracking":false,"_monsterinsights_sitenote_active":false,"_monsterinsights_sitenote_note":"","_monsterinsights_sitenote_category":0},"product_brand":[],"product_cat":[13005,40995],"product_tag":[],"class_list":{"0":"post-732292","1":"product","2":"type-product","3":"status-publish","5":"product_cat-bilim-muhendislik","6":"product_cat-sosyal-bilimler","7":"pa_cilt-ciltsiz","8":"pa_tur-kitap","9":"pa_yayinevi-kolektif-kitap","10":"pa_yazar-james-lovelock","12":"first","13":"instock","14":"sale","15":"shipping-taxable","16":"purchasable","17":"product-type-simple"},"_links":{"self":[{"href":"https:\/\/roveyayinevi.com.tr\/index.php\/wp-json\/wp\/v2\/product\/732292","targetHints":{"allow":["GET"]}}],"collection":[{"href":"https:\/\/roveyayinevi.com.tr\/index.php\/wp-json\/wp\/v2\/product"}],"about":[{"href":"https:\/\/roveyayinevi.com.tr\/index.php\/wp-json\/wp\/v2\/types\/product"}],"wp:attachment":[{"href":"https:\/\/roveyayinevi.com.tr\/index.php\/wp-json\/wp\/v2\/media?parent=732292"}],"wp:term":[{"taxonomy":"product_brand","embeddable":true,"href":"https:\/\/roveyayinevi.com.tr\/index.php\/wp-json\/wp\/v2\/product_brand?post=732292"},{"taxonomy":"product_cat","embeddable":true,"href":"https:\/\/roveyayinevi.com.tr\/index.php\/wp-json\/wp\/v2\/product_cat?post=732292"},{"taxonomy":"product_tag","embeddable":true,"href":"https:\/\/roveyayinevi.com.tr\/index.php\/wp-json\/wp\/v2\/product_tag?post=732292"}],"curies":[{"name":"wp","href":"https:\/\/api.w.org\/{rel}","templated":true}]}}