{"id":732290,"date":"2025-08-27T21:47:49","date_gmt":"2025-08-27T18:47:49","guid":{"rendered":"https:\/\/roveyayinevi.com.tr\/index.php\/urun\/allah-rizasi-a-s\/"},"modified":"2026-04-16T02:40:16","modified_gmt":"2026-04-15T23:40:16","slug":"allah-rizasi-a-s","status":"publish","type":"product","link":"https:\/\/roveyayinevi.com.tr\/index.php\/urun\/allah-rizasi-a-s\/","title":{"rendered":"Allah R\u0131zas\u0131 A.\u015f"},"content":{"rendered":"<p>\u0130nsan yarad\u0131l\u0131\u015f\u0131 sebebi ile inanmaya ihtiya\u00e7 duyuyor. Din adamlar\u0131ndan yard\u0131m ve destek bekliyor. Pek \u00e7ok din adam\u0131 insanlara yard\u0131mc\u0131 oluyor. Baz\u0131lar\u0131 ise din adam\u0131 kisvesi alt\u0131nda \u015fahsi kazan\u00e7lar\u0131 i\u00e7in do\u011fru ibadet etme ihtiyac\u0131n\u0131 s\u00f6m\u00fcr\u00fcyor. A.B.D Savunma Bakan\u0131    William  Cole  28 Nisan 1997 de George \u00dcniversitesinde  d\u00fczenlenen  konferansta: &#8220;Tarikatlar baz\u0131 \u00fclkelerin vurucu g\u00fcc\u00fcd\u00fcr,&#8221; demi\u015fti. Bu vurucu g\u00fcc\u00fc daha etkin hale getirmek ve  tahribat\u0131 art\u0131rmak  i\u00e7in \u0130slam d\u00fcnyas\u0131nda  bilinen  80 (seksen) bin  cemaat  ve tarikat  say\u0131s\u0131n\u0131  2027  y\u0131l\u0131na kadar 150 (y\u00fcz eli) bine  \u00e7\u0131karmay\u0131  hedeflediklerini dillendiriyordu&#8230;                                                         S\u00f6z konusu art\u0131\u015f ancak korsan \u015feyhlere korsan tarikat kurdurmakla m\u00fcmk\u00fcn olabilir. Elinizdeki kitap korsan tarikat ve korsan \u015feyhin insanda yapt\u0131\u011f\u0131 tahribat\u0131 anlatmaktad\u0131r.   <\/p>\n","protected":false},"excerpt":{"rendered":"<p>\u0130nsan yarad\u0131l\u0131\u015f\u0131 sebebi ile inanmaya ihtiya\u00e7 duyuyor. Din adamlar\u0131ndan yard\u0131m ve destek bekliyor. Pek \u00e7ok din adam\u0131 insanlara yard\u0131mc\u0131 oluyor. Baz\u0131lar\u0131 ise din adam\u0131 kisvesi alt\u0131nda<span class=\"excerpt-hellip\"> [\u2026]<\/span><\/p>\n","protected":false},"featured_media":0,"template":"","meta":{"_monsterinsights_skip_tracking":false,"_monsterinsights_sitenote_active":false,"_monsterinsights_sitenote_note":"","_monsterinsights_sitenote_category":0},"product_brand":[],"product_cat":[12718,12719],"product_tag":[],"class_list":{"0":"post-732290","1":"product","2":"type-product","3":"status-publish","5":"product_cat-din","6":"product_cat-islam","7":"pa_cilt-ciltsiz","8":"pa_tur-kitap","9":"pa_yayinevi-hitabevi-yayinlari","10":"pa_yazar-hasan-songur","12":"first","13":"instock","14":"sale","15":"shipping-taxable","16":"purchasable","17":"product-type-simple"},"_links":{"self":[{"href":"https:\/\/roveyayinevi.com.tr\/index.php\/wp-json\/wp\/v2\/product\/732290","targetHints":{"allow":["GET"]}}],"collection":[{"href":"https:\/\/roveyayinevi.com.tr\/index.php\/wp-json\/wp\/v2\/product"}],"about":[{"href":"https:\/\/roveyayinevi.com.tr\/index.php\/wp-json\/wp\/v2\/types\/product"}],"wp:attachment":[{"href":"https:\/\/roveyayinevi.com.tr\/index.php\/wp-json\/wp\/v2\/media?parent=732290"}],"wp:term":[{"taxonomy":"product_brand","embeddable":true,"href":"https:\/\/roveyayinevi.com.tr\/index.php\/wp-json\/wp\/v2\/product_brand?post=732290"},{"taxonomy":"product_cat","embeddable":true,"href":"https:\/\/roveyayinevi.com.tr\/index.php\/wp-json\/wp\/v2\/product_cat?post=732290"},{"taxonomy":"product_tag","embeddable":true,"href":"https:\/\/roveyayinevi.com.tr\/index.php\/wp-json\/wp\/v2\/product_tag?post=732290"}],"curies":[{"name":"wp","href":"https:\/\/api.w.org\/{rel}","templated":true}]}}