{"id":732280,"date":"2025-08-27T21:47:39","date_gmt":"2025-08-27T18:47:39","guid":{"rendered":"https:\/\/roveyayinevi.com.tr\/index.php\/urun\/canli-devre\/"},"modified":"2026-04-16T02:40:16","modified_gmt":"2026-04-15T23:40:16","slug":"canli-devre","status":"publish","type":"product","link":"https:\/\/roveyayinevi.com.tr\/index.php\/urun\/canli-devre\/","title":{"rendered":"Canl\u0131 Devre"},"content":{"rendered":"<p>Madde yoksunlu\u011fu ile k\u0131r\u0131k bir kalbin ortak y\u00f6n\u00fc ne? An\u0131lar\u0131n d\u00fc\u015fman\u0131 neden zaman de\u011fil de ba\u015fka an\u0131lar? Kolsuz bir insan nas\u0131l d\u00fcnyan\u0131n en iyi ok\u00e7usu olabiliyor? Geceleri neden r\u00fcya g\u00f6r\u00fcr\u00fcz ve bunun gezegenimizin d\u00f6n\u00fc\u015f\u00fcyle ne ilgisi var? K\u00f6r bir insan diliyle g\u00f6rmeyi, sa\u011f\u0131r bir insan derisiyle i\u015fitmeyi nas\u0131l \u00f6\u011frenebilir? Bu sorular\u0131n yan\u0131t\u0131 g\u00f6zlerimizin hemen arkas\u0131nda duruyor. Ya\u015fad\u0131\u011f\u0131m\u0131z gezegende ke\u015ffedegeldi\u011fimiz en ileri teknoloji, kafatas\u0131n\u0131n karanl\u0131k haznesinde ta\u015f\u0131y\u0131p durdu\u011fumuz \u015fu bir bu\u00e7uk kiloluk organda sakl\u0131. Nas\u0131l ki hayat\u0131n heyecan\u0131 kim oldu\u011fumuzla de\u011fil, kime d\u00f6n\u00fc\u015fme s\u00fcrecinde oldu\u011fumuzla ilgili, beynin sihri de onu olu\u015fturan par\u00e7alardan \u00e7ok, par\u00e7alar\u0131n dinamik ve canl\u0131 bir doku olu\u015fturmak \u00fczere kendilerini durmaks\u0131z\u0131n yeniden dokumalar\u0131nda yat\u0131yor. Beynimiz, t\u0131pk\u0131 d\u00fcnyam\u0131z gibi, de\u011fi\u015fken ve ak\u0131\u015fkan bir sistem. Ku\u015fa\u011f\u0131n\u0131n en iyi bilim anlat\u0131c\u0131lar\u0131ndan David Eagleman Canl\u0131 Devre\u2019de, en yeni bilimsel ara\u015ft\u0131rmalar ve ilgin\u00e7 vakalar e\u015fli\u011finde, \u015fu sat\u0131rlar\u0131 okumakla bile ebediyen de\u011fi\u015fecek beynimizin i\u00e7y\u00fcz\u00fcyle tan\u0131\u015ft\u0131r\u0131yor bizleri.   \u201cG\u00f6z al\u0131c\u0131&#8230; Isaac Asimov\u2019dan bu yana, fikirlerini b\u00f6ylesine \u00e7okboyutlu ele alan bir bilim insan\u0131yla kar\u015f\u0131la\u015fmam\u0131\u015ft\u0131k. Oliver Sacks ve William Gibson, Carl Sagan\u2019\u0131n verandas\u0131nda bir araya gelip yazsalar b\u00f6yle olurdu dedirten bir kitap.\u201d Wall Street Journal   \u201cEagleman, beynin uyum yetene\u011fine dair gizemi fazlas\u0131yla ikna edici ve fazlas\u0131yla s\u00fcr\u00fckleyici bir \u015fekilde sunuyor.\u201d Khaled Hosseini <\/p>\n","protected":false},"excerpt":{"rendered":"<p>Madde yoksunlu\u011fu ile k\u0131r\u0131k bir kalbin ortak y\u00f6n\u00fc ne? An\u0131lar\u0131n d\u00fc\u015fman\u0131 neden zaman de\u011fil de ba\u015fka an\u0131lar? Kolsuz bir insan nas\u0131l d\u00fcnyan\u0131n en iyi ok\u00e7usu olabiliyor?<span class=\"excerpt-hellip\"> [\u2026]<\/span><\/p>\n","protected":false},"featured_media":0,"template":"","meta":{"_monsterinsights_skip_tracking":false,"_monsterinsights_sitenote_active":false,"_monsterinsights_sitenote_note":"","_monsterinsights_sitenote_category":0},"product_brand":[],"product_cat":[13005,13006],"product_tag":[],"class_list":{"0":"post-732280","1":"product","2":"type-product","3":"status-publish","5":"product_cat-bilim-muhendislik","6":"product_cat-populer-bilim","7":"pa_cilt-ciltsiz","8":"pa_tur-kitap","9":"pa_yayinevi-domingo-yayinevi","10":"pa_yazar-david-eagleman","12":"first","13":"instock","14":"sale","15":"shipping-taxable","16":"purchasable","17":"product-type-simple"},"_links":{"self":[{"href":"https:\/\/roveyayinevi.com.tr\/index.php\/wp-json\/wp\/v2\/product\/732280","targetHints":{"allow":["GET"]}}],"collection":[{"href":"https:\/\/roveyayinevi.com.tr\/index.php\/wp-json\/wp\/v2\/product"}],"about":[{"href":"https:\/\/roveyayinevi.com.tr\/index.php\/wp-json\/wp\/v2\/types\/product"}],"wp:attachment":[{"href":"https:\/\/roveyayinevi.com.tr\/index.php\/wp-json\/wp\/v2\/media?parent=732280"}],"wp:term":[{"taxonomy":"product_brand","embeddable":true,"href":"https:\/\/roveyayinevi.com.tr\/index.php\/wp-json\/wp\/v2\/product_brand?post=732280"},{"taxonomy":"product_cat","embeddable":true,"href":"https:\/\/roveyayinevi.com.tr\/index.php\/wp-json\/wp\/v2\/product_cat?post=732280"},{"taxonomy":"product_tag","embeddable":true,"href":"https:\/\/roveyayinevi.com.tr\/index.php\/wp-json\/wp\/v2\/product_tag?post=732280"}],"curies":[{"name":"wp","href":"https:\/\/api.w.org\/{rel}","templated":true}]}}