{"id":732279,"date":"2025-08-27T21:47:39","date_gmt":"2025-08-27T18:47:39","guid":{"rendered":"https:\/\/roveyayinevi.com.tr\/index.php\/urun\/kendini-sevdiginde-agirliklarindan-kurtulacaksin\/"},"modified":"2026-04-16T02:40:16","modified_gmt":"2026-04-15T23:40:16","slug":"kendini-sevdiginde-agirliklarindan-kurtulacaksin","status":"publish","type":"product","link":"https:\/\/roveyayinevi.com.tr\/index.php\/urun\/kendini-sevdiginde-agirliklarindan-kurtulacaksin\/","title":{"rendered":"Kendini Sevdi\u011finde A\u011f\u0131rl\u0131klar\u0131ndan Kurtulacaks\u0131n"},"content":{"rendered":"<p>\u201cKendini Sevdi\u011finde A\u011f\u0131rl\u0131klar\u0131ndan Kurtulacaks\u0131n, kalb\u00ee bir diyet kitab\u0131.\u201d -Cem Mumcu Bildi\u011finiz t\u00fcm diyet kitaplar\u0131n\u0131 unutun ve bamba\u015fka bir deneyime haz\u0131r olun: Kendi diyet ser\u00fcveninin ard\u0131ndan herkese yard\u0131mc\u0131 olmak amac\u0131yla yola \u00e7\u0131kan Diyetisyen Mehtap Yakut, dan\u0131\u015fanlar\u0131n\u0131n zay\u0131flama hikayeleriyle hem kendinize farkl\u0131 bir a\u00e7\u0131dan bakman\u0131z\u0131 sa\u011flayacak hem de ya\u015fad\u0131\u011f\u0131m\u0131z toplumun \u015fi\u015fman insanlara bak\u0131\u015f\u0131n\u0131 g\u00f6zlerinizin \u00f6n\u00fcne serecek.   Bir akrabas\u0131 taraf\u0131ndan y\u0131llarca cinsel istismara u\u011frad\u0131\u011f\u0131 i\u00e7in v\u00fccudunu gizlemek isteyen ve \u00e7areyi kilo almakta bulan Deniz size tan\u0131d\u0131k geldi mi? Fazla kilolar\u0131 y\u00fcz\u00fcnden insanlar\u0131n hedefi olaca\u011f\u0131n\u0131 d\u00fc\u015f\u00fcn\u00fcp kendini eve hapseden ve asla birinin ona a\u015f\u0131k olmayaca\u011f\u0131n\u0131 d\u00fc\u015f\u00fcnen yaln\u0131z ve mutsuz Mehmet Ali\u2019yi tan\u0131d\u0131n\u0131z m\u0131? Seks ba\u011f\u0131ml\u0131s\u0131 e\u015finin a\u015fa\u011f\u0131lamalar\u0131na maruz kal\u0131p defalarca kez ihanete u\u011frayan, ac\u0131lar\u0131n\u0131 unutmak i\u00e7in kendini yemek yemeye veren \u015e\u00fckran\u2019\u0131 biliyor musunuz? Hamilelik s\u0131ras\u0131nda ald\u0131\u011f\u0131 kilolar y\u00fcz\u00fcnden evlili\u011fi boyunca zorbal\u0131\u011fa u\u011frayan ve \u2018\u00e7irkinli\u011fi\u2019 y\u00fcz\u00fcne vurulan Yasemin\u2019i hat\u0131rlad\u0131n\u0131z m\u0131? E\u015finin hakaretleri y\u00fcz\u00fcnden h\u0131rslan\u0131p ondan intikam alabilmek i\u00e7in kilo vermek isteyen Mahmut\u2019u hi\u00e7 duydunuz mu? Peki ya hastal\u0131k nedeniyle \u015fi\u015fen v\u00fccudu y\u00fcz\u00fcnden hayal etti\u011fi topuklu ayakkab\u0131lar\u0131 bile giyemeyen Gamze\u2019yi \u00e7\u0131karabildiniz mi? \u0130\u015f kazas\u0131nda baca\u011f\u0131n\u0131 kaybeden ve mutsuzlu\u011funu yemek tabaklar\u0131na g\u00f6md\u00fc\u011f\u00fc i\u00e7in ihtiyac\u0131 olan protez baca\u011fa kavu\u015famayan Ay\u015fe\u2019yi ya da hamilelikte ald\u0131\u011f\u0131 kilolar bahane edilip kad\u0131nl\u0131\u011f\u0131 yaln\u0131zca d\u0131\u015f g\u00f6r\u00fcn\u00fc\u015f\u00fcnden ibaretmi\u015f gibi yans\u0131t\u0131lan Mehtap&#8217;\u0131 biliyor musunuz?    Evet, gayet iyi biliyorsunuz. Herhangi bir zaman diliminde ya yollar\u0131n\u0131z onlarla kesi\u015fti ya da bu isimlerden biri bizzat sizsiniz. Ve emin olun, bu yolda yaln\u0131z de\u011filsiniz.   Dan\u0131\u015fanlar\u0131yla birlikte girdi\u011fi zay\u0131flama yolculu\u011funa diyetisyen kimli\u011finin yan\u0131 s\u0131ra hamilelik d\u00f6neminde ald\u0131\u011f\u0131 fazla kilolar\u0131 vermek i\u00e7in \u00e7abalayan bir kad\u0131n ve anne kimli\u011fiyle de dahil olan Mehtap Yakut\u2019un ger\u00e7ek hayat hikayelerine dayanan bu s\u00fcr\u00fckleyici kitab\u0131n\u0131 soluksuz okuyacaks\u0131n\u0131z. \u0130\u00e7erisindeki diyet ve detoks listeleriyle kimbilir belki siz de bamba\u015fka bir yolculu\u011fa ad\u0131m atacaks\u0131n\u0131z. <\/p>\n","protected":false},"excerpt":{"rendered":"<p>\u201cKendini Sevdi\u011finde A\u011f\u0131rl\u0131klar\u0131ndan Kurtulacaks\u0131n, kalb\u00ee bir diyet kitab\u0131.\u201d -Cem Mumcu Bildi\u011finiz t\u00fcm diyet kitaplar\u0131n\u0131 unutun ve bamba\u015fka bir deneyime haz\u0131r olun: Kendi diyet ser\u00fcveninin ard\u0131ndan herkese<span class=\"excerpt-hellip\"> [\u2026]<\/span><\/p>\n","protected":false},"featured_media":0,"template":"","meta":{"_monsterinsights_skip_tracking":false,"_monsterinsights_sitenote_active":false,"_monsterinsights_sitenote_note":"","_monsterinsights_sitenote_category":0},"product_brand":[],"product_cat":[13402,13365],"product_tag":[],"class_list":{"0":"post-732279","1":"product","2":"type-product","3":"status-publish","5":"product_cat-beslenme-ve-diyet","6":"product_cat-saglik","7":"pa_cilt-ciltsiz","8":"pa_tur-kitap","9":"pa_yayinevi-okuyan-us-yayin","10":"pa_yazar-mehtap-yakut","12":"first","13":"instock","14":"sale","15":"shipping-taxable","16":"purchasable","17":"product-type-simple"},"_links":{"self":[{"href":"https:\/\/roveyayinevi.com.tr\/index.php\/wp-json\/wp\/v2\/product\/732279","targetHints":{"allow":["GET"]}}],"collection":[{"href":"https:\/\/roveyayinevi.com.tr\/index.php\/wp-json\/wp\/v2\/product"}],"about":[{"href":"https:\/\/roveyayinevi.com.tr\/index.php\/wp-json\/wp\/v2\/types\/product"}],"wp:attachment":[{"href":"https:\/\/roveyayinevi.com.tr\/index.php\/wp-json\/wp\/v2\/media?parent=732279"}],"wp:term":[{"taxonomy":"product_brand","embeddable":true,"href":"https:\/\/roveyayinevi.com.tr\/index.php\/wp-json\/wp\/v2\/product_brand?post=732279"},{"taxonomy":"product_cat","embeddable":true,"href":"https:\/\/roveyayinevi.com.tr\/index.php\/wp-json\/wp\/v2\/product_cat?post=732279"},{"taxonomy":"product_tag","embeddable":true,"href":"https:\/\/roveyayinevi.com.tr\/index.php\/wp-json\/wp\/v2\/product_tag?post=732279"}],"curies":[{"name":"wp","href":"https:\/\/api.w.org\/{rel}","templated":true}]}}