{"id":732277,"date":"2025-08-27T21:47:36","date_gmt":"2025-08-27T18:47:36","guid":{"rendered":"https:\/\/roveyayinevi.com.tr\/index.php\/urun\/izmihlal\/"},"modified":"2026-04-16T02:40:16","modified_gmt":"2026-04-15T23:40:16","slug":"izmihlal","status":"publish","type":"product","link":"https:\/\/roveyayinevi.com.tr\/index.php\/urun\/izmihlal\/","title":{"rendered":"\u0130zmihlal"},"content":{"rendered":"<p>\u201cTal\u2019at Bey, Osmanl\u0131\u2019ya kar\u015f\u0131 il\u00e2n edilmemi\u015f bir sava\u015f\u0131n ba\u015flad\u0131\u011f\u0131na emindi. Gelen telgraf haberleriyle yabanc\u0131 b\u00fcy\u00fckel\u00e7ilerin verdi\u011fi haberlerin derlenip, rapor h\u00e2line getirilmesini istedi ve \u0130ttih\u00e2d ve Terakk\u00ee Cemiyeti\u2019nin \u0130stanbul\u2019daki genel merkez \u00fcyesi olsun olmas\u0131n, b\u00fct\u00fcn etkili \u00fcyelerini toplant\u0131ya \u00e7a\u011f\u0131rd\u0131. Birka\u00e7 sa\u2019\u00e2t i\u00e7inde \u00e7a\u011fr\u0131lanlar\u0131n hepsi bir araya gelmi\u015fti. Rapor, her \u00fcye i\u00e7in birer adet \u00e7o\u011falt\u0131lm\u0131\u015ft\u0131. Tal\u2019at Bey, hepsinden \u00f6nce raporu okumalar\u0131n\u0131 istedi. Sald\u0131r\u0131lar, Paris b\u00fcy\u00fckel\u00e7ilerimiz Mehmed R\u0131fat Pa\u015fa ile Sofya b\u00fcy\u00fckel\u00e7imiz Ali Fethi Bey b\u00fcy\u00fckel\u00e7iliklere girmek \u00fczereyken yap\u0131lm\u0131\u015f. Sofya\u2019da VMRO, Paris\u2019te de Ta\u015fnak mens\u00fbblar\u0131n\u0131n bombal\u0131 sald\u0131r\u0131s\u0131 \u015feklinde ger\u00e7ekle\u015fmi\u015f. At arabalar\u0131n\u0131n a\u011fz\u0131na kadar barut ve bomba doldurup patlatm\u0131\u015flar. B\u00fcy\u00fckel\u00e7iliklerin i\u00e7inde bulunan herkes patlama ve yang\u0131n\u0131n etkisiyle \u00f6lm\u00fc\u015f. Ancak farkl\u0131 bir durum var. O da rahmetli Mehmed R\u0131fat Pa\u015fa ile rahmetli Ali Fethi Bey\u2019in \u00f6ld\u00fcr\u00fclme \u015fekli. \u0130kisi de uzaktan, bir keskin ni\u015fanc\u0131 taraf\u0131ndan, ense k\u00f6klerinden vurularak \u015feh\u00eed olmu\u015flar. Tal\u2019at Bey, bunu s\u00f6yledi\u011fi \u00e2n, Halil Bey\u2019in \u015fa\u015fk\u0131nl\u0131k ve \u00f6fke dolu s\u00f6z\u00fc duyuldu. \u201cEnverim gibi&#8230;\u201d*** Elinizdeki eser, T\u00fcrkiye\u2019nin yak\u0131n t\u00e2rihine d\u00e2ir yarat\u0131lan alternatif evren \u00fczerinden ortaya konan bir sim\u00fclasyondur. Bir t\u00fcr distopya diyebilece\u011fimiz bu eser, 20. y\u00fczy\u0131l\u0131n ba\u015flar\u0131nda, Balkan F\u00e2ci\u00e2s\u0131\u2019n\u0131n hemen ard\u0131ndan ya\u015fanan iktid\u00e2r \u00e7eki\u015fmeleri \u00fczerinden neler olabilece\u011fini irdelemekte ve buna g\u00f6re ortaya bir kurgu koymaktad\u0131r. Burada karakterlerin bir k\u0131sm\u0131 ger\u00e7ek, bir k\u0131sm\u0131 ise kurgudur. T\u00e2rih\u00ee olarak ger\u00e7ekten ya\u015fam\u0131\u015f karakterlerin, romandaki ya\u015fam\u0131 da kurgudur. Dolay\u0131s\u0131yla roman, \u0130ttih\u00e2d ve Terakk\u00ee Cemiyeti ve yap\u0131s\u0131 \u00fczerine biraz daha d\u00fc\u015f\u00fcnd\u00fcrmeyi ama\u00e7lamaktad\u0131r. <\/p>\n","protected":false},"excerpt":{"rendered":"<p>\u201cTal\u2019at Bey, Osmanl\u0131\u2019ya kar\u015f\u0131 il\u00e2n edilmemi\u015f bir sava\u015f\u0131n ba\u015flad\u0131\u011f\u0131na emindi. Gelen telgraf haberleriyle yabanc\u0131 b\u00fcy\u00fckel\u00e7ilerin verdi\u011fi haberlerin derlenip, rapor h\u00e2line getirilmesini istedi ve \u0130ttih\u00e2d ve Terakk\u00ee<span class=\"excerpt-hellip\"> [\u2026]<\/span><\/p>\n","protected":false},"featured_media":0,"template":"","meta":{"_monsterinsights_skip_tracking":false,"_monsterinsights_sitenote_active":false,"_monsterinsights_sitenote_note":"","_monsterinsights_sitenote_category":0},"product_brand":[],"product_cat":[12291,12711],"product_tag":[],"class_list":{"0":"post-732277","1":"product","2":"type-product","3":"status-publish","5":"product_cat-edebiyat","6":"product_cat-roman-oyku","7":"pa_cilt-ciltsiz","8":"pa_tur-kitap","9":"pa_yayinevi-karakum-yayinevi","10":"pa_yazar-kutlu-altay-kocaova","12":"first","13":"instock","14":"sale","15":"shipping-taxable","16":"purchasable","17":"product-type-simple"},"_links":{"self":[{"href":"https:\/\/roveyayinevi.com.tr\/index.php\/wp-json\/wp\/v2\/product\/732277","targetHints":{"allow":["GET"]}}],"collection":[{"href":"https:\/\/roveyayinevi.com.tr\/index.php\/wp-json\/wp\/v2\/product"}],"about":[{"href":"https:\/\/roveyayinevi.com.tr\/index.php\/wp-json\/wp\/v2\/types\/product"}],"wp:attachment":[{"href":"https:\/\/roveyayinevi.com.tr\/index.php\/wp-json\/wp\/v2\/media?parent=732277"}],"wp:term":[{"taxonomy":"product_brand","embeddable":true,"href":"https:\/\/roveyayinevi.com.tr\/index.php\/wp-json\/wp\/v2\/product_brand?post=732277"},{"taxonomy":"product_cat","embeddable":true,"href":"https:\/\/roveyayinevi.com.tr\/index.php\/wp-json\/wp\/v2\/product_cat?post=732277"},{"taxonomy":"product_tag","embeddable":true,"href":"https:\/\/roveyayinevi.com.tr\/index.php\/wp-json\/wp\/v2\/product_tag?post=732277"}],"curies":[{"name":"wp","href":"https:\/\/api.w.org\/{rel}","templated":true}]}}