{"id":732271,"date":"2025-08-27T21:47:29","date_gmt":"2025-08-27T18:47:29","guid":{"rendered":"https:\/\/roveyayinevi.com.tr\/index.php\/urun\/degerler-cikarlar-ve-donusum\/"},"modified":"2025-10-01T18:50:26","modified_gmt":"2025-10-01T15:50:26","slug":"degerler-cikarlar-ve-donusum","status":"publish","type":"product","link":"https:\/\/roveyayinevi.com.tr\/index.php\/urun\/degerler-cikarlar-ve-donusum\/","title":{"rendered":"De\u011ferler \u00c7\u0131karlar ve D\u00f6n\u00fc\u015f\u00fcm"},"content":{"rendered":"<p>Elinizdeki kitab\u0131n konusu, iki emekli diplomat\u0131n devlet hizmetinde ge\u00e7irdikleri k\u0131rk y\u0131la yak\u0131n s\u00fcrede biriktirdikleri ya\u015fanm\u0131\u015fl\u0131klar ve bun-lardan hareketle ortaya koyduklar\u0131 g\u00f6zlemlerden olu\u015fuyor. Bu g\u00f6zlemler, teknoloji, ekonomi ve g\u00fcvenlik ara kesitinde uzmanla\u015fm\u0131\u015f ve \u00f6nde gelen uluslararas\u0131 d\u00fc\u015f\u00fcnce kurulu\u015flar\u0131nda bu konuda bir\u00e7ok oturuma kat\u0131lm\u0131\u015f ve y\u00f6netmi\u015f moderat\u00f6r\u00fcm\u00fcz\u00fcn sorular\u0131na verdikleri yan\u0131tlarla kelimelere d\u00f6k\u00fcl\u00fcyor. Bu kapsaml\u0131 sohbet, tan\u0131nm\u0131\u015f bir sanat\u00e7\u0131m\u0131z\u0131n de\u011ferler konusundaki katk\u0131lar\u0131yla daha da zenginle\u015fiyor.   G\u00fcndelik siyasetin d\u0131\u015f\u0131nda yaz\u0131lan bu kitapta yazarlar, 1900\u2019lerden 2010\u2019lara uzanan zaman diliminden ve burada biriktirdikleri g\u00f6zlemlerinden yola \u00e7\u0131karak, yak\u0131n ve uzak gelecekteki d\u00fcnyay\u0131 anlamaya ve anlamland\u0131rmaya \u00e7al\u0131\u015f\u0131yorlar.     Yazarlar\u0131n bu kitap etraf\u0131nda bulu\u015fmas\u0131, 21. yy\u2019\u0131n ilk \u00e7eyre\u011finde d\u00fcnyan\u0131n siyaseti, ekonomiyi, g\u00fcvenli\u011fi ve \u00e7evreyi kapsayan \u00e7oklu bir belirsizlikle kar\u015f\u0131 kar\u015f\u0131ya kalmas\u0131 oldu. Bu krizin bilim ve teknolojideki k\u00f6kl\u00fc de\u011fi\u015fimle ve beraberinde gelen umutlarla ayn\u0131 zamanda ya\u015fanmas\u0131 tabloyu daha da karma\u015f\u0131kla\u015ft\u0131r\u0131yor. Yazarlar bu de\u011fi\u015fimi ve s\u00fcre\u00e7te ya\u015fanacak de\u011ferler ile \u00e7\u0131karlar dengesinin muhtemel evrimini de\u011ferlendiriyorlar. <\/p>\n","protected":false},"excerpt":{"rendered":"<p>Elinizdeki kitab\u0131n konusu, iki emekli diplomat\u0131n devlet hizmetinde ge\u00e7irdikleri k\u0131rk y\u0131la yak\u0131n s\u00fcrede biriktirdikleri ya\u015fanm\u0131\u015fl\u0131klar ve bun-lardan hareketle ortaya koyduklar\u0131 g\u00f6zlemlerden olu\u015fuyor. Bu g\u00f6zlemler, teknoloji, ekonomi<span class=\"excerpt-hellip\"> [\u2026]<\/span><\/p>\n","protected":false},"featured_media":0,"template":"","meta":{"_monsterinsights_skip_tracking":false,"_monsterinsights_sitenote_active":false,"_monsterinsights_sitenote_note":"","_monsterinsights_sitenote_category":0},"product_brand":[],"product_cat":[13072,12291],"product_tag":[],"class_list":{"0":"post-732271","1":"product","2":"type-product","3":"status-publish","5":"product_cat-arastirma-inceleme-referans","6":"product_cat-edebiyat","7":"pa_cilt-ciltsiz","8":"pa_tur-kitap","9":"pa_yayinevi-dogan-kitap","10":"pa_yazar-dogan-kitap-kolektif","12":"first","13":"instock","14":"sale","15":"shipping-taxable","16":"purchasable","17":"product-type-simple"},"_links":{"self":[{"href":"https:\/\/roveyayinevi.com.tr\/index.php\/wp-json\/wp\/v2\/product\/732271","targetHints":{"allow":["GET"]}}],"collection":[{"href":"https:\/\/roveyayinevi.com.tr\/index.php\/wp-json\/wp\/v2\/product"}],"about":[{"href":"https:\/\/roveyayinevi.com.tr\/index.php\/wp-json\/wp\/v2\/types\/product"}],"wp:attachment":[{"href":"https:\/\/roveyayinevi.com.tr\/index.php\/wp-json\/wp\/v2\/media?parent=732271"}],"wp:term":[{"taxonomy":"product_brand","embeddable":true,"href":"https:\/\/roveyayinevi.com.tr\/index.php\/wp-json\/wp\/v2\/product_brand?post=732271"},{"taxonomy":"product_cat","embeddable":true,"href":"https:\/\/roveyayinevi.com.tr\/index.php\/wp-json\/wp\/v2\/product_cat?post=732271"},{"taxonomy":"product_tag","embeddable":true,"href":"https:\/\/roveyayinevi.com.tr\/index.php\/wp-json\/wp\/v2\/product_tag?post=732271"}],"curies":[{"name":"wp","href":"https:\/\/api.w.org\/{rel}","templated":true}]}}