{"id":732270,"date":"2025-08-27T21:47:28","date_gmt":"2025-08-27T18:47:28","guid":{"rendered":"https:\/\/roveyayinevi.com.tr\/index.php\/urun\/universiteyi-gida-sanayi-ile-bulusturan-akademisyen\/"},"modified":"2026-04-16T02:40:15","modified_gmt":"2026-04-15T23:40:15","slug":"universiteyi-gida-sanayi-ile-bulusturan-akademisyen","status":"publish","type":"product","link":"https:\/\/roveyayinevi.com.tr\/index.php\/urun\/universiteyi-gida-sanayi-ile-bulusturan-akademisyen\/","title":{"rendered":"\u00dcniversiteyi G\u0131da Sanayi \u0130le Bulu\u015fturan Akademisyen"},"content":{"rendered":"<p>Bir toplumun \u2013kuma\u015fa benzetilerek\u2013 dokusu denilebilecek niteli\u011fi i\u00e7inde yer alan insanlar\u0131, o toplumun en \u00f6nemli varl\u0131klar\u0131 (assets) say\u0131lmal\u0131d\u0131r. Toplumumuzun da, benim ya\u015fam ve g\u00f6zlem alan\u0131mla s\u0131n\u0131rl\u0131 olmak kayd\u0131yla tan\u0131ma onuruna erebildi\u011fim \u00f6yle insanlar\u0131 var. Onlardan biri Prof. Dr. Mehmet Pala\u2019d\u0131r.   Bu kitap bana bir\u00e7ok \u015fey anlatt\u0131. Bunlar\u0131n birisi de her otobiyografinin (zihinsel mal bildiriminin) sadece ki\u015filerin kendilerince yaz\u0131lmas\u0131n\u0131n yetmeyebilece\u011fi; ayn\u0131 zamanda bir \u015fahidin de, imzas\u0131yla, yaz\u0131lanlar\u0131 do\u011frulamas\u0131 gerekti\u011fidir.   Ben de imzam\u0131 \u015fahit olarak g\u00f6n\u00fcl rahatl\u0131\u011f\u0131yla ve onur duyarak at\u0131yorum. M. T\u0131naz Titiz   Ankara Hasano\u011flan\u2019da do\u011fan Mehmet Pala, A. \u00dc. Ziraat Fak\u00fcltesi\u2019ni bitirdikten sonra Tar\u0131m Bakanl\u0131\u011f\u0131\u2019n\u0131n yurtd\u0131\u015f\u0131 doktora s\u0131nav\u0131n\u0131 kazand\u0131. Sekiz y\u0131l s\u00fcren zorlu bir m\u00fccadele sonunda Berlin Teknik \u00dcniversitesi\u2019nde \u00f6nce \u201cG\u0131da M\u00fchendisli\u011fi\u201d \u00f6\u011frenimi g\u00f6rd\u00fc, ard\u0131ndan da doktoras\u0131n\u0131 tamamlad\u0131. Yurda d\u00f6nd\u00fckten sonra, Ege \u00dcniversitesi ba\u015fta olmak \u00fczere \u00e7e\u015fitli \u00fcniversitelerde akademik \u00e7al\u0131\u015fmalar\u0131n\u0131 s\u00fcrd\u00fcrd\u00fc.   T\u00dcB\u0130TAK Marmara Ara\u015ft\u0131rma Merkezi\u2019nde on y\u0131l s\u00fcren Beslenme ve G\u0131da Teknolojisi b\u00f6l\u00fcm ba\u015fkanl\u0131\u011f\u0131 d\u00f6neminde \u00e7ok say\u0131da ulusal ve uluslararas\u0131 projeyi ba\u015far\u0131yla y\u00fcr\u00fctt\u00fc; e\u011fitim programlar\u0131 d\u00fczenledi. Yirmi y\u0131l\u0131 a\u015fk\u0131n bir s\u00fcre, \u00fcniversiteyle e\u015f zamanl\u0131 olarak, g\u0131da sanayi \u015firketlerinde \u00fcst d\u00fczey y\u00f6neticilik yapt\u0131. \u00dcniversite ile i\u015f d\u00fcnyas\u0131n\u0131n b\u00fct\u00fcnle\u015fmesi i\u00e7in b\u00fcy\u00fck \u00e7aba harcad\u0131. Bakan dan\u0131\u015fmanl\u0131\u011f\u0131 yapt\u0131. Toplumun bilin\u00e7lenmesi i\u00e7in TEMA Vakf\u0131 gibi bir\u00e7ok sivil toplum kurulu\u015funda ve TV programlar\u0131nda aktif g\u00f6rev ald\u0131.   \u00dcniversiteden mezun oldu\u011funda, hen\u00fcz 21 ya\u015f\u0131ndayken, \u00fclkenin kalk\u0131nmas\u0131 ve refah\u0131 i\u00e7in \u00e7ok \u00e7al\u0131\u015faca\u011f\u0131na, do\u011fruluktan ayr\u0131lmayaca\u011f\u0131na ve m\u00fccadeleden y\u0131lmayaca\u011f\u0131na dair kendi kendine imzal\u0131 taahh\u00fctte bulundu. Bu kitapta Mehmet Pala, \u00f6\u011frenim hayat\u0131nda, \u00e7al\u0131\u015ft\u0131\u011f\u0131 kurulu\u015flarda ya\u015fad\u0131klar\u0131n\u0131, her biri ba\u015fl\u0131 ba\u015f\u0131na \u00f6nem ta\u015f\u0131yan bir\u00e7ok olaya ili\u015fkin g\u00f6zlemlerini ve ac\u0131-tatl\u0131 dene-yimlerini okuyucuyla payla\u015f\u0131yor. Ya\u015famda anlam arayan, de\u011fer \u00fcretmek i\u00e7in durmadan \u00e7al\u0131\u015fan ve amac\u0131ndan asla vazge\u00e7meyen bir \u00fcniversite hocas\u0131n\u0131n ya\u015fam \u00f6yk\u00fcs\u00fcn\u00fc farkl\u0131 boyutlar\u0131yla ortaya koyuyor. <\/p>\n","protected":false},"excerpt":{"rendered":"<p>Bir toplumun \u2013kuma\u015fa benzetilerek\u2013 dokusu denilebilecek niteli\u011fi i\u00e7inde yer alan insanlar\u0131, o toplumun en \u00f6nemli varl\u0131klar\u0131 (assets) say\u0131lmal\u0131d\u0131r. Toplumumuzun da, benim ya\u015fam ve g\u00f6zlem alan\u0131mla s\u0131n\u0131rl\u0131<span class=\"excerpt-hellip\"> [\u2026]<\/span><\/p>\n","protected":false},"featured_media":0,"template":"","meta":{"_monsterinsights_skip_tracking":false,"_monsterinsights_sitenote_active":false,"_monsterinsights_sitenote_note":"","_monsterinsights_sitenote_category":0},"product_brand":[],"product_cat":[14009,12291],"product_tag":[],"class_list":{"0":"post-732270","1":"product","2":"type-product","3":"status-publish","5":"product_cat-biyografi-otobiyografi-edebiyat","6":"product_cat-edebiyat","7":"pa_cilt-ciltsiz","8":"pa_tur-kitap","9":"pa_yayinevi-dogan-solibri-yayinlari","10":"pa_yazar-mehmet-pala","12":"first","13":"instock","14":"sale","15":"shipping-taxable","16":"purchasable","17":"product-type-simple"},"_links":{"self":[{"href":"https:\/\/roveyayinevi.com.tr\/index.php\/wp-json\/wp\/v2\/product\/732270","targetHints":{"allow":["GET"]}}],"collection":[{"href":"https:\/\/roveyayinevi.com.tr\/index.php\/wp-json\/wp\/v2\/product"}],"about":[{"href":"https:\/\/roveyayinevi.com.tr\/index.php\/wp-json\/wp\/v2\/types\/product"}],"wp:attachment":[{"href":"https:\/\/roveyayinevi.com.tr\/index.php\/wp-json\/wp\/v2\/media?parent=732270"}],"wp:term":[{"taxonomy":"product_brand","embeddable":true,"href":"https:\/\/roveyayinevi.com.tr\/index.php\/wp-json\/wp\/v2\/product_brand?post=732270"},{"taxonomy":"product_cat","embeddable":true,"href":"https:\/\/roveyayinevi.com.tr\/index.php\/wp-json\/wp\/v2\/product_cat?post=732270"},{"taxonomy":"product_tag","embeddable":true,"href":"https:\/\/roveyayinevi.com.tr\/index.php\/wp-json\/wp\/v2\/product_tag?post=732270"}],"curies":[{"name":"wp","href":"https:\/\/api.w.org\/{rel}","templated":true}]}}