{"id":732269,"date":"2025-08-27T21:47:27","date_gmt":"2025-08-27T18:47:27","guid":{"rendered":"https:\/\/roveyayinevi.com.tr\/index.php\/urun\/sadece-muzik\/"},"modified":"2026-04-16T02:40:15","modified_gmt":"2026-04-15T23:40:15","slug":"sadece-muzik","status":"publish","type":"product","link":"https:\/\/roveyayinevi.com.tr\/index.php\/urun\/sadece-muzik\/","title":{"rendered":"Sadece M\u00fczik"},"content":{"rendered":"<p>Edebiyat\u0131n b\u00fcy\u00fck ustas\u0131 m\u00fczi\u011fin bilge maestro\u2019suyla bulu\u015fuyor\u2026   D\u00fcnyan\u0131n ya\u015fayan en \u00f6nemli yazarlar\u0131ndan biri olarak kabul edilen Haruki Murakami\u2019nin okurlar\u0131, onun her roman\u0131n\u0131n, her kitab\u0131n\u0131n kendine has bir \u201c\u00e7alma listesi\u201dne sahip oldu\u011funu bilirler.   Bu kitapta Murakami, \u00e7a\u011f\u0131m\u0131z\u0131n en b\u00fcy\u00fck orkestra \u015feflerinden Seiji Ozawa ile \u201csadece m\u00fczik\u201d konu\u015fuyor. 1960\u2019l\u0131 y\u0131llardan ba\u015flayarak uluslararas\u0131 alanda kazand\u0131\u011f\u0131 ba\u015far\u0131larla ad\u0131ndan s\u00f6z ettiren, ba\u015fta Viyana ve Berlin Filarmoni Orkestralar\u0131 olmak \u00fczere d\u00fcnyan\u0131n t\u00fcm \u00f6nemli topluluklar\u0131n\u0131 y\u00f6neten, Boston Senfoni Orkestras\u0131 ve Viyana Devlet Operas\u0131\u2019n\u0131n m\u00fczik y\u00f6neticili\u011fini yapan Ozawa ile Murakami\u2019nin konu\u015fmalar\u0131 m\u00fczi\u011fin \u00e7ok da bilmedi\u011fimiz y\u00f6nlerini ke\u015ffetmemize olanak sa\u011fl\u0131yor. Bir orkestra \u015fefinin m\u00fczi\u011fe yakla\u015f\u0131m\u0131n\u0131, y\u0131llar i\u00e7inde baz\u0131 yap\u0131tlara nas\u0131l farkl\u0131 bir g\u00f6zle bakabildi\u011fini, gen\u00e7 m\u00fczisyenlerle \u00e7al\u0131\u015fman\u0131n Ozawa gibi bir ustaya bile neler kazand\u0131rd\u0131\u011f\u0131n\u0131 bu s\u00fcr\u00fckleyici sohbete kulak verdik\u00e7e \u00f6\u011freniyor, onlar\u0131n arac\u0131l\u0131\u011f\u0131yla bu kitapta m\u00fczi\u011fin adeta \u201ckalbine\u201d iniyoruz.   Kitapta yer alan m\u00fczikleri dinlemek i\u00e7in yandaki kare kodu okutarak haz\u0131rlad\u0131\u011f\u0131m\u0131z \u00e7alma listesine ula\u015fabilirsiniz.  Ayr\u0131ca www.harukimurakami.com adresini de ziyaret edebilirsiniz.    <\/p>\n","protected":false},"excerpt":{"rendered":"<p>Edebiyat\u0131n b\u00fcy\u00fck ustas\u0131 m\u00fczi\u011fin bilge maestro\u2019suyla bulu\u015fuyor\u2026 D\u00fcnyan\u0131n ya\u015fayan en \u00f6nemli yazarlar\u0131ndan biri olarak kabul edilen Haruki Murakami\u2019nin okurlar\u0131, onun her roman\u0131n\u0131n, her kitab\u0131n\u0131n kendine has<span class=\"excerpt-hellip\"> [\u2026]<\/span><\/p>\n","protected":false},"featured_media":0,"template":"","meta":{"_monsterinsights_skip_tracking":false,"_monsterinsights_sitenote_active":false,"_monsterinsights_sitenote_note":"","_monsterinsights_sitenote_category":0},"product_brand":[],"product_cat":[12291,30969],"product_tag":[],"class_list":{"0":"post-732269","1":"product","2":"type-product","3":"status-publish","5":"product_cat-edebiyat","6":"product_cat-soylesi-edebiyat","7":"pa_cilt-ciltsiz","8":"pa_tur-kitap","9":"pa_yayinevi-dogan-kitap","10":"pa_yazar-haruki-murakami","12":"first","13":"instock","14":"sale","15":"shipping-taxable","16":"purchasable","17":"product-type-simple"},"_links":{"self":[{"href":"https:\/\/roveyayinevi.com.tr\/index.php\/wp-json\/wp\/v2\/product\/732269","targetHints":{"allow":["GET"]}}],"collection":[{"href":"https:\/\/roveyayinevi.com.tr\/index.php\/wp-json\/wp\/v2\/product"}],"about":[{"href":"https:\/\/roveyayinevi.com.tr\/index.php\/wp-json\/wp\/v2\/types\/product"}],"wp:attachment":[{"href":"https:\/\/roveyayinevi.com.tr\/index.php\/wp-json\/wp\/v2\/media?parent=732269"}],"wp:term":[{"taxonomy":"product_brand","embeddable":true,"href":"https:\/\/roveyayinevi.com.tr\/index.php\/wp-json\/wp\/v2\/product_brand?post=732269"},{"taxonomy":"product_cat","embeddable":true,"href":"https:\/\/roveyayinevi.com.tr\/index.php\/wp-json\/wp\/v2\/product_cat?post=732269"},{"taxonomy":"product_tag","embeddable":true,"href":"https:\/\/roveyayinevi.com.tr\/index.php\/wp-json\/wp\/v2\/product_tag?post=732269"}],"curies":[{"name":"wp","href":"https:\/\/api.w.org\/{rel}","templated":true}]}}