{"id":732264,"date":"2025-08-27T21:47:22","date_gmt":"2025-08-27T18:47:22","guid":{"rendered":"https:\/\/roveyayinevi.com.tr\/index.php\/urun\/doga-rotasi-hayatta-kalma-becerileri-el-kitabi-serisi-set-2-6-kitap-kutulu\/"},"modified":"2026-04-16T02:40:15","modified_gmt":"2026-04-15T23:40:15","slug":"doga-rotasi-hayatta-kalma-becerileri-el-kitabi-serisi-set-2-6-kitap-kutulu","status":"publish","type":"product","link":"https:\/\/roveyayinevi.com.tr\/index.php\/urun\/doga-rotasi-hayatta-kalma-becerileri-el-kitabi-serisi-set-2-6-kitap-kutulu\/","title":{"rendered":"Do\u011fa Rotas\u0131 &#8211; Hayatta Kalma Becerileri El Kitab\u0131 Serisi Set 2 (6 Kitap Kutulu)"},"content":{"rendered":"<p>Iss\u0131z bir yerde telefon olmadan nas\u0131l yard\u0131m istenir? B\u00f6cek \u0131s\u0131r\u0131klar\u0131na ilk m\u00fcdahale nas\u0131l yap\u0131lmal\u0131? Yaln\u0131zca bir ya\u011fmurluk kullanarak nas\u0131l \u00e7ad\u0131r yap\u0131l\u0131r? B\u00fct\u00fcn bunlar ve daha fazlas\u0131 Kamp Rotas\u0131 setinde seni bekliyor. \u00dcnl\u00fc macerac\u0131 Bear Grylls\u2019in kendi tecr\u00fcbelerinden yola \u00e7\u0131karak haz\u0131rlad\u0131\u011f\u0131 ipu\u00e7lar\u0131 ve k\u0131sayollar\u0131 i\u00e7eren bu seti, kamp yaparken yan\u0131ndan ay\u0131rmayacaks\u0131n!<\/p>\n","protected":false},"excerpt":{"rendered":"<p>Iss\u0131z bir yerde telefon olmadan nas\u0131l yard\u0131m istenir? B\u00f6cek \u0131s\u0131r\u0131klar\u0131na ilk m\u00fcdahale nas\u0131l yap\u0131lmal\u0131? Yaln\u0131zca bir ya\u011fmurluk kullanarak nas\u0131l \u00e7ad\u0131r yap\u0131l\u0131r? B\u00fct\u00fcn bunlar ve daha fazlas\u0131<span class=\"excerpt-hellip\"> [\u2026]<\/span><\/p>\n","protected":false},"featured_media":0,"template":"","meta":{"_monsterinsights_skip_tracking":false,"_monsterinsights_sitenote_active":false,"_monsterinsights_sitenote_note":"","_monsterinsights_sitenote_category":0},"product_brand":[],"product_cat":[12291,15117],"product_tag":[],"class_list":{"0":"post-732264","1":"product","2":"type-product","3":"status-publish","5":"product_cat-edebiyat","6":"product_cat-genclik-edebiyati","7":"pa_cilt-set","8":"pa_tur-kitap","9":"pa_yayinevi-genc-timas","10":"pa_yazar-bear-grylls","12":"first","13":"instock","14":"sale","15":"shipping-taxable","16":"purchasable","17":"product-type-simple"},"_links":{"self":[{"href":"https:\/\/roveyayinevi.com.tr\/index.php\/wp-json\/wp\/v2\/product\/732264","targetHints":{"allow":["GET"]}}],"collection":[{"href":"https:\/\/roveyayinevi.com.tr\/index.php\/wp-json\/wp\/v2\/product"}],"about":[{"href":"https:\/\/roveyayinevi.com.tr\/index.php\/wp-json\/wp\/v2\/types\/product"}],"wp:attachment":[{"href":"https:\/\/roveyayinevi.com.tr\/index.php\/wp-json\/wp\/v2\/media?parent=732264"}],"wp:term":[{"taxonomy":"product_brand","embeddable":true,"href":"https:\/\/roveyayinevi.com.tr\/index.php\/wp-json\/wp\/v2\/product_brand?post=732264"},{"taxonomy":"product_cat","embeddable":true,"href":"https:\/\/roveyayinevi.com.tr\/index.php\/wp-json\/wp\/v2\/product_cat?post=732264"},{"taxonomy":"product_tag","embeddable":true,"href":"https:\/\/roveyayinevi.com.tr\/index.php\/wp-json\/wp\/v2\/product_tag?post=732264"}],"curies":[{"name":"wp","href":"https:\/\/api.w.org\/{rel}","templated":true}]}}