{"id":732245,"date":"2025-08-27T21:47:02","date_gmt":"2025-08-27T18:47:02","guid":{"rendered":"https:\/\/roveyayinevi.com.tr\/index.php\/urun\/ruhumdaki-iz\/"},"modified":"2026-03-27T02:51:47","modified_gmt":"2026-03-26T23:51:47","slug":"ruhumdaki-iz","status":"publish","type":"product","link":"https:\/\/roveyayinevi.com.tr\/index.php\/urun\/ruhumdaki-iz\/","title":{"rendered":"Ruhumdaki \u0130z"},"content":{"rendered":"<p>Zamana m\u0131 ihtiyac\u0131 vard\u0131 Esin&#8217;in yoksa ivedi bir tedaviye mi? \u0130nand\u0131\u011f\u0131 ama bilmedi\u011fi bir yolda y\u00fcr\u00fcyordu ve bilinmezli\u011fe g\u00f6m\u00fcl\u00fcyordu gitgide.Ya\u015fam\u0131n getirdi\u011fi olumsuzluklar ile m\u00fccadele etmeyi, bu \u00f6zg\u00fcvenle ba\u015farabilecek miydi? En iyi cevap zamand\u0131&#8230;<\/p>\n","protected":false},"excerpt":{"rendered":"<p>Zamana m\u0131 ihtiyac\u0131 vard\u0131 Esin&#8217;in yoksa ivedi bir tedaviye mi? \u0130nand\u0131\u011f\u0131 ama bilmedi\u011fi bir yolda y\u00fcr\u00fcyordu ve bilinmezli\u011fe g\u00f6m\u00fcl\u00fcyordu gitgide.Ya\u015fam\u0131n getirdi\u011fi olumsuzluklar ile m\u00fccadele etmeyi, bu<span class=\"excerpt-hellip\"> [\u2026]<\/span><\/p>\n","protected":false},"featured_media":0,"template":"","meta":{"_monsterinsights_skip_tracking":false,"_monsterinsights_sitenote_active":false,"_monsterinsights_sitenote_note":"","_monsterinsights_sitenote_category":0},"product_brand":[],"product_cat":[12291,17033],"product_tag":[],"class_list":{"0":"post-732245","1":"product","2":"type-product","3":"status-publish","5":"product_cat-edebiyat","6":"product_cat-korku-gerilim","7":"pa_cilt-ciltsiz","8":"pa_tur-kitap","9":"pa_yayinevi-fa-yayinlari","10":"pa_yazar-gulsum-ayisigi","12":"first","13":"instock","14":"sale","15":"shipping-taxable","16":"purchasable","17":"product-type-simple"},"_links":{"self":[{"href":"https:\/\/roveyayinevi.com.tr\/index.php\/wp-json\/wp\/v2\/product\/732245","targetHints":{"allow":["GET"]}}],"collection":[{"href":"https:\/\/roveyayinevi.com.tr\/index.php\/wp-json\/wp\/v2\/product"}],"about":[{"href":"https:\/\/roveyayinevi.com.tr\/index.php\/wp-json\/wp\/v2\/types\/product"}],"wp:attachment":[{"href":"https:\/\/roveyayinevi.com.tr\/index.php\/wp-json\/wp\/v2\/media?parent=732245"}],"wp:term":[{"taxonomy":"product_brand","embeddable":true,"href":"https:\/\/roveyayinevi.com.tr\/index.php\/wp-json\/wp\/v2\/product_brand?post=732245"},{"taxonomy":"product_cat","embeddable":true,"href":"https:\/\/roveyayinevi.com.tr\/index.php\/wp-json\/wp\/v2\/product_cat?post=732245"},{"taxonomy":"product_tag","embeddable":true,"href":"https:\/\/roveyayinevi.com.tr\/index.php\/wp-json\/wp\/v2\/product_tag?post=732245"}],"curies":[{"name":"wp","href":"https:\/\/api.w.org\/{rel}","templated":true}]}}