{"id":732240,"date":"2025-08-27T21:46:56","date_gmt":"2025-08-27T18:46:56","guid":{"rendered":"https:\/\/roveyayinevi.com.tr\/index.php\/urun\/kasiful-esrar-reddiyesi\/"},"modified":"2026-04-16T02:40:15","modified_gmt":"2026-04-15T23:40:15","slug":"kasiful-esrar-reddiyesi","status":"publish","type":"product","link":"https:\/\/roveyayinevi.com.tr\/index.php\/urun\/kasiful-esrar-reddiyesi\/","title":{"rendered":"Ka\u015fif\u00fcl Esrar Reddiyesi"},"content":{"rendered":"<p>Bekta\u015filik 1826\u2019da d\u00f6nemin \u201czalim\u201d padi\u015fah\u0131 taraf\u0131ndan yasakland\u0131. Adeta yok edilmek istenen Bekta\u015filik hakk\u0131nda her t\u00fcrl\u00fc olumsuz g\u00f6r\u00fc\u015f ileri s\u00fcr\u00fcld\u00fc ve propagandalar yap\u0131ld\u0131. Bekta\u015filik aleyhine y\u00fcr\u00fct\u00fclen bu siyasetin ba\u015f\u0131n\u0131 ilmiye mensuplar\u0131 \u00e7ekiyordu. 1871 y\u0131l\u0131nda Harputlu Hoca \u0130shak Efendi t\u00fcrl\u00fc iftira ve dedikodularla kaleme ald\u0131\u011f\u0131 K\u00e2\u015fif\u00fc\u2019l-Esrar adl\u0131 eserinde Bekta\u015fili\u011fi Hurufilikle \u00f6zde\u015fle\u015ftirdi ve bu n\u00e2zenin yola sald\u0131r\u0131lar\u0131 zirveye \u00e7\u0131kard\u0131. \u0130ktidar g\u00fcc\u00fcn\u00fcn arkas\u0131nda olmas\u0131n\u0131n avantaj\u0131yla eser birka\u00e7 bask\u0131 birden yapt\u0131. Bu iftira dolu esere Bekta\u015filerden ilk reddiye d\u00f6nemin \u015eahkulu Sultan Derg\u00e2h\u0131 Postni\u015fini Mehmet Ali Hilmi Dedebaba\u2019dan geldi. Fakat Dedebaba\u2019n\u0131n K\u00e2\u015fif\u00fc\u2019l-Esrar Reddiyesi\u2019nin yay\u0131nlanmas\u0131na d\u00f6nemin Osmanl\u0131 y\u00f6netimi \u201cfitneye\u201d sebep olur, \u201ci\u00e7inde hakarete varan ifadeler var\u201d gerek\u00e7eleriyle izin vermedi. Bu a\u00e7\u0131k\u00e7as\u0131 bir \u00e7ifte standartt\u0131. Eser ne yaz\u0131k ki g\u00fcn\u00fcm\u00fcze kadar da k\u00fct\u00fcphanelerin tozlu raflar\u0131na terk edildi. En az\u0131ndan yok edilmemi\u015f olmas\u0131 bir l\u00fctuf olsa gerek! Bu \u00e7al\u0131\u015fmada 1874 y\u0131l\u0131nda kaleme al\u0131nm\u0131\u015f ve o g\u00fcnden beri el yazmas\u0131 olarak kalm\u0131\u015f olan Reddiye ilk defa g\u00fcn\u00fcm\u00fcz T\u00fcrk\u00e7esi\u2019nde yay\u0131na sunulmaktad\u0131r. \u015eimdiye kadar yay\u0131nlanmam\u0131\u015f bu eserin H\u00fcnk\u00e2r Hac\u0131 Bekta\u015f Veli\u2019nin 750. vefat y\u0131ld\u00f6n\u00fcm\u00fcnde okuyucuya sunulmas\u0131 ise bizim o n\u00e2zenin yoluna bir vefam\u0131zd\u0131r.       <\/p>\n","protected":false},"excerpt":{"rendered":"<p>Bekta\u015filik 1826\u2019da d\u00f6nemin \u201czalim\u201d padi\u015fah\u0131 taraf\u0131ndan yasakland\u0131. Adeta yok edilmek istenen Bekta\u015filik hakk\u0131nda her t\u00fcrl\u00fc olumsuz g\u00f6r\u00fc\u015f ileri s\u00fcr\u00fcld\u00fc ve propagandalar yap\u0131ld\u0131. Bekta\u015filik aleyhine y\u00fcr\u00fct\u00fclen bu<span class=\"excerpt-hellip\"> [\u2026]<\/span><\/p>\n","protected":false},"featured_media":0,"template":"","meta":{"_monsterinsights_skip_tracking":false,"_monsterinsights_sitenote_active":false,"_monsterinsights_sitenote_note":"","_monsterinsights_sitenote_category":0},"product_brand":[],"product_cat":[13575,12718,12719],"product_tag":[],"class_list":{"0":"post-732240","1":"product","2":"type-product","3":"status-publish","5":"product_cat-alevilik-bektasilik","6":"product_cat-din","7":"product_cat-islam","8":"pa_cilt-ciltsiz","9":"pa_tur-kitap","10":"pa_yayinevi-la-kitap-yayinlari","11":"pa_yazar-fahri-maden","13":"first","14":"instock","15":"sale","16":"shipping-taxable","17":"purchasable","18":"product-type-simple"},"_links":{"self":[{"href":"https:\/\/roveyayinevi.com.tr\/index.php\/wp-json\/wp\/v2\/product\/732240","targetHints":{"allow":["GET"]}}],"collection":[{"href":"https:\/\/roveyayinevi.com.tr\/index.php\/wp-json\/wp\/v2\/product"}],"about":[{"href":"https:\/\/roveyayinevi.com.tr\/index.php\/wp-json\/wp\/v2\/types\/product"}],"wp:attachment":[{"href":"https:\/\/roveyayinevi.com.tr\/index.php\/wp-json\/wp\/v2\/media?parent=732240"}],"wp:term":[{"taxonomy":"product_brand","embeddable":true,"href":"https:\/\/roveyayinevi.com.tr\/index.php\/wp-json\/wp\/v2\/product_brand?post=732240"},{"taxonomy":"product_cat","embeddable":true,"href":"https:\/\/roveyayinevi.com.tr\/index.php\/wp-json\/wp\/v2\/product_cat?post=732240"},{"taxonomy":"product_tag","embeddable":true,"href":"https:\/\/roveyayinevi.com.tr\/index.php\/wp-json\/wp\/v2\/product_tag?post=732240"}],"curies":[{"name":"wp","href":"https:\/\/api.w.org\/{rel}","templated":true}]}}