{"id":732230,"date":"2025-08-27T21:46:45","date_gmt":"2025-08-27T18:46:45","guid":{"rendered":"https:\/\/roveyayinevi.com.tr\/index.php\/urun\/piyanoda-pedal-kullanimi\/"},"modified":"2026-04-16T02:40:15","modified_gmt":"2026-04-15T23:40:15","slug":"piyanoda-pedal-kullanimi","status":"publish","type":"product","link":"https:\/\/roveyayinevi.com.tr\/index.php\/urun\/piyanoda-pedal-kullanimi\/","title":{"rendered":"Piyanoda Pedal Kullan\u0131m\u0131"},"content":{"rendered":"<p>Pedal, piyano enstr\u00fcman\u0131nda \u00e7ok \u00f6nemli bir i\u015fleve sahiptir. Piyano e\u011fitimine ba\u015flayan \u00f6\u011frenciler ilk derslerde her zaman \u201cbu pedallar ne i\u015fe yar\u0131yor?\u201d sorusunu \u00f6\u011fretmenlerine sorarlar. \u00d6\u011frenciler, piyano \u00f6\u011frenme s\u00fcre\u00e7leri ba\u015flad\u0131ktan bir s\u00fcre sonra literat\u00fcrdeki pedal i\u00e7eren eserleri \u00e7al\u0131\u015fmaya ba\u015flarlar. Meslek ya\u015fant\u0131m boyunca, piyano e\u011fitimine ba\u015flatt\u0131\u011f\u0131m \u00f6\u011frencilerin pedal ile \u00e7alma seviyesine geldiklerinde el ve ayak koordinasyonlar\u0131n\u0131n geli\u015fimi i\u00e7in derslerde yazd\u0131\u011f\u0131m teknik \u00e7al\u0131\u015fmalar ile pedal yetene\u011finin geli\u015fimi i\u00e7in yazd\u0131\u011f\u0131m \u00f6zg\u00fcn eserleri bir araya getirerek bir \u00e7al\u0131\u015fma kitab\u0131 haz\u0131rlad\u0131m. Pedal \u00e7al\u0131m\u0131na yeni ba\u015flayacak \u00f6\u011frencinin kolaydan zora do\u011fru haz\u0131rlanan \u00e7al\u0131\u015fmalarla pedal hakimiyeti kazanmas\u0131n\u0131 hedefledim. Par\u00e7alar\u0131n el pozisyonlar\u0131n\u0131 \u00f6\u011frenciyi zorlamayacak bir \u015fekilde se\u00e7meye \u00e7al\u0131\u015farak, onlar\u0131n pedala ve de\u011fi\u015fimine daha \u00e7ok odaklanmalar\u0131na \u00f6nem verdim.  Kitaptaki \u00e7al\u0131\u015fmalar, teknik al\u0131\u015ft\u0131rmalar ve \u00f6zg\u00fcn par\u00e7alardan olu\u015fmaktad\u0131r. Ba\u015flang\u0131\u00e7 seviyesi piyano literat\u00fcr\u00fcndeki par\u00e7alarla beraber \u00e7al\u0131nabilir. \u00d6zellikle konservatuvarlar, m\u00fczik \u00f6\u011fretmenli\u011fi b\u00f6l\u00fcmleri ile m\u00fczik b\u00f6l\u00fcmlerinde bir ya da iki y\u0131l s\u00fcre ile g\u00f6r\u00fclen yard\u0131mc\u0131 piyano dersleri i\u00e7in alternatif bir kaynak olarak kullan\u0131labilir. Ayr\u0131ca \u00fclkemizde m\u00fczik e\u011fitiminin yayg\u0131nla\u015fmas\u0131nda b\u00fcy\u00fck bir \u00f6neme sahip olan \u00f6zel m\u00fczik kurslar\u0131nda g\u00f6rev yapan piyano e\u011fitmenleri i\u00e7in alternatif bir egzersiz ve eser da\u011farc\u0131\u011f\u0131 kitab\u0131d\u0131r. Kitap i\u00e7erisinde yer alan \u00e7al\u0131\u015fmalar ve par\u00e7alar, pedal geli\u015fiminin desteklenmesi i\u00e7in yard\u0131mc\u0131 niteliktedir.     <\/p>\n","protected":false},"excerpt":{"rendered":"<p>Pedal, piyano enstr\u00fcman\u0131nda \u00e7ok \u00f6nemli bir i\u015fleve sahiptir. Piyano e\u011fitimine ba\u015flayan \u00f6\u011frenciler ilk derslerde her zaman \u201cbu pedallar ne i\u015fe yar\u0131yor?\u201d sorusunu \u00f6\u011fretmenlerine sorarlar. \u00d6\u011frenciler, piyano<span class=\"excerpt-hellip\"> [\u2026]<\/span><\/p>\n","protected":false},"featured_media":0,"template":"","meta":{"_monsterinsights_skip_tracking":false,"_monsterinsights_sitenote_active":false,"_monsterinsights_sitenote_note":"","_monsterinsights_sitenote_category":0},"product_brand":[],"product_cat":[14556,20810],"product_tag":[],"class_list":{"0":"post-732230","1":"product","2":"type-product","3":"status-publish","5":"product_cat-muzik","6":"product_cat-ogrenim-kitaplari","7":"pa_cilt-ciltsiz","8":"pa_tur-kitap","9":"pa_yayinevi-muzik-egitimi-yayinlari","10":"pa_yazar-alper-akgul","12":"first","13":"instock","14":"sale","15":"shipping-taxable","16":"purchasable","17":"product-type-simple"},"_links":{"self":[{"href":"https:\/\/roveyayinevi.com.tr\/index.php\/wp-json\/wp\/v2\/product\/732230","targetHints":{"allow":["GET"]}}],"collection":[{"href":"https:\/\/roveyayinevi.com.tr\/index.php\/wp-json\/wp\/v2\/product"}],"about":[{"href":"https:\/\/roveyayinevi.com.tr\/index.php\/wp-json\/wp\/v2\/types\/product"}],"wp:attachment":[{"href":"https:\/\/roveyayinevi.com.tr\/index.php\/wp-json\/wp\/v2\/media?parent=732230"}],"wp:term":[{"taxonomy":"product_brand","embeddable":true,"href":"https:\/\/roveyayinevi.com.tr\/index.php\/wp-json\/wp\/v2\/product_brand?post=732230"},{"taxonomy":"product_cat","embeddable":true,"href":"https:\/\/roveyayinevi.com.tr\/index.php\/wp-json\/wp\/v2\/product_cat?post=732230"},{"taxonomy":"product_tag","embeddable":true,"href":"https:\/\/roveyayinevi.com.tr\/index.php\/wp-json\/wp\/v2\/product_tag?post=732230"}],"curies":[{"name":"wp","href":"https:\/\/api.w.org\/{rel}","templated":true}]}}