{"id":732222,"date":"2025-08-27T21:46:07","date_gmt":"2025-08-27T18:46:07","guid":{"rendered":"https:\/\/roveyayinevi.com.tr\/index.php\/urun\/warren-buffett-tarzi\/"},"modified":"2026-04-16T02:40:14","modified_gmt":"2026-04-15T23:40:14","slug":"warren-buffett-tarzi","status":"publish","type":"product","link":"https:\/\/roveyayinevi.com.tr\/index.php\/urun\/warren-buffett-tarzi\/","title":{"rendered":"Warren Buffett Tarz\u0131"},"content":{"rendered":"<p>Bug\u00fcn\u00fcn yat\u0131r\u0131mc\u0131lar\u0131 ellerinin alt\u0131ndaki bilgi y\u0131\u011f\u0131n\u0131na ra\u011fmen, h\u00e2l\u00e2 k\u00e2r elde etmekte zorlan\u0131yorlar. Warren Buffett Tarz\u0131\u2019n\u0131n bu geni\u015fletilmi\u015f ve g\u00fcncellenmi\u015f bask\u0131s\u0131nda Hagstrom, &#8220;Omaha K\u00e2hini&#8221;nin yat\u0131r\u0131m felsefesini perspektife yerle\u015ftirirken, onun etkili yakla\u015f\u0131m\u0131n\u0131 kendi \u00e7abalar\u0131n\u0131za nas\u0131l dahil edebilece\u011finizi anlat\u0131yor. Buffett&#8217;\u0131n ki\u015fisel ve mesleki ge\u00e7mi\u015fine ilgi \u00e7ekici bir bak\u0131\u015fla e\u011filmesinin yan\u0131 s\u0131ra Benjamin Graham ve Philip Fisher&#8217;dan Charlie Munger&#8217;a kadar Buffett&#8217;\u0131n yat\u0131r\u0131m anlay\u0131\u015f\u0131n\u0131 etkileyen insanlar\u0131 da detayl\u0131ca ele al\u0131yor.Altm\u0131\u015f y\u0131ll\u0131k yat\u0131r\u0131m kariyeri boyunca Warren Buffett, say\u0131s\u0131z zorlukla kar\u015f\u0131la\u015ft\u0131 ve ilerledi\u011fi yolda benzersiz bir ba\u015far\u0131ya ula\u015ft\u0131. Al\u00e7akg\u00f6n\u00fcll\u00fcl\u00fc\u011f\u00fc, d\u00fcr\u00fcstl\u00fc\u011f\u00fc ve entelekt\u00fcel ruhu, d\u00fcnya \u00e7ap\u0131nda milyonlarca yat\u0131r\u0131mc\u0131n\u0131n sevgisini kazan\u0131rken, i\u015fini y\u00fcr\u00fctme bi\u00e7imine y\u00f6nelik yo\u011fun ilgiyi de beslemeye devam ediyor.Bu kitab\u0131 okudu\u011funuzda Buffett&#8217;\u0131n yakla\u015f\u0131m\u0131na a\u015fina olacak, Coca-Cola, IBM ile Heinz&#8217;\u0131n dahil oldu\u011fu bir\u00e7ok Berkshire Hathaway yat\u0131r\u0131m\u0131nda nas\u0131l hareket etti\u011fini ilk elden ke\u015ffedeceksiniz. Rasyonel kararlar vermeyi \u00f6\u011frenmenin \u00f6nemini, Buffett&#8217;\u0131n odakl\u0131 yat\u0131r\u0131m tarz\u0131n\u0131n portf\u00f6y y\u00f6netimini nas\u0131l b\u00fcy\u00fck \u00f6l\u00e7\u00fcde basitle\u015ftirdi\u011fini ve t\u00fcm bunlar\u0131 nas\u0131l bir araya getirece\u011finizi g\u00f6recek, \u00fcstelik uzun vadeli yat\u0131r\u0131mda sabr\u0131n rol\u00fc hakk\u0131nda da temel bilgiler edineceksiniz.Bu edisyonda bulabilece\u011finiz yeni bilgiler:\u2022 Buffett gibi uzun vadeli bir yat\u0131r\u0131mc\u0131 gibi nas\u0131l d\u00fc\u015f\u00fcn\u00fcl\u00fcr?\u2022 \u00c7o\u011fu yat\u0131r\u0131mc\u0131n\u0131n para kaybetme ac\u0131s\u0131n\u0131 a\u015fma e\u011filimi olan \u201ckay\u0131ptan ka\u00e7\u0131nma\u201d, neden yat\u0131r\u0131mc\u0131lar\u0131n \u00fcstesinden gelmesi gereken en b\u00fcy\u00fck engellerden biridir?\u2022 Piyasadaki ini\u015f \u00e7\u0131k\u0131\u015flar kar\u015f\u0131s\u0131nda rasyonel davranmak neden Buffett&#8217;\u0131n yat\u0131r\u0131m ba\u015far\u0131s\u0131n\u0131n anahtar\u0131 olmu\u015ftur?\u2022 Buffett&#8217;\u0131n yak\u0131n tarihte H.J. Heinz\u2019a ve IBM hissesine yapt\u0131\u011f\u0131 yat\u0131r\u0131mlar\u0131n analizleri\u201cTart\u0131\u015fmas\u0131z en \u00f6nemli yat\u0131r\u0131m kitab\u0131\u2026 Warren Buffett hakk\u0131nda her \u015feyi bildi\u011finizi d\u00fc\u015f\u00fcn\u00fcyorsan\u0131z, bu kitaptan \u00f6\u011frenece\u011finiz \u00e7ok \u015fey var.\u201d\u2014FORBES\u201cBir\u00e7ok ki\u015fi taraf\u0131ndan d\u00fcnyan\u0131n en b\u00fcy\u00fc\u011f\u00fc olarak kabul edilen bir yat\u0131r\u0131mc\u0131n\u0131n y\u00f6ntemlerinin ola\u011fan\u00fcst\u00fc yararl\u0131 bir anlat\u0131m\u0131.\u201d\u2014THE WALL STREET JOURNAL\u201cWarren Buffett Tarz\u0131, Buffett\u2019\u0131n kariyerini anlat\u0131rken yat\u0131r\u0131m teknikleri ve y\u00f6ntemlerinin nas\u0131l geli\u015fti\u011fine dair \u00f6nemli \u00f6rnekler sunuyor. Ayr\u0131ca, e\u015fsiz performans kayd\u0131n\u0131 olu\u015fturan kilit yat\u0131r\u0131m kararlar\u0131n\u0131 da g\u00f6zler \u00f6n\u00fcne seriyor.\u201d\u2014PETER S. LYNCH, Borsa\u2019da Tek Ba\u015f\u0131na ve Kazanmay\u0131 \u00d6\u011fren kitaplar\u0131n\u0131n yazar\u0131\u201cRobert Hagstrom, Warren Buffett&#8217;\u0131n stratejilerinin derinlemesine bir incelemesini sunarken, ba\u015far\u0131s\u0131na katk\u0131da bulunan ba\u015fl\u0131ca menkul k\u0131ymetlerin her birini se\u00e7mesinin ard\u0131ndaki \u2018neden ve nas\u0131l\u2019\u0131 a\u00e7\u0131kl\u0131yor. Onun bilgeli\u011fi ve felsefesi de bu kapsaml\u0131, ilgin\u00e7 ve okunabilir kitab\u0131n bir par\u00e7as\u0131.\u201d\u2014JOHN C. BOGLE, Vanguard Grubu\u2019nun kurucusu ve emekli CEO\u2019su\u201cBuffett\u2019\u0131n yat\u0131r\u0131m stratejisinin yeni ekonomiye uygulanmas\u0131na ili\u015fkin kapsaml\u0131 bir kaynak.\u201d\u2014FORTUNE&#8221;[Bu] kitab\u0131n pop\u00fclaritesi, ne denli do\u011fru analiz etti\u011finin ve verdi\u011fi tavsiyelerin de\u011ferinin bir kan\u0131t\u0131d\u0131r.&#8221;\u2014BILL MILLER, ClearBridge Yat\u0131r\u0131mlar\u0131\u2019n\u0131n yan kurulu\u015fu LMCM\u2019nin Ba\u015fkan\u0131 ve Ba\u015f Yat\u0131r\u0131m Sorumlusu\u201cHarikulade. Buffett, \u00f6\u011f\u00fctledi\u011fi \u015feylerle \u00e7ok dikkat \u00e7ekiyor, ancak daha \u00f6nce hi\u00e7 kimse onun uygulad\u0131\u011f\u0131 \u015feyi Hagstrom&#8217;dan daha iyi tan\u0131mlayamam\u0131\u015ft\u0131. \u0130\u015fte size, sat\u0131n ald\u0131\u011f\u0131 her b\u00fcy\u00fck hisse senedi ve onu neden sat\u0131n ald\u0131\u011f\u0131n\u0131n i\u00e7y\u00fcz\u00fc. B\u00fcy\u00fcleyici.\u201d\u2014JOHN ROTHCHILD, Borsay\u0131 Yenmek kitab\u0131n\u0131n yazar\u0131\u201cBuffett\u2019\u0131n ilkelerini Hagstrom\u2019dan daha iyi anlatan hen\u00fcz \u00e7\u0131kmad\u0131.\u201d\u2014TIME\u201cEkonominin gidi\u015fat\u0131, firmalar\u0131n performans\u0131 ve borsan\u0131n ini\u015f \u00e7\u0131k\u0131\u015flar\u0131 aras\u0131ndaki ili\u015fkiyi merak eden hemen hemen herkes burada ilgin\u00e7 bir \u015fey bulacakt\u0131r.\u201d\u2014THE ECONOMIST&#8221;Robert Hagstrom sana, incelikle i\u015flenmi\u015f fikirlerin, anla\u015f\u0131l\u0131r yaz\u0131lar\u0131n ve hepimizin hayat\u0131n en merak uyand\u0131ran, en g\u00f6z korkutucu g\u00f6revlerinden birinde \u2013yat\u0131r\u0131m yapmakta\u2013 daha ba\u015far\u0131l\u0131 olmam\u0131za yard\u0131mc\u0131 olan basit stratejiler i\u00e7in te\u015fekk\u00fcr ederim.&#8221;\u2014JANET LOWE, Warren Buffett Speaks kitab\u0131n\u0131n yazar\u0131\u201cRobert Hagstrom, \u2018d\u00fcnyan\u0131n en b\u00fcy\u00fck yat\u0131r\u0131mc\u0131s\u0131\u2019n\u0131n bize nas\u0131l yard\u0131mc\u0131 olabilece\u011fini g\u00f6steriyor.\u201d\u2014KAY BOOTH, Cappello Waterfield &amp; Co., LLC Genel M\u00fcd\u00fcr\u00fc\u201cRobert Hagstrom, Buffett&#8217;\u0131n yakla\u015f\u0131m\u0131n\u0131 daha geni\u015f bir ba\u011flama yerle\u015ftirerek, yaln\u0131zca Ben Graham&#8217;dan Phil Fisher&#8217;a kadar bu y\u00fczy\u0131l\u0131n yat\u0131r\u0131m devlerinin anafikirlerini yakalamakla kalm\u0131yor, ayn\u0131 zamanda onun i\u00e7g\u00f6r\u00fclerinin dayand\u0131\u011f\u0131 temelleri a\u00e7\u0131k bir \u015fekilde a\u00e7\u0131kl\u0131yor. Bu sadece bir yat\u0131r\u0131m kitab\u0131 de\u011fildir; bu bir yat\u0131r\u0131m k\u00fct\u00fcphanesidir.\u201d\u2014CHRIS DAVIS, Davis Advisors, Portf\u00f6y Y\u00f6neticisic<\/p>\n","protected":false},"excerpt":{"rendered":"<p>Bug\u00fcn\u00fcn yat\u0131r\u0131mc\u0131lar\u0131 ellerinin alt\u0131ndaki bilgi y\u0131\u011f\u0131n\u0131na ra\u011fmen, h\u00e2l\u00e2 k\u00e2r elde etmekte zorlan\u0131yorlar. Warren Buffett Tarz\u0131\u2019n\u0131n bu geni\u015fletilmi\u015f ve g\u00fcncellenmi\u015f bask\u0131s\u0131nda Hagstrom, &#8220;Omaha K\u00e2hini&#8221;nin yat\u0131r\u0131m felsefesini perspektife<span class=\"excerpt-hellip\"> [\u2026]<\/span><\/p>\n","protected":false},"featured_media":0,"template":"","meta":{"_monsterinsights_skip_tracking":false,"_monsterinsights_sitenote_active":false,"_monsterinsights_sitenote_note":"","_monsterinsights_sitenote_category":0},"product_brand":[],"product_cat":[13043,19008],"product_tag":[],"class_list":{"0":"post-732222","1":"product","2":"type-product","3":"status-publish","5":"product_cat-ekonomi","6":"product_cat-yonetim","7":"pa_cilt-ciltsiz","8":"pa_tur-kitap","9":"pa_yayinevi-nova-kitap","10":"pa_yazar-robert-g-hagstrom","12":"first","13":"instock","14":"sale","15":"shipping-taxable","16":"purchasable","17":"product-type-simple"},"_links":{"self":[{"href":"https:\/\/roveyayinevi.com.tr\/index.php\/wp-json\/wp\/v2\/product\/732222","targetHints":{"allow":["GET"]}}],"collection":[{"href":"https:\/\/roveyayinevi.com.tr\/index.php\/wp-json\/wp\/v2\/product"}],"about":[{"href":"https:\/\/roveyayinevi.com.tr\/index.php\/wp-json\/wp\/v2\/types\/product"}],"wp:attachment":[{"href":"https:\/\/roveyayinevi.com.tr\/index.php\/wp-json\/wp\/v2\/media?parent=732222"}],"wp:term":[{"taxonomy":"product_brand","embeddable":true,"href":"https:\/\/roveyayinevi.com.tr\/index.php\/wp-json\/wp\/v2\/product_brand?post=732222"},{"taxonomy":"product_cat","embeddable":true,"href":"https:\/\/roveyayinevi.com.tr\/index.php\/wp-json\/wp\/v2\/product_cat?post=732222"},{"taxonomy":"product_tag","embeddable":true,"href":"https:\/\/roveyayinevi.com.tr\/index.php\/wp-json\/wp\/v2\/product_tag?post=732222"}],"curies":[{"name":"wp","href":"https:\/\/api.w.org\/{rel}","templated":true}]}}