{"id":732214,"date":"2025-08-27T21:45:58","date_gmt":"2025-08-27T18:45:58","guid":{"rendered":"https:\/\/roveyayinevi.com.tr\/index.php\/urun\/vakif-ileri\/"},"modified":"2026-04-16T02:40:14","modified_gmt":"2026-04-15T23:40:14","slug":"vakif-ileri","status":"publish","type":"product","link":"https:\/\/roveyayinevi.com.tr\/index.php\/urun\/vakif-ileri\/","title":{"rendered":"Vak\u0131f \u0130leri"},"content":{"rendered":"<p>Psikotarih biliminin yarat\u0131c\u0131s\u0131 Hari Seldon, engin Galaktik \u0130mparatorluk \u00e7\u00f6k\u00fc\u015f\u00fcn e\u015fi\u011findeyken zamanla yar\u0131\u015farak devrimci kuram\u0131n\u0131 geli\u015ftirip y\u0131ld\u0131zlar\u0131n aras\u0131nda insanl\u0131k i\u00e7in bir yer sa\u011flamaya \u00e7al\u0131\u015f\u0131yordu. Ve Seldon\u2019\u0131 kontrol eden hem psikotarih hem de t\u00fcm galaksinin gelece\u011fini kontrol edebilecekti.Psikotarih bilimini bilinen en g\u00fc\u00e7l\u00fc silaha d\u00f6n\u00fc\u015ft\u00fcrmek isteyenlerin aras\u0131nda pop\u00fclist bir hizip\u00e7i, kurnaz politikac\u0131 \u0130mparator I. Cleon ve ac\u0131mas\u0131zl\u0131\u011f\u0131yla \u00fcnl\u00fc bir general de vard\u0131. Hari Seldon bir yandan b\u00fct\u00fcn ya\u015fam\u0131n\u0131 adad\u0131\u011f\u0131 kuram\u0131n\u0131 k\u00f6t\u00fc niyetlilerin ellerinden kurtarmaya \u00e7al\u0131\u015f\u0131rken di\u011fer yandan da yeni bir vak\u0131f d\u00fc\u015f\u00fcn\u00fc ger\u00e7ekle\u015ftirmek i\u00e7in ara\u015ft\u0131rmalara ba\u015flayacakt\u0131. \u0130nsanl\u0131\u011f\u0131n gelece\u011fi kurulacak Vak\u0131f\u2019a ba\u011fl\u0131yd\u0131. Daha do\u011frusu, vak\u0131flara. Yay\u0131mlan\u0131\u015f tarihine g\u00f6re: 7. kitap \/ Kronolojiye g\u00f6re: 2. kitap<\/p>\n","protected":false},"excerpt":{"rendered":"<p>Psikotarih biliminin yarat\u0131c\u0131s\u0131 Hari Seldon, engin Galaktik \u0130mparatorluk \u00e7\u00f6k\u00fc\u015f\u00fcn e\u015fi\u011findeyken zamanla yar\u0131\u015farak devrimci kuram\u0131n\u0131 geli\u015ftirip y\u0131ld\u0131zlar\u0131n aras\u0131nda insanl\u0131k i\u00e7in bir yer sa\u011flamaya \u00e7al\u0131\u015f\u0131yordu. Ve Seldon\u2019\u0131 kontrol<span class=\"excerpt-hellip\"> [\u2026]<\/span><\/p>\n","protected":false},"featured_media":0,"template":"","meta":{"_monsterinsights_skip_tracking":false,"_monsterinsights_sitenote_active":false,"_monsterinsights_sitenote_note":"","_monsterinsights_sitenote_category":0},"product_brand":[],"product_cat":[12540,12291],"product_tag":[],"class_list":{"0":"post-732214","1":"product","2":"type-product","3":"status-publish","5":"product_cat-bilim-kurgu","6":"product_cat-edebiyat","7":"pa_cilt-ciltsiz","8":"pa_tur-kitap","9":"pa_yayinevi-ithaki-yayinlari","10":"pa_yazar-isaac-asimov","12":"first","13":"instock","14":"sale","15":"shipping-taxable","16":"purchasable","17":"product-type-simple"},"_links":{"self":[{"href":"https:\/\/roveyayinevi.com.tr\/index.php\/wp-json\/wp\/v2\/product\/732214","targetHints":{"allow":["GET"]}}],"collection":[{"href":"https:\/\/roveyayinevi.com.tr\/index.php\/wp-json\/wp\/v2\/product"}],"about":[{"href":"https:\/\/roveyayinevi.com.tr\/index.php\/wp-json\/wp\/v2\/types\/product"}],"wp:attachment":[{"href":"https:\/\/roveyayinevi.com.tr\/index.php\/wp-json\/wp\/v2\/media?parent=732214"}],"wp:term":[{"taxonomy":"product_brand","embeddable":true,"href":"https:\/\/roveyayinevi.com.tr\/index.php\/wp-json\/wp\/v2\/product_brand?post=732214"},{"taxonomy":"product_cat","embeddable":true,"href":"https:\/\/roveyayinevi.com.tr\/index.php\/wp-json\/wp\/v2\/product_cat?post=732214"},{"taxonomy":"product_tag","embeddable":true,"href":"https:\/\/roveyayinevi.com.tr\/index.php\/wp-json\/wp\/v2\/product_tag?post=732214"}],"curies":[{"name":"wp","href":"https:\/\/api.w.org\/{rel}","templated":true}]}}