{"id":732213,"date":"2025-08-27T21:45:57","date_gmt":"2025-08-27T18:45:57","guid":{"rendered":"https:\/\/roveyayinevi.com.tr\/index.php\/urun\/depo\/"},"modified":"2026-04-16T02:40:14","modified_gmt":"2026-04-15T23:40:14","slug":"depo","status":"publish","type":"product","link":"https:\/\/roveyayinevi.com.tr\/index.php\/urun\/depo\/","title":{"rendered":"Depo"},"content":{"rendered":"<p>\u201cD\u00fc\u015f\u00fcnd\u00fcr\u00fcc\u00fc bir roman. B\u00fcy\u00fck Birader ile B\u00fcy\u00fck \u0130\u015fletmeleri m\u00fckemmel bir \u015fekilde bir araya getiriyor.\u201d \u2013Stephen King\u201cKapitalist hayat\u0131m\u0131z\u0131n her yan\u0131n\u0131 ele ge\u00e7iren bir \u015firkete dair yarat\u0131c\u0131, soluk solu\u011fa bir yak\u0131n gelecek distopyas\u0131.\u201d \u2013Paul Tremblay\u201cDepo, g\u00f6r\u00fcn\u00fcrde heyecan verici bir casusluk roman\u0131 olsa da yak\u0131ndan bak\u0131nca e-ticaret devlerine g\u00fcven duyarak yarat\u0131lan k\u00e2bus dolu d\u00fcnya hakk\u0131nda uyar\u0131 dolu bir hik\u00e2ye sunuyor.\u201d \u2013Blake CrouchEkonomik \u00e7\u00f6k\u00fc\u015f\u00fcn ard\u0131ndan geriye sadece Bulut kalm\u0131\u015ft\u0131 ve Bulut her \u015feydi. \u00c7\u00f6ken Amerika\u2019n\u0131n \u00e7orak topraklar\u0131nda i\u015f de, g\u00fcvenlik de, ferahl\u0131k da bir online sat\u0131\u015f firmas\u0131 olan Bulut depolar\u0131nda bulunuyordu yaln\u0131zca. Vizyoner bir giri\u015fimcinin r\u00fcyas\u0131 olarak ba\u015flayan bu algoritmalar y\u00f6netimindeki cennet kesinlikle \u00fctopik bir ya\u015fam vadediyordu. Sorun \u015fu ki bu \u00fctopyan\u0131n insanlara ve d\u00fcnyaya neye mal oldu\u011fu konusu herkes i\u00e7in b\u00fcy\u00fck bir gizemdi.Emekli gardiyan ve ba\u015far\u0131s\u0131z mucit Paxton bir \u015fekilde Bulut\u2019a s\u0131\u011f\u0131nabildi\u011fi i\u00e7in kendini \u015fansl\u0131 g\u00f6r\u00fcyordu ama hi\u00e7 sevmemesine kar\u015f\u0131n burada da g\u00fcvenlik i\u015fine ko\u015fulmaktan ka\u00e7amam\u0131\u015ft\u0131. \u00d6n\u00fcnde \u00e7\u00f6zmesi gereken bir uyu\u015fturucu operasyonu ve onu gizli kapakl\u0131 i\u015flere bula\u015ft\u0131rmas\u0131 muhtemel bir g\u00f6n\u00fcl maceras\u0131 vard\u0131. Sahte bir kimlik ard\u0131nda gizlenen Zinnia ise herkesin merak etti\u011fi \u015feyi a\u00e7\u0131\u011fa \u00e7\u0131karmak i\u00e7in kollar\u0131 s\u0131vam\u0131\u015f ama kendini beklenmedik se\u00e7imlerle kar\u015f\u0131 kar\u015f\u0131ya buluvermi\u015fti.Depo \u00e7ok da uza\u011f\u0131m\u0131zda olmayan bir s\u00f6zde \u00fctopyan\u0131n karanl\u0131k k\u00f6\u015felerine \u0131\u015f\u0131k tutuyor.\u201cD\u00fcnyadaki herhangi bir \u015feyi sipari\u015f ediyorsun ve bir g\u00fcn i\u00e7inde kap\u0131nda oluyor\u2026 Yaz\u0131c\u0131 m\u00fcrekkebi. Izgara kapa\u011f\u0131. Pijama. K\u00f6pek kemirme oyunca\u011f\u0131. Uyku tulumu. Tablet. Kitap. F\u0131r\u00e7a. C\u00fczdan. Ba\u011fc\u0131k. Mikro USB kablosu. U\u00e7u\u015f boyun yast\u0131\u011f\u0131. Protein tozu. Uzatma kablosu. Silikon pi\u015firme kaplar\u0131. Esansiyel ya\u011flar. Ta\u015f\u0131nabilir \u015farj aleti. Termos bardak.\u201d<\/p>\n","protected":false},"excerpt":{"rendered":"<p>\u201cD\u00fc\u015f\u00fcnd\u00fcr\u00fcc\u00fc bir roman. B\u00fcy\u00fck Birader ile B\u00fcy\u00fck \u0130\u015fletmeleri m\u00fckemmel bir \u015fekilde bir araya getiriyor.\u201d \u2013Stephen King\u201cKapitalist hayat\u0131m\u0131z\u0131n her yan\u0131n\u0131 ele ge\u00e7iren bir \u015firkete dair yarat\u0131c\u0131, soluk<span class=\"excerpt-hellip\"> [\u2026]<\/span><\/p>\n","protected":false},"featured_media":0,"template":"","meta":{"_monsterinsights_skip_tracking":false,"_monsterinsights_sitenote_active":false,"_monsterinsights_sitenote_note":"","_monsterinsights_sitenote_category":0},"product_brand":[],"product_cat":[12540,12291],"product_tag":[],"class_list":{"0":"post-732213","1":"product","2":"type-product","3":"status-publish","5":"product_cat-bilim-kurgu","6":"product_cat-edebiyat","7":"pa_cilt-ciltsiz","8":"pa_tur-kitap","9":"pa_yayinevi-ithaki-yayinlari","10":"pa_yazar-rob-hart","12":"first","13":"instock","14":"sale","15":"shipping-taxable","16":"purchasable","17":"product-type-simple"},"_links":{"self":[{"href":"https:\/\/roveyayinevi.com.tr\/index.php\/wp-json\/wp\/v2\/product\/732213","targetHints":{"allow":["GET"]}}],"collection":[{"href":"https:\/\/roveyayinevi.com.tr\/index.php\/wp-json\/wp\/v2\/product"}],"about":[{"href":"https:\/\/roveyayinevi.com.tr\/index.php\/wp-json\/wp\/v2\/types\/product"}],"wp:attachment":[{"href":"https:\/\/roveyayinevi.com.tr\/index.php\/wp-json\/wp\/v2\/media?parent=732213"}],"wp:term":[{"taxonomy":"product_brand","embeddable":true,"href":"https:\/\/roveyayinevi.com.tr\/index.php\/wp-json\/wp\/v2\/product_brand?post=732213"},{"taxonomy":"product_cat","embeddable":true,"href":"https:\/\/roveyayinevi.com.tr\/index.php\/wp-json\/wp\/v2\/product_cat?post=732213"},{"taxonomy":"product_tag","embeddable":true,"href":"https:\/\/roveyayinevi.com.tr\/index.php\/wp-json\/wp\/v2\/product_tag?post=732213"}],"curies":[{"name":"wp","href":"https:\/\/api.w.org\/{rel}","templated":true}]}}