{"id":732207,"date":"2025-08-27T21:45:52","date_gmt":"2025-08-27T18:45:52","guid":{"rendered":"https:\/\/roveyayinevi.com.tr\/index.php\/urun\/eski-cagin-buyuk-komutanlari\/"},"modified":"2026-04-16T02:40:14","modified_gmt":"2026-04-15T23:40:14","slug":"eski-cagin-buyuk-komutanlari","status":"publish","type":"product","link":"https:\/\/roveyayinevi.com.tr\/index.php\/urun\/eski-cagin-buyuk-komutanlari\/","title":{"rendered":"Eski \u00c7a\u011f&#8217;\u0131n B\u00fcy\u00fck Komutanlar\u0131"},"content":{"rendered":"<p>\u201c\u2018Tek bir insan y\u00fcz ki\u015fiye nas\u0131l liderlik edebilir?\u2019 diye soruldu\u011funda, cevab\u0131n\u0131n alan\u0131n\u0131n \u00f6nde gelen uzmanlar\u0131n\u0131n insanl\u0131k tarihindeki en b\u00fcy\u00fck komutanlar\u0131n kariyerlerini inceledi\u011fi ve tek bir ki\u015fi taraf\u0131ndan galibiyet ya da ma\u011flubiyete g\u00f6t\u00fcr\u00fclen insanlar\u0131n sadece y\u00fcz de\u011fil, bazen y\u00fcz bazen de milyonlarca oldu\u011funun k\u0131sa ve \u00f6z bir bi\u00e7imde a\u00e7\u0131kland\u0131\u011f\u0131 bu sayfalarda bulunaca\u011f\u0131na inan\u0131yorum.\u201dAndrew RobertsHannibal\u2019\u0131n Roma ordular\u0131n\u0131 bozguna u\u011fratt\u0131\u011f\u0131 \u00fc\u00e7 zaferinden en d\u00e2hicesi hangisiydi? Pharsalos\u2019ta Pompeius\u2019u yenmek i\u00e7in Iulius Caesar hangi taktikleri kulland\u0131? B\u00fcy\u00fck \u0130skender fethedilecek yeni topraklar\u0131 ke\u015ffetmek i\u00e7in Asya\u2019n\u0131n yar\u0131s\u0131na kadar g\u00f6t\u00fcrd\u00fc\u011f\u00fc ordular\u0131n ba\u011fl\u0131l\u0131\u011f\u0131n\u0131 nas\u0131l kazand\u0131?Bunlar\u0131n ve daha bir\u00e7ok ilgi \u00e7ekici sorunun cevab\u0131n\u0131, kadim d\u00fcnyan\u0131n en b\u00fcy\u00fck 25 komutan\u0131n g\u00f6rkemli bir kronolojik ara\u015ft\u0131rmas\u0131 olan \u201cEski \u00c7a\u011f\u2019\u0131n B\u00fcy\u00fck Komutanlar\u0131\u201dnda bulabilirsiniz.B\u00fcy\u00fck M\u0131s\u0131r, Yahudi, Asur, Yunan, Makedon, Roma ve son olarak da Hun imparatorluklar\u0131n\u0131n komutanlar\u0131 sadece kendi i\u00e7lerinde korkun\u00e7 ve ilham verici liderlik \u00f6rnekleri sunmakla kalmaz ayn\u0131 zamanda da kendilerinden sonra gelen t\u00fcm b\u00fcy\u00fck komutanlar i\u00e7in bir \u00f6rnek te\u015fkil ederler.Andrew Roberts\u2019\u0131n ba\u015fedit\u00f6rl\u00fc\u011f\u00fcnde; Robin Lane Fox, Tom Holland ve John Julius Norwich gibi isimlerin de bulundu\u011fu se\u00e7kin bir tarih\u00e7i ekibi taraf\u0131ndan derlenen \u201cEski \u00c7a\u011f\u2019\u0131n B\u00fcy\u00fck Komutanlar\u0131\u201dnda, Iulius Caesar\u2019dan Yehuda Makabi\u2019ye, Sun Tzu\u2019dan Scipio Africanus\u2019a, Thoukydides\u2019ten Traianus\u2019a, B\u00fcy\u00fck \u0130skender\u2019den Attila\u2019ya d\u00f6nemin en b\u00fcy\u00fck 25 komutan\u0131n hayat\u0131 yetkin ve g\u00fczel bir \u00fcslupla i\u015fleniyor. Her komutan, taktiksel ve stratejik kabiliyetlerinin de\u011ferlendirildi\u011fi bilgilendirici ara\u015ft\u0131rmalarla ele al\u0131n\u0131yor.\u00d6zenle haz\u0131rlanm\u0131\u015f ve bilimsel oldu\u011fu kadar pop\u00fcler ve bilgilendirici de olan \u201cEski \u00c7a\u011f\u2019\u0131n B\u00fcy\u00fck Komutanlar\u0131\u201d alana yabanc\u0131 olanlar i\u00e7in m\u00fckemmel bir giri\u015f kayna\u011f\u0131 olmakla birlikte askeri tarihe h\u00e2kim olanlar i\u00e7in de ayd\u0131nlat\u0131c\u0131 ve d\u00fc\u015f\u00fcnd\u00fcr\u00fcc\u00fc bir okuma deneyimi sunuyor. D\u00fcnyan\u0131n g\u00f6rd\u00fc\u011f\u00fc en b\u00fcy\u00fck generallere dair vazge\u00e7ilmez bir rehber arayanlara\u2026<\/p>\n","protected":false},"excerpt":{"rendered":"<p>\u201c\u2018Tek bir insan y\u00fcz ki\u015fiye nas\u0131l liderlik edebilir?\u2019 diye soruldu\u011funda, cevab\u0131n\u0131n alan\u0131n\u0131n \u00f6nde gelen uzmanlar\u0131n\u0131n insanl\u0131k tarihindeki en b\u00fcy\u00fck komutanlar\u0131n kariyerlerini inceledi\u011fi ve tek bir ki\u015fi<span class=\"excerpt-hellip\"> [\u2026]<\/span><\/p>\n","protected":false},"featured_media":0,"template":"","meta":{"_monsterinsights_skip_tracking":false,"_monsterinsights_sitenote_active":false,"_monsterinsights_sitenote_note":"","_monsterinsights_sitenote_category":0},"product_brand":[],"product_cat":[12370,12304],"product_tag":[],"class_list":{"0":"post-732207","1":"product","2":"type-product","3":"status-publish","5":"product_cat-arastirma-inceleme","6":"product_cat-tarih","7":"pa_cilt-ciltsiz","8":"pa_tur-kitap","9":"pa_yayinevi-kronik-kitap","10":"pa_yazar-andrew-roberts","12":"first","13":"instock","14":"sale","15":"shipping-taxable","16":"purchasable","17":"product-type-simple"},"_links":{"self":[{"href":"https:\/\/roveyayinevi.com.tr\/index.php\/wp-json\/wp\/v2\/product\/732207","targetHints":{"allow":["GET"]}}],"collection":[{"href":"https:\/\/roveyayinevi.com.tr\/index.php\/wp-json\/wp\/v2\/product"}],"about":[{"href":"https:\/\/roveyayinevi.com.tr\/index.php\/wp-json\/wp\/v2\/types\/product"}],"wp:attachment":[{"href":"https:\/\/roveyayinevi.com.tr\/index.php\/wp-json\/wp\/v2\/media?parent=732207"}],"wp:term":[{"taxonomy":"product_brand","embeddable":true,"href":"https:\/\/roveyayinevi.com.tr\/index.php\/wp-json\/wp\/v2\/product_brand?post=732207"},{"taxonomy":"product_cat","embeddable":true,"href":"https:\/\/roveyayinevi.com.tr\/index.php\/wp-json\/wp\/v2\/product_cat?post=732207"},{"taxonomy":"product_tag","embeddable":true,"href":"https:\/\/roveyayinevi.com.tr\/index.php\/wp-json\/wp\/v2\/product_tag?post=732207"}],"curies":[{"name":"wp","href":"https:\/\/api.w.org\/{rel}","templated":true}]}}