{"id":732206,"date":"2025-08-27T21:45:52","date_gmt":"2025-08-27T18:45:52","guid":{"rendered":"https:\/\/roveyayinevi.com.tr\/index.php\/urun\/kurcala\/"},"modified":"2026-04-12T02:46:56","modified_gmt":"2026-04-11T23:46:56","slug":"kurcala","status":"publish","type":"product","link":"https:\/\/roveyayinevi.com.tr\/index.php\/urun\/kurcala\/","title":{"rendered":"Kurcala"},"content":{"rendered":"<p>Bu kitap bir manifesto: Seth Godin sizi harekete ge\u00e7meye \u00e7a\u011f\u0131r\u0131yor! \u0130\u015f yetmez. Fabrika yetmez. Ticaret yetmez. Eskiden yeterliydi ancak art\u0131k \u00f6yle de\u011fil. D\u00fcnya \u00e7ok h\u0131zl\u0131 de\u011fi\u015fiyor. \u0130nisiyatif k\u0131v\u0131lc\u0131m\u0131n\u0131z yoksa etraf\u0131n\u0131zda olup bitenlere tepki vermekten fazlas\u0131n\u0131 yapamazs\u0131n\u0131z. Hepimiz \u00f6mr\u00fcm\u00fcz\u00fc ba\u015far\u0131s\u0131zl\u0131ktan ka\u00e7\u0131narak ge\u00e7iriyoruz. Yerimizden k\u0131p\u0131rdamak, de\u011fi\u015fmek, yeni bir \u015feylere ba\u015flamak hepimizi korkutuyor. Peki, size neleri yapamayaca\u011f\u0131n\u0131z\u0131 s\u00f6yleyen herkesin yery\u00fcz\u00fcnden silindi\u011fini hayal edin. B\u00f6yle bir d\u00fcnyada ya\u015fasayd\u0131n\u0131z, ne yapard\u0131n\u0131z? \u015eimdi gidin ve onu yap\u0131n. Ba\u015far\u0131s\u0131zl\u0131ktan korkma. \u0130lk ad\u0131m\u0131 sen at! Bir yerden ba\u015fla! Kurcala! <\/p>\n","protected":false},"excerpt":{"rendered":"<p>Bu kitap bir manifesto: Seth Godin sizi harekete ge\u00e7meye \u00e7a\u011f\u0131r\u0131yor! \u0130\u015f yetmez. Fabrika yetmez. Ticaret yetmez. Eskiden yeterliydi ancak art\u0131k \u00f6yle de\u011fil. D\u00fcnya \u00e7ok h\u0131zl\u0131 de\u011fi\u015fiyor.<span class=\"excerpt-hellip\"> [\u2026]<\/span><\/p>\n","protected":false},"featured_media":0,"template":"","meta":{"_monsterinsights_skip_tracking":false,"_monsterinsights_sitenote_active":false,"_monsterinsights_sitenote_note":"","_monsterinsights_sitenote_category":0},"product_brand":[],"product_cat":[12364,12376],"product_tag":[],"class_list":{"0":"post-732206","1":"product","2":"type-product","3":"status-publish","5":"product_cat-genel-konular","6":"product_cat-kisisel-gelisim","7":"pa_cilt-ciltsiz","8":"pa_tur-kitap","9":"pa_yayinevi-mediacat-kitaplari","10":"pa_yazar-seth-godin","12":"first","13":"instock","14":"sale","15":"shipping-taxable","16":"purchasable","17":"product-type-simple"},"_links":{"self":[{"href":"https:\/\/roveyayinevi.com.tr\/index.php\/wp-json\/wp\/v2\/product\/732206","targetHints":{"allow":["GET"]}}],"collection":[{"href":"https:\/\/roveyayinevi.com.tr\/index.php\/wp-json\/wp\/v2\/product"}],"about":[{"href":"https:\/\/roveyayinevi.com.tr\/index.php\/wp-json\/wp\/v2\/types\/product"}],"wp:attachment":[{"href":"https:\/\/roveyayinevi.com.tr\/index.php\/wp-json\/wp\/v2\/media?parent=732206"}],"wp:term":[{"taxonomy":"product_brand","embeddable":true,"href":"https:\/\/roveyayinevi.com.tr\/index.php\/wp-json\/wp\/v2\/product_brand?post=732206"},{"taxonomy":"product_cat","embeddable":true,"href":"https:\/\/roveyayinevi.com.tr\/index.php\/wp-json\/wp\/v2\/product_cat?post=732206"},{"taxonomy":"product_tag","embeddable":true,"href":"https:\/\/roveyayinevi.com.tr\/index.php\/wp-json\/wp\/v2\/product_tag?post=732206"}],"curies":[{"name":"wp","href":"https:\/\/api.w.org\/{rel}","templated":true}]}}