{"id":732205,"date":"2025-08-27T21:45:51","date_gmt":"2025-08-27T18:45:51","guid":{"rendered":"https:\/\/roveyayinevi.com.tr\/index.php\/urun\/yasamak-sakinlik-ister\/"},"modified":"2026-02-03T02:56:40","modified_gmt":"2026-02-02T23:56:40","slug":"yasamak-sakinlik-ister","status":"publish","type":"product","link":"https:\/\/roveyayinevi.com.tr\/index.php\/urun\/yasamak-sakinlik-ister\/","title":{"rendered":"Ya\u015famak Sakinlik \u0130ster"},"content":{"rendered":"<p>Sen yava\u015flad\u0131\u011f\u0131nda her \u015fey d\u00fczelecek&#8230;Ne kadar h\u0131zl\u0131 olursan hayat\u0131 o kadar erken ve kuvvetli yakalars\u0131n gibi geliyor. Ne kadar h\u0131zl\u0131 olursan o kadar ba\u015far\u0131l\u0131 ve kazan\u00e7l\u0131 olaca\u011f\u0131na inan\u0131yorsun. Hayatta kalabilmenin tek \u00e7aresi, \u00e7a\u011f\u0131n h\u0131z\u0131na ayak uydurabilmek diye d\u00fc\u015f\u00fcn\u00fcyorsun. Oysa sen h\u0131zland\u0131k\u00e7a, stres ve kaos art\u0131yor sadece&#8230; Sen h\u0131zland\u0131k\u00e7a \u00e7\u00f6z\u00fcms\u00fcz g\u00f6r\u00fcnen sorunlar, kayg\u0131 ve belirsizlik \u00e7o\u011fal\u0131yor. \u00c7\u00f6zmek i\u00e7in daha da h\u0131zland\u0131\u011f\u0131nda, \u00e7\u00f6z\u00fcms\u00fcz bir hal al\u0131yor her \u015fey&#8230;Ne zaman \u00e7\u00f6z\u00fcmc\u00fc, \u00fcretken, ba\u015far\u0131l\u0131, kazan\u00e7l\u0131 ve en \u00f6nemlisi de sa\u011fl\u0131kl\u0131 olursun biliyor musun?Yava\u015flad\u0131\u011f\u0131nda&#8230;\u00c7\u00fcnk\u00fc sakinli\u011fin i\u00e7inde \u00e7\u00f6z\u00fcm vard\u0131r, \u00e7are vard\u0131r, yarat\u0131c\u0131l\u0131k ve fikir vard\u0131r. Sakinlikte bilgelik, bilgelikte anlam ve de\u011fer vard\u0131r.Sakinlik \u201cdetay\u201d demektir ve unutma ki fark\u0131 yaratacak olan da yine detaylard\u0131r. \u00c7\u00fcnk\u00fc detayda f\u0131rsatlar vard\u0131r.\u00c7a\u011f\u0131m\u0131z\u0131n insan\u0131, ihtiya\u00e7 duydu\u011fu f\u0131rsatlar\u0131, \u00e7areleri, huzuru, g\u00fcveni, sa\u011fl\u0131\u011f\u0131, ba\u015far\u0131y\u0131 ve ilham\u0131 h\u0131z\u0131n i\u00e7inde kaybetti.Oysa s\u00fck\u00fbnette beklemeye devam ediyor hepsi&#8230;Bu kitap s\u00fck\u00fbnete verilecek eme\u011fin yol rehberidir i\u015fte.<\/p>\n","protected":false},"excerpt":{"rendered":"<p>Sen yava\u015flad\u0131\u011f\u0131nda her \u015fey d\u00fczelecek&#8230;Ne kadar h\u0131zl\u0131 olursan hayat\u0131 o kadar erken ve kuvvetli yakalars\u0131n gibi geliyor. Ne kadar h\u0131zl\u0131 olursan o kadar ba\u015far\u0131l\u0131 ve kazan\u00e7l\u0131<span class=\"excerpt-hellip\"> [\u2026]<\/span><\/p>\n","protected":false},"featured_media":0,"template":"","meta":{"_monsterinsights_skip_tracking":false,"_monsterinsights_sitenote_active":false,"_monsterinsights_sitenote_note":"","_monsterinsights_sitenote_category":0},"product_brand":[],"product_cat":[12364,12376],"product_tag":[],"class_list":{"0":"post-732205","1":"product","2":"type-product","3":"status-publish","5":"product_cat-genel-konular","6":"product_cat-kisisel-gelisim","7":"pa_cilt-ciltsiz","8":"pa_tur-kitap","9":"pa_yayinevi-destek-yayinlari","10":"pa_yazar-ozgur-bacaksiz","12":"first","13":"instock","14":"sale","15":"shipping-taxable","16":"purchasable","17":"product-type-simple"},"_links":{"self":[{"href":"https:\/\/roveyayinevi.com.tr\/index.php\/wp-json\/wp\/v2\/product\/732205","targetHints":{"allow":["GET"]}}],"collection":[{"href":"https:\/\/roveyayinevi.com.tr\/index.php\/wp-json\/wp\/v2\/product"}],"about":[{"href":"https:\/\/roveyayinevi.com.tr\/index.php\/wp-json\/wp\/v2\/types\/product"}],"wp:attachment":[{"href":"https:\/\/roveyayinevi.com.tr\/index.php\/wp-json\/wp\/v2\/media?parent=732205"}],"wp:term":[{"taxonomy":"product_brand","embeddable":true,"href":"https:\/\/roveyayinevi.com.tr\/index.php\/wp-json\/wp\/v2\/product_brand?post=732205"},{"taxonomy":"product_cat","embeddable":true,"href":"https:\/\/roveyayinevi.com.tr\/index.php\/wp-json\/wp\/v2\/product_cat?post=732205"},{"taxonomy":"product_tag","embeddable":true,"href":"https:\/\/roveyayinevi.com.tr\/index.php\/wp-json\/wp\/v2\/product_tag?post=732205"}],"curies":[{"name":"wp","href":"https:\/\/api.w.org\/{rel}","templated":true}]}}