{"id":732204,"date":"2025-08-27T21:45:50","date_gmt":"2025-08-27T18:45:50","guid":{"rendered":"https:\/\/roveyayinevi.com.tr\/index.php\/urun\/on-yenilikciyle-pop-art\/"},"modified":"2026-04-16T02:40:14","modified_gmt":"2026-04-15T23:40:14","slug":"on-yenilikciyle-pop-art","status":"publish","type":"product","link":"https:\/\/roveyayinevi.com.tr\/index.php\/urun\/on-yenilikciyle-pop-art\/","title":{"rendered":"On Yenilik\u00e7iyle Pop Art"},"content":{"rendered":"<p>\u201cHER \u015eEY POPTUR, POP HER \u015eEYD\u0130R.\u201d Andy Warhol   Makinele\u015fen d\u00fcnyaya ve t\u00fcketim al\u0131\u015fkanl\u0131\u011f\u0131na bir sitemdir pop art! G\u00fczel sanatlar\u0131n gelenekselli\u011fine bir tepki olarak do\u011fmu\u015ftur. S\u0131radan olanla ortaya konmu\u015f s\u0131ra d\u0131\u015f\u0131 bir sanat&#8230; Fastfood \u00fcr\u00fcnleri, konserveler, otomobiller, elektronik ev aletleri, Hollywood y\u0131ld\u0131zlar\u0131, d\u00f6nemin siyasi y\u00fczleri ve daha neler neler&#8230; Bunlar neden sanat\u0131n bir par\u00e7as\u0131 olmas\u0131nlar ki? Kim belirler ki sanat\u0131n malzemelerini? Bu i\u015fin bir kaidesi mi vard\u0131r yani? Varsa da art\u0131k de\u011fi\u015fmi\u015ftir, ge\u00e7mi\u015f olsun. \u00c7\u00fcnk\u00fc: \u201cHer \u015fey poptur, pop her \u015feydir.\u201d B\u00f6yle diyor pop art\u0131n \u00f6nc\u00fcs\u00fc Andy Warhol&#8230; \u00d6zg\u00fcrl\u00fc\u011f\u00fcn s\u0131n\u0131rlar\u0131n\u0131 zorlayan, al\u0131\u015f\u0131lm\u0131\u015fa s\u0131rt \u00e7eviren, yeniyi denemekten ve gelenekleri y\u0131kma noktas\u0131nda sanat\u0131 bir ara\u00e7 olarak kullanmaktan \u00e7ekinmeyen on yenilik\u00e7i pop art sanat\u00e7\u0131s\u0131yla tan\u0131\u015facaks\u0131n\u0131z bu kitapta. Yeniyi denemekten ve deneyimlemekten korkmayanlar i\u00e7in deha ve zek\u00e2 dolu bir rehber&#8230;   <\/p>\n","protected":false},"excerpt":{"rendered":"<p>\u201cHER \u015eEY POPTUR, POP HER \u015eEYD\u0130R.\u201d Andy Warhol Makinele\u015fen d\u00fcnyaya ve t\u00fcketim al\u0131\u015fkanl\u0131\u011f\u0131na bir sitemdir pop art! G\u00fczel sanatlar\u0131n gelenekselli\u011fine bir tepki olarak do\u011fmu\u015ftur. S\u0131radan olanla<span class=\"excerpt-hellip\"> [\u2026]<\/span><\/p>\n","protected":false},"featured_media":0,"template":"","meta":{"_monsterinsights_skip_tracking":false,"_monsterinsights_sitenote_active":false,"_monsterinsights_sitenote_note":"","_monsterinsights_sitenote_category":0},"product_brand":[],"product_cat":[44608,12408],"product_tag":[],"class_list":{"0":"post-732204","1":"product","2":"type-product","3":"status-publish","5":"product_cat-diger-sanat","6":"product_cat-sanat","7":"pa_cilt-ciltsiz","8":"pa_tur-kitap","9":"pa_yayinevi-destek-yayinlari","10":"pa_yazar-seda-eroglu","12":"first","13":"instock","14":"sale","15":"shipping-taxable","16":"purchasable","17":"product-type-simple"},"_links":{"self":[{"href":"https:\/\/roveyayinevi.com.tr\/index.php\/wp-json\/wp\/v2\/product\/732204","targetHints":{"allow":["GET"]}}],"collection":[{"href":"https:\/\/roveyayinevi.com.tr\/index.php\/wp-json\/wp\/v2\/product"}],"about":[{"href":"https:\/\/roveyayinevi.com.tr\/index.php\/wp-json\/wp\/v2\/types\/product"}],"wp:attachment":[{"href":"https:\/\/roveyayinevi.com.tr\/index.php\/wp-json\/wp\/v2\/media?parent=732204"}],"wp:term":[{"taxonomy":"product_brand","embeddable":true,"href":"https:\/\/roveyayinevi.com.tr\/index.php\/wp-json\/wp\/v2\/product_brand?post=732204"},{"taxonomy":"product_cat","embeddable":true,"href":"https:\/\/roveyayinevi.com.tr\/index.php\/wp-json\/wp\/v2\/product_cat?post=732204"},{"taxonomy":"product_tag","embeddable":true,"href":"https:\/\/roveyayinevi.com.tr\/index.php\/wp-json\/wp\/v2\/product_tag?post=732204"}],"curies":[{"name":"wp","href":"https:\/\/api.w.org\/{rel}","templated":true}]}}