{"id":732202,"date":"2025-08-27T21:45:48","date_gmt":"2025-08-27T18:45:48","guid":{"rendered":"https:\/\/roveyayinevi.com.tr\/index.php\/urun\/sehir-hakki-neoliberal-kentlesme-ve-sinif-mucadelesi\/"},"modified":"2026-04-16T02:40:14","modified_gmt":"2026-04-15T23:40:14","slug":"sehir-hakki-neoliberal-kentlesme-ve-sinif-mucadelesi","status":"publish","type":"product","link":"https:\/\/roveyayinevi.com.tr\/index.php\/urun\/sehir-hakki-neoliberal-kentlesme-ve-sinif-mucadelesi\/","title":{"rendered":"\u015eehir Hakk\u0131 : Neoliberal Kentle\u015fme ve S\u0131n\u0131f M\u00fccadelesi"},"content":{"rendered":"<p>Kapitalist \u00fcretim tarz\u0131nda sermaye-mek\u00e2n etkile\u015fiminin i\u015fleyi\u015fine y\u00f6nelik \u00e7arp\u0131c\u0131 \u00e7\u00f6z\u00fcmlemeleri ve isabetli \u00f6ng\u00f6r\u00fcleri Henri Lefebvre\u2019i \u00f6zg\u00fcn bir noktaya ta\u015f\u0131maktad\u0131r. \u015eehir ve kent aras\u0131nda tan\u0131mlad\u0131\u011f\u0131 ve \u00e7\u00f6z\u00fcmledi\u011fi ayr\u0131m, kapitalizmin kent sorunsal\u0131na t\u00fcm boyutlar\u0131yla temas etmektedir. Kullan\u0131m de\u011feri ve sahiplenmeye endeksli, belirlenim, tahakk\u00fcm ve s\u00f6m\u00fcr\u00fc s\u00fcre\u00e7lerinden ba\u011f\u0131ms\u0131z bir nitelik arz eden \u2018\u015fehir\u2019 ile s\u00f6z konusu s\u00fcre\u00e7lerin k\u00fcresel \u00f6l\u00e7ekte somutla\u015ft\u0131\u011f\u0131 ve \u00f6zg\u00fcn nitelikleri yok etti\u011fi, t\u00fcm unsurlar\u0131yla sermayenin yeniden \u00fcretiminin bir arac\u0131na d\u00f6n\u00fc\u015fen \u2018kent\u2019 aras\u0131ndaki bu ayr\u0131m, bu anlamda dikkat \u00e7ekicidir. Lefebvre\u2019in \u015fehir hakk\u0131 olarak kavramsalla\u015ft\u0131rd\u0131\u011f\u0131 \u00e7\u00f6z\u00fcm aray\u0131\u015f\u0131 da bu ayr\u0131m \u00fczerinden somutluk kazanmaktad\u0131r. \u015eehir hakk\u0131 kavramsalla\u015ft\u0131rmas\u0131, hem \u00fcretim ili\u015fkilerinin \u00fcretti\u011fi\/yeniden \u00fcretti\u011fi ve ekonomik, toplumsal, siyasal ve mek\u00e2nsal d\u00fczlemde g\u00f6zlemlenen sorunlar\u0131 anlamland\u0131rma hem de bunlar\u0131 ve bir b\u00fct\u00fcn olarak kapitalist \u00fcretim ili\u015fkilerini ortadan kald\u0131racak devrimci d\u00f6n\u00fc\u015f\u00fcm\u00fc form\u00fcle etme a\u00e7\u0131s\u0131ndan kilit bir unsur olarak \u00f6n plana \u00e7\u0131kmaktad\u0131r. Bu kitab\u0131n temel iddias\u0131 da \u015fehir hakk\u0131 kavram\u0131n\u0131n kapitalizmi a\u015fmaya ko\u015fullu bir devrimin kuramsal yol haritas\u0131na kar\u015f\u0131l\u0131k geldi\u011fine ili\u015fkindir. Bu iddias\u0131n\u0131 da Lefebvre\u2019in mek\u00e2n-sermaye, g\u00fcndelik hayat ve toplumsal m\u00fccadele pratiklerine y\u00f6nelik \u00f6ne s\u00fcrd\u00fc\u011f\u00fc arg\u00fcman ve kavramsalla\u015ft\u0131rmalara dayand\u0131rmaktad\u0131r. Bunu yaparken, \u00f6zellikle neoliberal politikalarla daha da g\u00f6r\u00fcn\u00fcr h\u00e2le gelen, Lefebvre taraf\u0131ndan ba\u015far\u0131yla \u00f6ng\u00f6r\u00fclen ve \u00e7\u00f6z\u00fcmlenen, \u015fehrin \u00f6zg\u00fcn nitelikleri ile kapitalizme i\u00e7kin temel yasalar aras\u0131ndaki \u00e7at\u0131\u015fma noktalar\u0131 ayd\u0131nlat\u0131lmakta ve \u015fehir hakk\u0131n\u0131n ger\u00e7ekle\u015fmesinin kapitalist \u00fcretim ili\u015fkilerinin ortadan kalkmas\u0131 anlam\u0131na geldi\u011fine y\u00f6nelik iddia kuramsal ve pratik boyutlar\u0131yla gerek\u00e7elendirilmektedir. <\/p>\n","protected":false},"excerpt":{"rendered":"<p>Kapitalist \u00fcretim tarz\u0131nda sermaye-mek\u00e2n etkile\u015fiminin i\u015fleyi\u015fine y\u00f6nelik \u00e7arp\u0131c\u0131 \u00e7\u00f6z\u00fcmlemeleri ve isabetli \u00f6ng\u00f6r\u00fcleri Henri Lefebvre\u2019i \u00f6zg\u00fcn bir noktaya ta\u015f\u0131maktad\u0131r. \u015eehir ve kent aras\u0131nda tan\u0131mlad\u0131\u011f\u0131 ve \u00e7\u00f6z\u00fcmledi\u011fi ayr\u0131m,<span class=\"excerpt-hellip\"> [\u2026]<\/span><\/p>\n","protected":false},"featured_media":0,"template":"","meta":{"_monsterinsights_skip_tracking":false,"_monsterinsights_sitenote_active":false,"_monsterinsights_sitenote_note":"","_monsterinsights_sitenote_category":0},"product_brand":[],"product_cat":[31194,12337],"product_tag":[],"class_list":{"0":"post-732202","1":"product","2":"type-product","3":"status-publish","5":"product_cat-guncel-siyaset","6":"product_cat-politika-siyaset","7":"pa_cilt-ciltsiz","8":"pa_tur-kitap","9":"pa_yayinevi-nika-yayinevi","10":"pa_yazar-hikmet-kuran","12":"first","13":"instock","14":"sale","15":"shipping-taxable","16":"purchasable","17":"product-type-simple"},"_links":{"self":[{"href":"https:\/\/roveyayinevi.com.tr\/index.php\/wp-json\/wp\/v2\/product\/732202","targetHints":{"allow":["GET"]}}],"collection":[{"href":"https:\/\/roveyayinevi.com.tr\/index.php\/wp-json\/wp\/v2\/product"}],"about":[{"href":"https:\/\/roveyayinevi.com.tr\/index.php\/wp-json\/wp\/v2\/types\/product"}],"wp:attachment":[{"href":"https:\/\/roveyayinevi.com.tr\/index.php\/wp-json\/wp\/v2\/media?parent=732202"}],"wp:term":[{"taxonomy":"product_brand","embeddable":true,"href":"https:\/\/roveyayinevi.com.tr\/index.php\/wp-json\/wp\/v2\/product_brand?post=732202"},{"taxonomy":"product_cat","embeddable":true,"href":"https:\/\/roveyayinevi.com.tr\/index.php\/wp-json\/wp\/v2\/product_cat?post=732202"},{"taxonomy":"product_tag","embeddable":true,"href":"https:\/\/roveyayinevi.com.tr\/index.php\/wp-json\/wp\/v2\/product_tag?post=732202"}],"curies":[{"name":"wp","href":"https:\/\/api.w.org\/{rel}","templated":true}]}}

Şehir Hakkı : Neoliberal Kentleşme ve Sınıf Mücadelesi

<p>Kapitalist üretim tarzında sermaye-mekân etkileşiminin işleyişine yönelik çarpıcı çözümlemeleri ve isabetli öngörüleri Henri Lefebvre’i özgün bir noktaya taşımaktadır. Şehir ve kent arasında tanımladığı ve çözümlediği ayrım, kapitalizmin kent sorunsalına tüm boyutlarıyla temas etmektedir. Kullanım değeri ve sahiplenmeye endeksli, belirlenim, tahakküm ve sömürü süreçlerinden bağımsız bir nitelik arz eden ‘şehir’ ile söz konusu süreçlerin küresel ölçekte somutlaştığı ve özgün nitelikleri yok ettiği, tüm unsurlarıyla sermayenin yeniden üretiminin bir aracına dönüşen ‘kent’ arasındaki bu ayrım, bu anlamda dikkat çekicidir. Lefebvre’in şehir hakkı olarak kavramsallaştırdığı çözüm arayışı da bu ayrım üzerinden somutluk kazanmaktadır. Şehir hakkı kavramsallaştırması, hem üretim ilişkilerinin ürettiği/yeniden ürettiği ve ekonomik, toplumsal, siyasal ve mekânsal düzlemde gözlemlenen sorunları anlamlandırma hem de bunları ve bir bütün olarak kapitalist üretim ilişkilerini ortadan kaldıracak devrimci dönüşümü formüle etme açısından kilit bir unsur olarak ön plana çıkmaktadır. Bu kitabın temel iddiası da şehir hakkı kavramının kapitalizmi aşmaya koşullu bir devrimin kuramsal yol haritasına karşılık geldiğine ilişkindir. Bu iddiasını da Lefebvre’in mekân-sermaye, gündelik hayat ve toplumsal mücadele pratiklerine yönelik öne sürdüğü argüman ve kavramsallaştırmalara dayandırmaktadır. Bunu yaparken, özellikle neoliberal politikalarla daha da görünür hâle gelen, Lefebvre tarafından başarıyla öngörülen ve çözümlenen, şehrin özgün nitelikleri ile kapitalizme içkin temel yasalar arasındaki çatışma noktaları aydınlatılmakta ve şehir hakkının gerçekleşmesinin kapitalist üretim ilişkilerinin ortadan kalkması anlamına geldiğine yönelik iddia kuramsal ve pratik boyutlarıyla gerekçelendirilmektedir. </p>

<p>Kapitalist üretim tarzında sermaye-mekân etkileşiminin işleyişine yönelik çarpıcı çözümlemeleri ve isabetli öngörüleri Henri Lefebvre’i özgün bir noktaya taşımaktadır. Şehir ve kent arasında tanımladığı ve çözümlediği ayrım,<span class="excerpt-hellip"> […]</span></p>
