{"id":732198,"date":"2025-08-27T21:45:44","date_gmt":"2025-08-27T18:45:44","guid":{"rendered":"https:\/\/roveyayinevi.com.tr\/index.php\/urun\/kazdaglari-oykuleri\/"},"modified":"2026-04-16T02:40:14","modified_gmt":"2026-04-15T23:40:14","slug":"kazdaglari-oykuleri","status":"publish","type":"product","link":"https:\/\/roveyayinevi.com.tr\/index.php\/urun\/kazdaglari-oykuleri\/","title":{"rendered":"Kazda\u011flar\u0131 \u00d6yk\u00fcleri"},"content":{"rendered":"<p>\u201cE\u011fer ekolojik bir ya\u015fama arzu duyuyorsan\u0131z, ekip bi\u00e7mekten, \u00f6zde bir ya\u015famdanbahsediyorsan\u0131z; sevmekten, kabulden, birlikten ve toprakta bitmi\u015f \u00f6zg\u00fcr g\u00f6n\u00fcllerden\u00f6\u011frenece\u011finiz kocaman bir d\u00fcnyadan bahsediyorsunuz.\u201dBu kocaman d\u00fcnyadan ve birbirine ba\u011fl\u0131 hik\u00e2yelerden olu\u015fan Kazda\u011flar\u0131 \u00d6yk\u00fcleri,Bayrami\u00e7\u2019in s\u0131cak iklimini bir \u0131l\u0131k r\u00fczg\u00e2rla ta\u015f\u0131yor bizlere. Kalplerimizi yeniden Anadoluinsan\u0131n\u0131n c\u00f6mertli\u011fi, d\u00fcr\u00fcstl\u00fc\u011f\u00fc ve misafirperverli\u011fi ile dolduruyor. \u0130nsan\u0131n do\u011fan\u0131nayr\u0131lmaz bir par\u00e7as\u0131, bir b\u00fct\u00fcn\u00fcn iki penceresi oldu\u011funu anlat\u0131yor. K\u00f6yl\u00fclerin y\u00f6resel a\u011f\u0131z\u00f6zellikleri ile kahvehanelerde, \u015fenliklerde, g\u00fcnl\u00fck sohbetlerde konu\u015ftuklar\u0131 t\u00fcm konularinsanl\u0131\u011f\u0131n dili haline geliyor.Ekolojik mimarl\u0131k ve tasar\u0131m gibi konularda yay\u0131nlanm\u0131\u015f iki eseri de b\u00fcy\u00fck be\u011feni toplayanMelih A\u015fanl\u0131, bu kez bizleri kurgu ile ger\u00e7e\u011fin birle\u015fiminden meydana getirdi\u011fi edebiyatd\u00fcnyas\u0131na ta\u015f\u0131yor. H\u00fcz\u00fcnlerin, mutluluklar\u0131n, insana ait t\u00fcm duygular\u0131n \u015feffaf bir ger\u00e7eklikleaktar\u0131ld\u0131\u011f\u0131 bu eseri \u015fen bir k\u00f6y\u00fcn Arnavut kald\u0131r\u0131mlar\u0131nda y\u00fcr\u00fcme huzuru ile okuyacaks\u0131n\u0131z.<\/p>\n","protected":false},"excerpt":{"rendered":"<p>\u201cE\u011fer ekolojik bir ya\u015fama arzu duyuyorsan\u0131z, ekip bi\u00e7mekten, \u00f6zde bir ya\u015famdanbahsediyorsan\u0131z; sevmekten, kabulden, birlikten ve toprakta bitmi\u015f \u00f6zg\u00fcr g\u00f6n\u00fcllerden\u00f6\u011frenece\u011finiz kocaman bir d\u00fcnyadan bahsediyorsunuz.\u201dBu kocaman d\u00fcnyadan ve<span class=\"excerpt-hellip\"> [\u2026]<\/span><\/p>\n","protected":false},"featured_media":0,"template":"","meta":{"_monsterinsights_skip_tracking":false,"_monsterinsights_sitenote_active":false,"_monsterinsights_sitenote_note":"","_monsterinsights_sitenote_category":0},"product_brand":[],"product_cat":[12291,12711],"product_tag":[],"class_list":{"0":"post-732198","1":"product","2":"type-product","3":"status-publish","5":"product_cat-edebiyat","6":"product_cat-roman-oyku","7":"pa_cilt-ciltsiz","8":"pa_tur-kitap","9":"pa_yayinevi-yeni-insan-yayinlari","10":"pa_yazar-melih-asanli","12":"first","13":"instock","14":"sale","15":"shipping-taxable","16":"purchasable","17":"product-type-simple"},"_links":{"self":[{"href":"https:\/\/roveyayinevi.com.tr\/index.php\/wp-json\/wp\/v2\/product\/732198","targetHints":{"allow":["GET"]}}],"collection":[{"href":"https:\/\/roveyayinevi.com.tr\/index.php\/wp-json\/wp\/v2\/product"}],"about":[{"href":"https:\/\/roveyayinevi.com.tr\/index.php\/wp-json\/wp\/v2\/types\/product"}],"wp:attachment":[{"href":"https:\/\/roveyayinevi.com.tr\/index.php\/wp-json\/wp\/v2\/media?parent=732198"}],"wp:term":[{"taxonomy":"product_brand","embeddable":true,"href":"https:\/\/roveyayinevi.com.tr\/index.php\/wp-json\/wp\/v2\/product_brand?post=732198"},{"taxonomy":"product_cat","embeddable":true,"href":"https:\/\/roveyayinevi.com.tr\/index.php\/wp-json\/wp\/v2\/product_cat?post=732198"},{"taxonomy":"product_tag","embeddable":true,"href":"https:\/\/roveyayinevi.com.tr\/index.php\/wp-json\/wp\/v2\/product_tag?post=732198"}],"curies":[{"name":"wp","href":"https:\/\/api.w.org\/{rel}","templated":true}]}}