{"id":732187,"date":"2025-08-27T21:45:34","date_gmt":"2025-08-27T18:45:34","guid":{"rendered":"https:\/\/roveyayinevi.com.tr\/index.php\/urun\/ortaokullar-icin-uyak-kilavuzu\/"},"modified":"2026-04-16T02:40:14","modified_gmt":"2026-04-15T23:40:14","slug":"ortaokullar-icin-uyak-kilavuzu","status":"publish","type":"product","link":"https:\/\/roveyayinevi.com.tr\/index.php\/urun\/ortaokullar-icin-uyak-kilavuzu\/","title":{"rendered":"Ortaokullar \u0130\u00e7in Uyak K\u0131lavuzu"},"content":{"rendered":"<p>\u00d6zellikle \u00f6l\u00e7\u00fcl\u00fc, uyakl\u0131 \u015fiirlerde, uyakl\u0131 s\u00f6zc\u00fcklerin kullan\u0131lmas\u0131, bu t\u00fcr \u015fiirlerin kesin ve de\u011fi\u015fmez kural\u0131d\u0131r. Bununla birlikte; serbest \u015fiirler ve hatta d\u00fcz yaz\u0131larda bile, zaman zaman uyakl\u0131 s\u00f6zc\u00fcklere yer verilmesinin \u015fiire ve yaz\u0131ya ayr\u0131 bir ahenk ve g\u00fczellik katt\u0131\u011f\u0131 da bir ger\u00e7ektir. Bu ba\u011flamda s\u00f6zc\u00fck da\u011farc\u0131klar\u0131 \u00e7ok daha k\u0131s\u0131tl\u0131 olan, ortaokul \u00e7a\u011f\u0131ndaki \u00e7ocuklar\u0131m\u0131zda uyakl\u0131 s\u00f6zc\u00fck bulma s\u0131k\u0131nt\u0131s\u0131n\u0131n daha \u00e7ok ya\u015fand\u0131\u011f\u0131 g\u00f6zlemlemektedir.   \u0130\u015fte bu ger\u00e7ekler \u0131\u015f\u0131\u011f\u0131nda ortaokul \u00e7a\u011f\u0131ndaki yavrular\u0131m\u0131zda \u015fiir yazma heves ve iste\u011fi uyand\u0131rmak, bu heves ve iste\u011fi sa\u011fl\u0131kl\u0131 bir \u015fekilde daha ileriki \u00e7a\u011flara ta\u015f\u0131yarak, kal\u0131c\u0131 bir davran\u0131\u015f haline d\u00f6n\u00fc\u015ft\u00fcrmelerine katk\u0131da bulunmak amac\u0131yla b\u00f6yle bir \u00e7al\u0131\u015fma yapmay\u0131 gere\u011fi duyduk ve bu k\u0131lavuzu haz\u0131rlad\u0131k. <\/p>\n","protected":false},"excerpt":{"rendered":"<p>\u00d6zellikle \u00f6l\u00e7\u00fcl\u00fc, uyakl\u0131 \u015fiirlerde, uyakl\u0131 s\u00f6zc\u00fcklerin kullan\u0131lmas\u0131, bu t\u00fcr \u015fiirlerin kesin ve de\u011fi\u015fmez kural\u0131d\u0131r. Bununla birlikte; serbest \u015fiirler ve hatta d\u00fcz yaz\u0131larda bile, zaman zaman uyakl\u0131<span class=\"excerpt-hellip\"> [\u2026]<\/span><\/p>\n","protected":false},"featured_media":0,"template":"","meta":{"_monsterinsights_skip_tracking":false,"_monsterinsights_sitenote_active":false,"_monsterinsights_sitenote_note":"","_monsterinsights_sitenote_category":0},"product_brand":[],"product_cat":[36242,12566,13611],"product_tag":[],"class_list":{"0":"post-732187","1":"product","2":"type-product","3":"status-publish","5":"product_cat-diger-sozlukler-ve-konusma-kilavuzlari","6":"product_cat-egitim","7":"product_cat-sozlukler-ve-konusma-kilavuzlari","8":"pa_cilt-ciltsiz","9":"pa_tur-kitap","10":"pa_yayinevi-gulnar-yayinlari","11":"pa_yazar-hamit-goksoy","13":"first","14":"instock","15":"sale","16":"shipping-taxable","17":"purchasable","18":"product-type-simple"},"_links":{"self":[{"href":"https:\/\/roveyayinevi.com.tr\/index.php\/wp-json\/wp\/v2\/product\/732187","targetHints":{"allow":["GET"]}}],"collection":[{"href":"https:\/\/roveyayinevi.com.tr\/index.php\/wp-json\/wp\/v2\/product"}],"about":[{"href":"https:\/\/roveyayinevi.com.tr\/index.php\/wp-json\/wp\/v2\/types\/product"}],"wp:attachment":[{"href":"https:\/\/roveyayinevi.com.tr\/index.php\/wp-json\/wp\/v2\/media?parent=732187"}],"wp:term":[{"taxonomy":"product_brand","embeddable":true,"href":"https:\/\/roveyayinevi.com.tr\/index.php\/wp-json\/wp\/v2\/product_brand?post=732187"},{"taxonomy":"product_cat","embeddable":true,"href":"https:\/\/roveyayinevi.com.tr\/index.php\/wp-json\/wp\/v2\/product_cat?post=732187"},{"taxonomy":"product_tag","embeddable":true,"href":"https:\/\/roveyayinevi.com.tr\/index.php\/wp-json\/wp\/v2\/product_tag?post=732187"}],"curies":[{"name":"wp","href":"https:\/\/api.w.org\/{rel}","templated":true}]}}