{"id":732170,"date":"2025-08-27T21:45:16","date_gmt":"2025-08-27T18:45:16","guid":{"rendered":"https:\/\/roveyayinevi.com.tr\/index.php\/urun\/kumarbaz-8\/"},"modified":"2026-04-16T02:39:57","modified_gmt":"2026-04-15T23:39:57","slug":"kumarbaz-8","status":"publish","type":"product","link":"https:\/\/roveyayinevi.com.tr\/index.php\/urun\/kumarbaz-8\/","title":{"rendered":"Kumarbaz"},"content":{"rendered":"<p>Kumarbaz, psikolojik realizmin en ba\u015far\u0131l\u0131 kalemlerinden biri kabul edilen Dostoyevski\u2019nin kumar borcunu \u00f6deyebilmek i\u00e7in yirmi dokuz g\u00fcnde bitirdi\u011fi, roman\u0131n ana karakteri Aleksey \u0130vanovi\u00e7\u2019i de kendisinden esinlenerek yaratt\u0131\u011f\u0131 roman\u0131d\u0131r. D\u00fcnyan\u0131n \u00e7e\u015fitli \u00fclkelerinden gelen kumarbazlar\u0131n topland\u0131\u011f\u0131 kurmaca bir Alman kasabas\u0131 olan Rulettenburg\u2019da ge\u00e7en roman, Dostoyevski&#8217;nin 1862\u2019de yapt\u0131\u011f\u0131 Avrupa seyahatinin izlenimleriyle doludur. Dostoyevski\u2019nin de bizzat m\u00fccadele etti\u011fi paras\u0131zl\u0131k ve kumar d\u00fc\u015fk\u00fcnl\u00fc\u011f\u00fcn\u00fc anlatan Kumarbaz, korkun\u00e7 ve amans\u0131z bir saplant\u0131n\u0131n, harcanan bir hayat\u0131n \u00f6yk\u00fcs\u00fcd\u00fcr. <\/p>\n","protected":false},"excerpt":{"rendered":"<p>Kumarbaz, psikolojik realizmin en ba\u015far\u0131l\u0131 kalemlerinden biri kabul edilen Dostoyevski\u2019nin kumar borcunu \u00f6deyebilmek i\u00e7in yirmi dokuz g\u00fcnde bitirdi\u011fi, roman\u0131n ana karakteri Aleksey \u0130vanovi\u00e7\u2019i de kendisinden esinlenerek<span class=\"excerpt-hellip\"> [\u2026]<\/span><\/p>\n","protected":false},"featured_media":0,"template":"","meta":{"_monsterinsights_skip_tracking":false,"_monsterinsights_sitenote_active":false,"_monsterinsights_sitenote_note":"","_monsterinsights_sitenote_category":0},"product_brand":[],"product_cat":[12291,12711],"product_tag":[],"class_list":{"0":"post-732170","1":"product","2":"type-product","3":"status-publish","5":"product_cat-edebiyat","6":"product_cat-roman-oyku","7":"pa_cilt-ciltsiz","8":"pa_tur-kitap","9":"pa_yayinevi-can-yayinlari","10":"pa_yazar-fyodor-mihaylovic-dostoyevski","12":"first","13":"instock","14":"sale","15":"shipping-taxable","16":"purchasable","17":"product-type-simple"},"_links":{"self":[{"href":"https:\/\/roveyayinevi.com.tr\/index.php\/wp-json\/wp\/v2\/product\/732170","targetHints":{"allow":["GET"]}}],"collection":[{"href":"https:\/\/roveyayinevi.com.tr\/index.php\/wp-json\/wp\/v2\/product"}],"about":[{"href":"https:\/\/roveyayinevi.com.tr\/index.php\/wp-json\/wp\/v2\/types\/product"}],"wp:attachment":[{"href":"https:\/\/roveyayinevi.com.tr\/index.php\/wp-json\/wp\/v2\/media?parent=732170"}],"wp:term":[{"taxonomy":"product_brand","embeddable":true,"href":"https:\/\/roveyayinevi.com.tr\/index.php\/wp-json\/wp\/v2\/product_brand?post=732170"},{"taxonomy":"product_cat","embeddable":true,"href":"https:\/\/roveyayinevi.com.tr\/index.php\/wp-json\/wp\/v2\/product_cat?post=732170"},{"taxonomy":"product_tag","embeddable":true,"href":"https:\/\/roveyayinevi.com.tr\/index.php\/wp-json\/wp\/v2\/product_tag?post=732170"}],"curies":[{"name":"wp","href":"https:\/\/api.w.org\/{rel}","templated":true}]}}