{"id":732167,"date":"2025-08-27T21:45:13","date_gmt":"2025-08-27T18:45:13","guid":{"rendered":"https:\/\/roveyayinevi.com.tr\/index.php\/urun\/agaclarimiza-ne-oldu-alfabe-bulutu-4\/"},"modified":"2026-04-16T02:39:56","modified_gmt":"2026-04-15T23:39:56","slug":"agaclarimiza-ne-oldu-alfabe-bulutu-4","status":"publish","type":"product","link":"https:\/\/roveyayinevi.com.tr\/index.php\/urun\/agaclarimiza-ne-oldu-alfabe-bulutu-4\/","title":{"rendered":"A\u011fa\u00e7lar\u0131m\u0131za Ne Oldu? Alfabe Bulutu 4"},"content":{"rendered":"<p>\u00c7ok uzun zaman \u00f6nce, insanlar yazmaya ihtiya\u00e7 duyduklar\u0131n\u0131 anlad\u0131lar. Ancak bunu nas\u0131l yapacaklar\u0131n\u0131 bilmiyorlard\u0131. Tam o s\u0131rada, d\u00fcnyayaen yak\u0131n bulut olan Alfabe Bulutu\u2019nda ya\u015famlar\u0131n\u0131 s\u00fcren harfler, insanlarla ileti\u015fime ge\u00e7ip onlara yaz\u0131y\u0131 \u00f6\u011frettiler. Alfabe Bulutu\u2019nun d\u00fczenli ziyaret\u00e7ilerinden Alp G\u00f6kalp, bu dizide bizlere baz\u0131 bulut sakinlerinin hik\u00e2yelerini anlat\u0131yor\u2026 O sabah, \u015fehirdeki herkes a\u011fa\u00e7lar\u0131n yok oldu\u011funu fark etti. Bah\u00e7elerinde, ormanlarda tek bir a\u011fa\u00e7 kalmam\u0131\u015ft\u0131. G\u00fcnl\u00fck hayattabir a\u011fac\u0131 di\u011ferinden ay\u0131rt edemeyen insanlar, bir felaketin yakla\u015ft\u0131\u011f\u0131n\u0131 hissetmenin huzursuzlu\u011funu ya\u015f\u0131yorlard\u0131. Alfabe Bulutu ise ba\u015fka bir haberle \u00e7alkalanmaktayd\u0131: K\u00fc\u00e7\u00fck harflerden biri o g\u00fcn okuldan eve d\u00f6nmemi\u015fti.<\/p>\n","protected":false},"excerpt":{"rendered":"<p>\u00c7ok uzun zaman \u00f6nce, insanlar yazmaya ihtiya\u00e7 duyduklar\u0131n\u0131 anlad\u0131lar. Ancak bunu nas\u0131l yapacaklar\u0131n\u0131 bilmiyorlard\u0131. Tam o s\u0131rada, d\u00fcnyayaen yak\u0131n bulut olan Alfabe Bulutu\u2019nda ya\u015famlar\u0131n\u0131 s\u00fcren harfler,<span class=\"excerpt-hellip\"> [\u2026]<\/span><\/p>\n","protected":false},"featured_media":0,"template":"","meta":{"_monsterinsights_skip_tracking":false,"_monsterinsights_sitenote_active":false,"_monsterinsights_sitenote_note":"","_monsterinsights_sitenote_category":0},"product_brand":[],"product_cat":[12913,12274],"product_tag":[],"class_list":{"0":"post-732167","1":"product","2":"type-product","3":"status-publish","5":"product_cat-3-6-yas-kitaplari","6":"product_cat-cocuk-ve-genclik-kitaplari","7":"pa_cilt-ciltsiz","8":"pa_tur-kitap","9":"pa_yayinevi-can-cocuk-yayinlari","10":"pa_yazar-alp-gokalp","12":"first","13":"instock","14":"sale","15":"shipping-taxable","16":"purchasable","17":"product-type-simple"},"_links":{"self":[{"href":"https:\/\/roveyayinevi.com.tr\/index.php\/wp-json\/wp\/v2\/product\/732167","targetHints":{"allow":["GET"]}}],"collection":[{"href":"https:\/\/roveyayinevi.com.tr\/index.php\/wp-json\/wp\/v2\/product"}],"about":[{"href":"https:\/\/roveyayinevi.com.tr\/index.php\/wp-json\/wp\/v2\/types\/product"}],"wp:attachment":[{"href":"https:\/\/roveyayinevi.com.tr\/index.php\/wp-json\/wp\/v2\/media?parent=732167"}],"wp:term":[{"taxonomy":"product_brand","embeddable":true,"href":"https:\/\/roveyayinevi.com.tr\/index.php\/wp-json\/wp\/v2\/product_brand?post=732167"},{"taxonomy":"product_cat","embeddable":true,"href":"https:\/\/roveyayinevi.com.tr\/index.php\/wp-json\/wp\/v2\/product_cat?post=732167"},{"taxonomy":"product_tag","embeddable":true,"href":"https:\/\/roveyayinevi.com.tr\/index.php\/wp-json\/wp\/v2\/product_tag?post=732167"}],"curies":[{"name":"wp","href":"https:\/\/api.w.org\/{rel}","templated":true}]}}