{"id":732146,"date":"2025-08-27T21:44:53","date_gmt":"2025-08-27T18:44:53","guid":{"rendered":"https:\/\/roveyayinevi.com.tr\/index.php\/urun\/merhaba-2\/"},"modified":"2026-04-16T02:39:56","modified_gmt":"2026-04-15T23:39:56","slug":"merhaba-2","status":"publish","type":"product","link":"https:\/\/roveyayinevi.com.tr\/index.php\/urun\/merhaba-2\/","title":{"rendered":"Merhaba"},"content":{"rendered":"<p>\u00d6n\u00fcm arkam sa\u011f\u0131m solum ebe; diyerek ba\u015flad\u0131\u011f\u0131m\u0131z oyun hayat\u0131m\u0131za bir \u00f6m\u00fcr devam edece\u011fimizi anlad\u0131\u011f\u0131m\u0131zda ba\u015flad\u0131 \u00e7ocukluk a\u015fk\u0131. Bug\u00fcne kadar tutu\u015ftu\u011fumuz o minik ellerle bazen halkaya kar\u0131\u015ft\u0131k bazen r\u00fczg\u00e2rla yar\u0131\u015ft\u0131k. \u00c7o\u011fu zaman da kahkahalarla bak\u0131\u015ft\u0131k. Beraber bir a\u011fa\u00e7 dal\u0131na, bir ta\u015fa, bir ar\u0131ya \u015fark\u0131lar f\u0131s\u0131ldad\u0131k. Yani asl\u0131nda biz \u00e7ocuk olmay\u0131 hi\u00e7 b\u0131rakmad\u0131k..   Art\u0131k dans edip e\u011flenirken; solucan\u0131n yard\u0131mseverli\u011fini, gezegenlerin b\u00fcy\u00fcl\u00fc d\u00fcnyas\u0131n\u0131, dondurman\u0131n ne kadar lezzetli oldu\u011funu ve kendilerinin \u00e7ok \u00f6zel olduklar\u0131n\u0131 bir kez de bu \u015fark\u0131lardan duyacaklar. Bu kitapta \u00e7ocuklar\u0131n \u00f6\u011fretmenleri ve anne-babalar\u0131yla birlikte s\u00f6yleyecekleri, s\u00f6ylerken e\u011flenecekleri ve e\u011flenirken \u00f6\u011frenecekleri 13 \u015fark\u0131 ile onlar\u0131n d\u00fcnyas\u0131nda en sevdi\u011fi, en e\u011flenceli etkinlileri bir araya getirdik.<\/p>\n","protected":false},"excerpt":{"rendered":"<p>\u00d6n\u00fcm arkam sa\u011f\u0131m solum ebe; diyerek ba\u015flad\u0131\u011f\u0131m\u0131z oyun hayat\u0131m\u0131za bir \u00f6m\u00fcr devam edece\u011fimizi anlad\u0131\u011f\u0131m\u0131zda ba\u015flad\u0131 \u00e7ocukluk a\u015fk\u0131. Bug\u00fcne kadar tutu\u015ftu\u011fumuz o minik ellerle bazen halkaya kar\u0131\u015ft\u0131k<span class=\"excerpt-hellip\"> [\u2026]<\/span><\/p>\n","protected":false},"featured_media":0,"template":"","meta":{"_monsterinsights_skip_tracking":false,"_monsterinsights_sitenote_active":false,"_monsterinsights_sitenote_note":"","_monsterinsights_sitenote_category":0},"product_brand":[],"product_cat":[12274,12518],"product_tag":[],"class_list":{"0":"post-732146","1":"product","2":"type-product","3":"status-publish","5":"product_cat-cocuk-ve-genclik-kitaplari","6":"product_cat-okul-oncesi-kitaplar","7":"pa_cilt-ciltsiz","8":"pa_tur-kitap","9":"pa_yayinevi-egiten-kitap","10":"pa_yazar-yagmur-kuscu-ozden-kuscu","12":"first","13":"instock","14":"sale","15":"shipping-taxable","16":"purchasable","17":"product-type-simple"},"_links":{"self":[{"href":"https:\/\/roveyayinevi.com.tr\/index.php\/wp-json\/wp\/v2\/product\/732146","targetHints":{"allow":["GET"]}}],"collection":[{"href":"https:\/\/roveyayinevi.com.tr\/index.php\/wp-json\/wp\/v2\/product"}],"about":[{"href":"https:\/\/roveyayinevi.com.tr\/index.php\/wp-json\/wp\/v2\/types\/product"}],"wp:attachment":[{"href":"https:\/\/roveyayinevi.com.tr\/index.php\/wp-json\/wp\/v2\/media?parent=732146"}],"wp:term":[{"taxonomy":"product_brand","embeddable":true,"href":"https:\/\/roveyayinevi.com.tr\/index.php\/wp-json\/wp\/v2\/product_brand?post=732146"},{"taxonomy":"product_cat","embeddable":true,"href":"https:\/\/roveyayinevi.com.tr\/index.php\/wp-json\/wp\/v2\/product_cat?post=732146"},{"taxonomy":"product_tag","embeddable":true,"href":"https:\/\/roveyayinevi.com.tr\/index.php\/wp-json\/wp\/v2\/product_tag?post=732146"}],"curies":[{"name":"wp","href":"https:\/\/api.w.org\/{rel}","templated":true}]}}