{"id":732125,"date":"2025-08-27T21:44:28","date_gmt":"2025-08-27T18:44:28","guid":{"rendered":"https:\/\/roveyayinevi.com.tr\/index.php\/urun\/cag-sancisi\/"},"modified":"2026-04-16T02:39:56","modified_gmt":"2026-04-15T23:39:56","slug":"cag-sancisi","status":"publish","type":"product","link":"https:\/\/roveyayinevi.com.tr\/index.php\/urun\/cag-sancisi\/","title":{"rendered":"\u00c7a\u011f Sanc\u0131s\u0131"},"content":{"rendered":"<p>\u201c\u00dclkenin ve bas\u0131n\u0131n bunal\u0131ml\u0131 y\u0131llar\u0131nda yapt\u0131\u011f\u0131m bu s\u00f6yle\u015filer, mesleki ve ahlaki hayatta kalma \u00e7abas\u0131yd\u0131.\u201d   Tarih dalgalar halinde ilerler. Bize bir \u00e7a\u011f d\u00f6n\u00fcm\u00fc, f\u0131rt\u0131nal\u0131 y\u0131llar denk geldi. Hayatlar\u0131m\u0131z eskisi gibi de\u011fil, olmayacak da.  \u00c7\u0131nar Oskay, ya\u015fad\u0131\u011f\u0131m\u0131z b\u00fcy\u00fck d\u00f6n\u00fc\u015f\u00fcm\u00fc anlatan ar\u015fivlik s\u00f6yle\u015filerle ahlaki, politik, entelekt\u00fcel yol haritalar\u0131 ortaya koyuyor. Her birimizin hissetti\u011fi \u00e7a\u011f sanc\u0131lar\u0131n\u0131, gizemlerini \u00e7\u00f6zerek dindirmeye \u00e7al\u0131\u015f\u0131yor.    D\u00fcnyan\u0131n en etkili tarih\u00e7isi Yuval Noah Harari ile S\u00fcleyman Demirel, Uruguay\u2019\u0131n eski Cumhurba\u015fkan\u0131 Jos\u00e9 Mujica ile \u015eener \u015een, Facebook\u2019un 2 numaral\u0131 ismi Sheryl Sandberg ile Ayta\u00e7 Yalman, Sezen Aksu, Cem Y\u0131lmaz ve Orhan Pamuk&#8230; 29 ikonik isim b\u00f6ylece bir kitapta bir araya geliyor. Adalet A\u011fao\u011flu ile \u00c7etin Altan\u2019\u0131n son s\u00f6yle\u015fileri de \u00c7a\u011f Sanc\u0131s\u0131\u2019nda yer al\u0131yor.   Oskay\u2019\u0131n T\u00fcrkiye\u2019nin ve d\u00fcnyan\u0131n alan\u0131nda \u00e7\u0131\u011f\u0131r a\u00e7an isimleriyle ger\u00e7ekle\u015ftirdi\u011fi bu s\u00f6yle\u015filer, d\u00fcnya siyasetinden tarihimizin d\u00f6n\u00fcm noktalar\u0131na, m\u00fczik ve sinemadan edebiyata, okuyucuyu ufuk a\u00e7\u0131c\u0131, lezzetli bir gezintiye \u00e7\u0131kar\u0131yor. <\/p>\n","protected":false},"excerpt":{"rendered":"<p>\u201c\u00dclkenin ve bas\u0131n\u0131n bunal\u0131ml\u0131 y\u0131llar\u0131nda yapt\u0131\u011f\u0131m bu s\u00f6yle\u015filer, mesleki ve ahlaki hayatta kalma \u00e7abas\u0131yd\u0131.\u201d Tarih dalgalar halinde ilerler. Bize bir \u00e7a\u011f d\u00f6n\u00fcm\u00fc, f\u0131rt\u0131nal\u0131 y\u0131llar denk geldi.<span class=\"excerpt-hellip\"> [\u2026]<\/span><\/p>\n","protected":false},"featured_media":0,"template":"","meta":{"_monsterinsights_skip_tracking":false,"_monsterinsights_sitenote_active":false,"_monsterinsights_sitenote_note":"","_monsterinsights_sitenote_category":0},"product_brand":[],"product_cat":[12291,30969],"product_tag":[],"class_list":{"0":"post-732125","1":"product","2":"type-product","3":"status-publish","5":"product_cat-edebiyat","6":"product_cat-soylesi-edebiyat","7":"pa_cilt-ciltsiz","8":"pa_tur-kitap","9":"pa_yayinevi-dogan-kitap","10":"pa_yazar-cinar-oskay","12":"first","13":"instock","14":"sale","15":"shipping-taxable","16":"purchasable","17":"product-type-simple"},"_links":{"self":[{"href":"https:\/\/roveyayinevi.com.tr\/index.php\/wp-json\/wp\/v2\/product\/732125","targetHints":{"allow":["GET"]}}],"collection":[{"href":"https:\/\/roveyayinevi.com.tr\/index.php\/wp-json\/wp\/v2\/product"}],"about":[{"href":"https:\/\/roveyayinevi.com.tr\/index.php\/wp-json\/wp\/v2\/types\/product"}],"wp:attachment":[{"href":"https:\/\/roveyayinevi.com.tr\/index.php\/wp-json\/wp\/v2\/media?parent=732125"}],"wp:term":[{"taxonomy":"product_brand","embeddable":true,"href":"https:\/\/roveyayinevi.com.tr\/index.php\/wp-json\/wp\/v2\/product_brand?post=732125"},{"taxonomy":"product_cat","embeddable":true,"href":"https:\/\/roveyayinevi.com.tr\/index.php\/wp-json\/wp\/v2\/product_cat?post=732125"},{"taxonomy":"product_tag","embeddable":true,"href":"https:\/\/roveyayinevi.com.tr\/index.php\/wp-json\/wp\/v2\/product_tag?post=732125"}],"curies":[{"name":"wp","href":"https:\/\/api.w.org\/{rel}","templated":true}]}}