{"id":732110,"date":"2025-08-27T21:44:15","date_gmt":"2025-08-27T18:44:15","guid":{"rendered":"https:\/\/roveyayinevi.com.tr\/index.php\/urun\/sihirbaz-neymar\/"},"modified":"2026-04-16T02:39:55","modified_gmt":"2026-04-15T23:39:55","slug":"sihirbaz-neymar","status":"publish","type":"product","link":"https:\/\/roveyayinevi.com.tr\/index.php\/urun\/sihirbaz-neymar\/","title":{"rendered":"Sihirbaz Neymar"},"content":{"rendered":"<p>\u2022 Poster HediyeliT\u00fcm \u00fcnl\u00fcler do\u011fduklar\u0131 g\u00fcnden itibaren b\u00fcy\u00fck imk\u00e2nlar ve zenginlikler i\u00e7inde ya\u015famad\u0131lar.\u00dcnl\u00fc ve ba\u015far\u0131l\u0131 olmak i\u00e7in paran\u0131n g\u00fcc\u00fcnden \u00e7ok, kendilerine olan inan\u00e7lar\u0131, azimleri ve disiplinli ya\u015fam \u015feklini benimsemeleri i\u015fe yarad\u0131. Bazen yara alsalar da sakatlansalar da, bolca ter ve g\u00f6zya\u015f\u0131 d\u00f6kseler de direndiler. Her zaman sevilmeseler, alk\u0131\u015flanmasalar da vazge\u00e7mediler.Ben, bu yolu kendim i\u00e7in se\u00e7tim.Ba\u015fard\u0131m. Sen de ba\u015faracaks\u0131n.\u0130nan, \u00e7al\u0131\u015f ve vazge\u00e7me\u2026Neymar<\/p>\n","protected":false},"excerpt":{"rendered":"<p>\u2022 Poster HediyeliT\u00fcm \u00fcnl\u00fcler do\u011fduklar\u0131 g\u00fcnden itibaren b\u00fcy\u00fck imk\u00e2nlar ve zenginlikler i\u00e7inde ya\u015famad\u0131lar.\u00dcnl\u00fc ve ba\u015far\u0131l\u0131 olmak i\u00e7in paran\u0131n g\u00fcc\u00fcnden \u00e7ok, kendilerine olan inan\u00e7lar\u0131, azimleri ve disiplinli<span class=\"excerpt-hellip\"> [\u2026]<\/span><\/p>\n","protected":false},"featured_media":0,"template":"","meta":{"_monsterinsights_skip_tracking":false,"_monsterinsights_sitenote_active":false,"_monsterinsights_sitenote_note":"","_monsterinsights_sitenote_category":0},"product_brand":[],"product_cat":[15563,15564],"product_tag":[],"class_list":{"0":"post-732110","1":"product","2":"type-product","3":"status-publish","5":"product_cat-hobi","6":"product_cat-spor","7":"pa_cilt-ciltsiz","8":"pa_tur-kitap","9":"pa_yayinevi-dokuz-yayinlari","10":"pa_yazar-diego-roberto","12":"first","13":"instock","14":"sale","15":"shipping-taxable","16":"purchasable","17":"product-type-simple"},"_links":{"self":[{"href":"https:\/\/roveyayinevi.com.tr\/index.php\/wp-json\/wp\/v2\/product\/732110","targetHints":{"allow":["GET"]}}],"collection":[{"href":"https:\/\/roveyayinevi.com.tr\/index.php\/wp-json\/wp\/v2\/product"}],"about":[{"href":"https:\/\/roveyayinevi.com.tr\/index.php\/wp-json\/wp\/v2\/types\/product"}],"wp:attachment":[{"href":"https:\/\/roveyayinevi.com.tr\/index.php\/wp-json\/wp\/v2\/media?parent=732110"}],"wp:term":[{"taxonomy":"product_brand","embeddable":true,"href":"https:\/\/roveyayinevi.com.tr\/index.php\/wp-json\/wp\/v2\/product_brand?post=732110"},{"taxonomy":"product_cat","embeddable":true,"href":"https:\/\/roveyayinevi.com.tr\/index.php\/wp-json\/wp\/v2\/product_cat?post=732110"},{"taxonomy":"product_tag","embeddable":true,"href":"https:\/\/roveyayinevi.com.tr\/index.php\/wp-json\/wp\/v2\/product_tag?post=732110"}],"curies":[{"name":"wp","href":"https:\/\/api.w.org\/{rel}","templated":true}]}}