{"id":732108,"date":"2025-08-27T21:44:13","date_gmt":"2025-08-27T18:44:13","guid":{"rendered":"https:\/\/roveyayinevi.com.tr\/index.php\/urun\/korkusuz-ronaldo\/"},"modified":"2026-04-16T02:39:55","modified_gmt":"2026-04-15T23:39:55","slug":"korkusuz-ronaldo","status":"publish","type":"product","link":"https:\/\/roveyayinevi.com.tr\/index.php\/urun\/korkusuz-ronaldo\/","title":{"rendered":"Korkusuz Ronaldo"},"content":{"rendered":"<p>\u2022 Poster Hediyeli \u00dcnl\u00fc sporcular\u0131n hayatlar\u0131n\u0131 ya\u015fad\u0131klar\u0131 evleri, kulland\u0131klar\u0131 arabalar\u0131, \u00fcnl\u00fc insanlar\u0131n arkada\u015f\u0131 olmalar\u0131, istedikleri zaman istedikleri yere ula\u015fabilir olmalar\u0131 hayranl\u0131kla izlenecek bir \u015fey. Eminim senin de hayran\u0131 oldu\u011fun bolca \u00fcnl\u00fc insan vard\u0131r. Ke\u015fke yerinde olsam dediklerin vard\u0131r. Benim de vard\u0131. \u00dcnl\u00fc sporcular\u0131n yerinde olmak i\u00e7in spora adanm\u0131\u015f bir hayat\u0131n\u0131n olmas\u0131 gerekti\u011fini biliyor olman gerekir. \u0130nan, \u00e7al\u0131\u015f ve vazge\u00e7me\u2026 Cristiano Ronaldo<\/p>\n","protected":false},"excerpt":{"rendered":"<p>\u2022 Poster Hediyeli \u00dcnl\u00fc sporcular\u0131n hayatlar\u0131n\u0131 ya\u015fad\u0131klar\u0131 evleri, kulland\u0131klar\u0131 arabalar\u0131, \u00fcnl\u00fc insanlar\u0131n arkada\u015f\u0131 olmalar\u0131, istedikleri zaman istedikleri yere ula\u015fabilir olmalar\u0131 hayranl\u0131kla izlenecek bir \u015fey. Eminim senin<span class=\"excerpt-hellip\"> [\u2026]<\/span><\/p>\n","protected":false},"featured_media":0,"template":"","meta":{"_monsterinsights_skip_tracking":false,"_monsterinsights_sitenote_active":false,"_monsterinsights_sitenote_note":"","_monsterinsights_sitenote_category":0},"product_brand":[],"product_cat":[15563,15564],"product_tag":[],"class_list":{"0":"post-732108","1":"product","2":"type-product","3":"status-publish","5":"product_cat-hobi","6":"product_cat-spor","7":"pa_cilt-ciltsiz","8":"pa_tur-kitap","9":"pa_yayinevi-dokuz-yayinlari","10":"pa_yazar-diego-roberto","12":"first","13":"instock","14":"sale","15":"shipping-taxable","16":"purchasable","17":"product-type-simple"},"_links":{"self":[{"href":"https:\/\/roveyayinevi.com.tr\/index.php\/wp-json\/wp\/v2\/product\/732108","targetHints":{"allow":["GET"]}}],"collection":[{"href":"https:\/\/roveyayinevi.com.tr\/index.php\/wp-json\/wp\/v2\/product"}],"about":[{"href":"https:\/\/roveyayinevi.com.tr\/index.php\/wp-json\/wp\/v2\/types\/product"}],"wp:attachment":[{"href":"https:\/\/roveyayinevi.com.tr\/index.php\/wp-json\/wp\/v2\/media?parent=732108"}],"wp:term":[{"taxonomy":"product_brand","embeddable":true,"href":"https:\/\/roveyayinevi.com.tr\/index.php\/wp-json\/wp\/v2\/product_brand?post=732108"},{"taxonomy":"product_cat","embeddable":true,"href":"https:\/\/roveyayinevi.com.tr\/index.php\/wp-json\/wp\/v2\/product_cat?post=732108"},{"taxonomy":"product_tag","embeddable":true,"href":"https:\/\/roveyayinevi.com.tr\/index.php\/wp-json\/wp\/v2\/product_tag?post=732108"}],"curies":[{"name":"wp","href":"https:\/\/api.w.org\/{rel}","templated":true}]}}