{"id":732083,"date":"2025-08-27T21:43:49","date_gmt":"2025-08-27T18:43:49","guid":{"rendered":"https:\/\/roveyayinevi.com.tr\/index.php\/urun\/mali-iktisat-acisindan-musta-gelismislik-duzeyi\/"},"modified":"2026-04-16T02:39:55","modified_gmt":"2026-04-15T23:39:55","slug":"mali-iktisat-acisindan-musta-gelismislik-duzeyi","status":"publish","type":"product","link":"https:\/\/roveyayinevi.com.tr\/index.php\/urun\/mali-iktisat-acisindan-musta-gelismislik-duzeyi\/","title":{"rendered":"Mali \u0130ktisat A\u00e7\u0131s\u0131ndan Mu\u015f&#8217;ta Geli\u015fmi\u015flik D\u00fczeyi"},"content":{"rendered":"<p>\u0130\u00e7indekiler Birinci B\u00f6l\u00fcm I-Kamu Ekonomik Faaliyetleri II-\u00d6zelle\u015ftirme \u0130kinci B\u00f6l\u00fcm \u2013 Kalk\u0131nma S\u00fcreci ve Kamu Maliyesi Bak\u0131m\u0131ndan Mu\u015f\u2019ta Hizmetlerin \u0130ncelenmesi I-Kamu Maliyesi Bak\u0131m\u0131ndan Mu\u015f\u2019ta Hizmetlerin \u0130ncelenmesi \u00dc\u00e7\u00fcnc\u00fc B\u00f6l\u00fcm I- Kalk\u0131nma Sorunu ve Mu\u015f\u2019un Geri Kalmas\u0131nda Sosyo Ekonomik Etkenler II- Maliye Politikas\u0131 Perspektifinde Mali B\u00f6l\u00fc\u015f\u00fcm III- Kalk\u0131nma Sorunu ve Mu\u015f\u2019un Geri Kalmas\u0131nda Sosyo-Ekonomik Etkenler IV- Fayda-Maliyet Perspektifinde Y\u00fcksek\u00f6\u011fretim ve Mu\u015f\u2019un Kalk\u0131nmas\u0131nda Etkisi V- Ba\u015fka A\u00e7\u0131dan \u00dcniversite ve Baraj\u0131n Mu\u015f\u2019un Kalk\u0131nmas\u0131nda Rol\u00fc D\u00f6rd\u00fcnc\u00fc B\u00f6l\u00fcm I- Halk\u0131n Bak\u0131\u015f\u0131yla Bas\u0131nda Mu\u015f\u2019ta Geri Kalm\u0131\u015fl\u0131k (Sosyo-Politik Bir Yakla\u015f\u0131m) II- Mu\u015f\u2019ta Sivil Toplumun Sa\u011fl\u0131k Hizmeti Talebi: Ara\u015ft\u0131rma Hastanesi III- Malazgirt\u2019in \u0130l Olmas\u0131n\u0131n Fayda-Maliyet Analizi Varsay\u0131m\u0131na Dayal\u0131 Bir Yakla\u015f\u0131m IV- Mu\u015f Alparslan \u00dcniversitesi Kamp\u00fcs Alan\u0131n\u0131 Belirleme Raporu V-Mu\u015f \u0130li Kalk\u0131nmas\u0131n\u0131n De\u011ferlendirilmesi <\/p>\n","protected":false},"excerpt":{"rendered":"<p>\u0130\u00e7indekiler Birinci B\u00f6l\u00fcm I-Kamu Ekonomik Faaliyetleri II-\u00d6zelle\u015ftirme \u0130kinci B\u00f6l\u00fcm \u2013 Kalk\u0131nma S\u00fcreci ve Kamu Maliyesi Bak\u0131m\u0131ndan Mu\u015f\u2019ta Hizmetlerin \u0130ncelenmesi I-Kamu Maliyesi Bak\u0131m\u0131ndan Mu\u015f\u2019ta Hizmetlerin \u0130ncelenmesi \u00dc\u00e7\u00fcnc\u00fc<span class=\"excerpt-hellip\"> [\u2026]<\/span><\/p>\n","protected":false},"featured_media":0,"template":"","meta":{"_monsterinsights_skip_tracking":false,"_monsterinsights_sitenote_active":false,"_monsterinsights_sitenote_note":"","_monsterinsights_sitenote_category":0},"product_brand":[],"product_cat":[13043,14381],"product_tag":[],"class_list":{"0":"post-732083","1":"product","2":"type-product","3":"status-publish","5":"product_cat-ekonomi","6":"product_cat-isletme-muhasebe-maliye","7":"pa_cilt-ciltsiz","8":"pa_tur-kitap","9":"pa_yayinevi-gazi-kitabevi","10":"pa_yazar-mehmet-sena-ekici","12":"first","13":"instock","14":"sale","15":"shipping-taxable","16":"purchasable","17":"product-type-simple"},"_links":{"self":[{"href":"https:\/\/roveyayinevi.com.tr\/index.php\/wp-json\/wp\/v2\/product\/732083","targetHints":{"allow":["GET"]}}],"collection":[{"href":"https:\/\/roveyayinevi.com.tr\/index.php\/wp-json\/wp\/v2\/product"}],"about":[{"href":"https:\/\/roveyayinevi.com.tr\/index.php\/wp-json\/wp\/v2\/types\/product"}],"wp:attachment":[{"href":"https:\/\/roveyayinevi.com.tr\/index.php\/wp-json\/wp\/v2\/media?parent=732083"}],"wp:term":[{"taxonomy":"product_brand","embeddable":true,"href":"https:\/\/roveyayinevi.com.tr\/index.php\/wp-json\/wp\/v2\/product_brand?post=732083"},{"taxonomy":"product_cat","embeddable":true,"href":"https:\/\/roveyayinevi.com.tr\/index.php\/wp-json\/wp\/v2\/product_cat?post=732083"},{"taxonomy":"product_tag","embeddable":true,"href":"https:\/\/roveyayinevi.com.tr\/index.php\/wp-json\/wp\/v2\/product_tag?post=732083"}],"curies":[{"name":"wp","href":"https:\/\/api.w.org\/{rel}","templated":true}]}}

Mali İktisat Açısından Muş&#8217;ta Gelişmişlik Düzeyi

<p>İçindekiler Birinci Bölüm I-Kamu Ekonomik Faaliyetleri II-Özelleştirme İkinci Bölüm – Kalkınma Süreci ve Kamu Maliyesi Bakımından Muş’ta Hizmetlerin İncelenmesi I-Kamu Maliyesi Bakımından Muş’ta Hizmetlerin İncelenmesi Üçüncü Bölüm I- Kalkınma Sorunu ve Muş’un Geri Kalmasında Sosyo Ekonomik Etkenler II- Maliye Politikası Perspektifinde Mali Bölüşüm III- Kalkınma Sorunu ve Muş’un Geri Kalmasında Sosyo-Ekonomik Etkenler IV- Fayda-Maliyet Perspektifinde Yükseköğretim ve Muş’un Kalkınmasında Etkisi V- Başka Açıdan Üniversite ve Barajın Muş’un Kalkınmasında Rolü Dördüncü Bölüm I- Halkın Bakışıyla Basında Muş’ta Geri Kalmışlık (Sosyo-Politik Bir Yaklaşım) II- Muş’ta Sivil Toplumun Sağlık Hizmeti Talebi: Araştırma Hastanesi III- Malazgirt’in İl Olmasının Fayda-Maliyet Analizi Varsayımına Dayalı Bir Yaklaşım IV- Muş Alparslan Üniversitesi Kampüs Alanını Belirleme Raporu V-Muş İli Kalkınmasının Değerlendirilmesi </p>

<p>İçindekiler Birinci Bölüm I-Kamu Ekonomik Faaliyetleri II-Özelleştirme İkinci Bölüm – Kalkınma Süreci ve Kamu Maliyesi Bakımından Muş’ta Hizmetlerin İncelenmesi I-Kamu Maliyesi Bakımından Muş’ta Hizmetlerin İncelenmesi Üçüncü<span class="excerpt-hellip"> […]</span></p>
