{"id":732078,"date":"2025-08-27T21:43:44","date_gmt":"2025-08-27T18:43:44","guid":{"rendered":"https:\/\/roveyayinevi.com.tr\/index.php\/urun\/hayvanat-bahcesinde-uyku-zamani\/"},"modified":"2026-04-16T02:39:54","modified_gmt":"2026-04-15T23:39:54","slug":"hayvanat-bahcesinde-uyku-zamani","status":"publish","type":"product","link":"https:\/\/roveyayinevi.com.tr\/index.php\/urun\/hayvanat-bahcesinde-uyku-zamani\/","title":{"rendered":"Hayvanat Bah\u00e7esinde Uyku Zaman\u0131"},"content":{"rendered":"<p>Kimler h\u00e2l\u00e2 uyan\u0131k?Kirpi Nane, yata\u011f\u0131na hen\u00fcz yatm\u0131\u015ft\u0131 ki bir ses duydu. Bu ses kime aitti acaba? Yataktan kalkt\u0131 ve uyurgezer filin havuza d\u00fc\u015ft\u00fc\u011f\u00fcn\u00fc g\u00f6rd\u00fc. Bu sorunu hallettikten sonra yata\u011f\u0131na d\u00f6nd\u00fc, ancak sesler yine dinmedi. K\u00fc\u00e7\u00fck yarasan\u0131n ve uykusu gelmeyen yavru ay\u0131n\u0131n da yard\u0131ma ihtiyac\u0131 vard\u0131. Kirpi Nane, hayvanat bah\u00e7esi sakinlerinin uyku sorunlar\u0131n\u0131 \u00e7\u00f6z\u00fcp yata\u011f\u0131na uzanabilecek mi acaba?<\/p>\n","protected":false},"excerpt":{"rendered":"<p>Kimler h\u00e2l\u00e2 uyan\u0131k?Kirpi Nane, yata\u011f\u0131na hen\u00fcz yatm\u0131\u015ft\u0131 ki bir ses duydu. Bu ses kime aitti acaba? Yataktan kalkt\u0131 ve uyurgezer filin havuza d\u00fc\u015ft\u00fc\u011f\u00fcn\u00fc g\u00f6rd\u00fc. Bu sorunu<span class=\"excerpt-hellip\"> [\u2026]<\/span><\/p>\n","protected":false},"featured_media":0,"template":"","meta":{"_monsterinsights_skip_tracking":false,"_monsterinsights_sitenote_active":false,"_monsterinsights_sitenote_note":"","_monsterinsights_sitenote_category":0},"product_brand":[],"product_cat":[12274,12518],"product_tag":[],"class_list":{"0":"post-732078","1":"product","2":"type-product","3":"status-publish","5":"product_cat-cocuk-ve-genclik-kitaplari","6":"product_cat-okul-oncesi-kitaplar","7":"pa_cilt-ciltsiz","8":"pa_tur-kitap","9":"pa_yayinevi-is-bankasi-kultur-yayinlari","10":"pa_yazar-sophie-schoenwald","12":"first","13":"instock","14":"sale","15":"shipping-taxable","16":"purchasable","17":"product-type-simple"},"_links":{"self":[{"href":"https:\/\/roveyayinevi.com.tr\/index.php\/wp-json\/wp\/v2\/product\/732078","targetHints":{"allow":["GET"]}}],"collection":[{"href":"https:\/\/roveyayinevi.com.tr\/index.php\/wp-json\/wp\/v2\/product"}],"about":[{"href":"https:\/\/roveyayinevi.com.tr\/index.php\/wp-json\/wp\/v2\/types\/product"}],"wp:attachment":[{"href":"https:\/\/roveyayinevi.com.tr\/index.php\/wp-json\/wp\/v2\/media?parent=732078"}],"wp:term":[{"taxonomy":"product_brand","embeddable":true,"href":"https:\/\/roveyayinevi.com.tr\/index.php\/wp-json\/wp\/v2\/product_brand?post=732078"},{"taxonomy":"product_cat","embeddable":true,"href":"https:\/\/roveyayinevi.com.tr\/index.php\/wp-json\/wp\/v2\/product_cat?post=732078"},{"taxonomy":"product_tag","embeddable":true,"href":"https:\/\/roveyayinevi.com.tr\/index.php\/wp-json\/wp\/v2\/product_tag?post=732078"}],"curies":[{"name":"wp","href":"https:\/\/api.w.org\/{rel}","templated":true}]}}