{"id":732075,"date":"2025-08-27T21:43:40","date_gmt":"2025-08-27T18:43:40","guid":{"rendered":"https:\/\/roveyayinevi.com.tr\/index.php\/urun\/1e-karsi-birlik\/"},"modified":"2026-04-16T02:39:54","modified_gmt":"2026-04-15T23:39:54","slug":"1e-karsi-birlik","status":"publish","type":"product","link":"https:\/\/roveyayinevi.com.tr\/index.php\/urun\/1e-karsi-birlik\/","title":{"rendered":"%1\u2019e Kar\u015f\u0131 Birlik"},"content":{"rendered":"<p>Yan\u0131lsamalar\u0131 Y\u0131kmak, \u00d6zg\u00fcrl\u00fck Tohumlar\u0131 Ekmek Hangi taraftas\u0131n? Egemenlik kurmay\u0131 ilerleme olarak g\u00f6r\u00fcp bunlar\u0131n \u00fczerine in\u015fa etti\u011fi s\u00f6ylemlerle maliyetleri s\u00fcrekli topluma ve do\u011faya devreden mekanik zihniyetin mi, yoksa a\u011fa\u00e7lar, yery\u00fcz\u00fc ya\u015fayabilsin ve biz ya\u015fayabilelim diye hayat\u0131n\u0131 feda eden Amrita Devi ve 363 yolda\u015f\u0131n\u0131n m\u0131? K\u00f6kleri d\u00fcnya sava\u015flar\u0131na dayanan zehir kartellerinin ve ya\u015fam\u0131 patent alt\u0131na almaya \u00e7al\u0131\u015fan devasa holdinglerin mi, yoksa k\u00fcresel tohum tekellerine kar\u015f\u0131 durmak i\u00e7in tohum bankalar\u0131 olu\u015fturarak do\u011fan\u0131n zenginli\u011fini c\u00f6mert\u00e7e payla\u015fanlar\u0131n m\u0131? Kimin yan\u0131ndas\u0131n? K\u00fcresel kumarhanelerde insanl\u0131\u011f\u0131n servetini masaya s\u00fcren h\u0131rs\u0131z baronlar\u0131n dijital ve finansal imparatorluklar\u0131n\u0131n m\u0131, yoksa sadece %1 i\u00e7in de\u011fil, toplumun %99\u2019u i\u00e7in \u00e7al\u0131\u015fan ekonomiler yaratmay\u0131 etik, ekolojik, ekonomik ve insani bir zorunluluk olarak g\u00f6renlerin mi? Vandana Shiva bizi taraf\u0131m\u0131z\u0131 se\u00e7meye \u00e7a\u011f\u0131r\u0131yor. T\u00fcm ya\u015fam\u0131n zek\u00e2s\u0131n\u0131 dikkate alan bir yery\u00fcz\u00fc demokrasisi kurup ger\u00e7e\u011fi dirilmek isteyenlerin taraf\u0131n\u0131&#8230; Yery\u00fcz\u00fc ailesi olarak bizi \u00f6zg\u00fcrl\u00fc\u011f\u00fcn tohumlar\u0131n\u0131 ekmeye ve birlikte tohum yemini etmeye davet ediyor. \u201cBu tohumlar\u0131 do\u011fadan ve bizden \u00f6nceki nesillerden ald\u0131k. Onlar\u0131 ald\u0131\u011f\u0131m\u0131z gibi, b\u00fct\u00fcnl\u00fck ve de \u00e7e\u015fitlilik zenginli\u011fi i\u00e7inde gelecek nesillere aktarmak bizim g\u00f6revimizdir. Bu y\u00fczden yery\u00fcz\u00fcne ve gelecek nesillere kar\u015f\u0131 bu y\u00fcksek vazifemizi yapmaktan bizi al\u0131koyan hi\u00e7bir kanuna boyun e\u011fmeyece\u011fimiz gibi buna neden olacak hi\u00e7bir teknolojiyi de kullanmayaca\u011f\u0131z. Tohumlar\u0131m\u0131z\u0131 korumaya ve payla\u015fmaya devam edece\u011fiz.\u201d <\/p>\n","protected":false},"excerpt":{"rendered":"<p>Yan\u0131lsamalar\u0131 Y\u0131kmak, \u00d6zg\u00fcrl\u00fck Tohumlar\u0131 Ekmek Hangi taraftas\u0131n? Egemenlik kurmay\u0131 ilerleme olarak g\u00f6r\u00fcp bunlar\u0131n \u00fczerine in\u015fa etti\u011fi s\u00f6ylemlerle maliyetleri s\u00fcrekli topluma ve do\u011faya devreden mekanik zihniyetin mi,<span class=\"excerpt-hellip\"> [\u2026]<\/span><\/p>\n","protected":false},"featured_media":0,"template":"","meta":{"_monsterinsights_skip_tracking":false,"_monsterinsights_sitenote_active":false,"_monsterinsights_sitenote_note":"","_monsterinsights_sitenote_category":0},"product_brand":[],"product_cat":[12365,12364],"product_tag":[],"class_list":{"0":"post-732075","1":"product","2":"type-product","3":"status-publish","5":"product_cat-diger-genel-konular","6":"product_cat-genel-konular","7":"pa_cilt-ciltsiz","8":"pa_tur-kitap","9":"pa_yayinevi-yelkovan-kitap","10":"pa_yazar-vandana-shiva","12":"first","13":"instock","14":"sale","15":"shipping-taxable","16":"purchasable","17":"product-type-simple"},"_links":{"self":[{"href":"https:\/\/roveyayinevi.com.tr\/index.php\/wp-json\/wp\/v2\/product\/732075","targetHints":{"allow":["GET"]}}],"collection":[{"href":"https:\/\/roveyayinevi.com.tr\/index.php\/wp-json\/wp\/v2\/product"}],"about":[{"href":"https:\/\/roveyayinevi.com.tr\/index.php\/wp-json\/wp\/v2\/types\/product"}],"wp:attachment":[{"href":"https:\/\/roveyayinevi.com.tr\/index.php\/wp-json\/wp\/v2\/media?parent=732075"}],"wp:term":[{"taxonomy":"product_brand","embeddable":true,"href":"https:\/\/roveyayinevi.com.tr\/index.php\/wp-json\/wp\/v2\/product_brand?post=732075"},{"taxonomy":"product_cat","embeddable":true,"href":"https:\/\/roveyayinevi.com.tr\/index.php\/wp-json\/wp\/v2\/product_cat?post=732075"},{"taxonomy":"product_tag","embeddable":true,"href":"https:\/\/roveyayinevi.com.tr\/index.php\/wp-json\/wp\/v2\/product_tag?post=732075"}],"curies":[{"name":"wp","href":"https:\/\/api.w.org\/{rel}","templated":true}]}}