{"id":732074,"date":"2025-08-27T21:43:40","date_gmt":"2025-08-27T18:43:40","guid":{"rendered":"https:\/\/roveyayinevi.com.tr\/index.php\/urun\/yeryuzunu-opmek\/"},"modified":"2026-04-16T02:39:54","modified_gmt":"2026-04-15T23:39:54","slug":"yeryuzunu-opmek","status":"publish","type":"product","link":"https:\/\/roveyayinevi.com.tr\/index.php\/urun\/yeryuzunu-opmek\/","title":{"rendered":"Yery\u00fcz\u00fcn\u00fc \u00d6pmek"},"content":{"rendered":"<p>Yery\u00fcz\u00fcn\u00fc \u00d6pmek, tercih etti\u011fimiz g\u0131dalar ve beslenme al\u0131\u015fkanl\u0131klar\u0131m\u0131z \u00fczerinden modern tar\u0131m sisteminin \u00e7arp\u0131k i\u015fleyi\u015fini ve g\u0131dan\u0131n temel unsuru olan topra\u011f\u0131 nas\u0131l yok etti\u011fimizi sars\u0131c\u0131 ve sahici bir dille anlat\u0131yor. Josh Tickell bu etkileyici ve g\u00fcncel \u00e7al\u0131\u015fmas\u0131nda bizleri, ayaklar\u0131m\u0131z\u0131n alt\u0131nda yatan \u015feyin g\u00fczelli\u011fi ve \u00f6nemi konusunda g\u00f6zlerimizi a\u00e7maya davet ediyor. Sa\u011fl\u0131kl\u0131 topra\u011f\u0131n \u00f6nemini yeterince kavrayamad\u0131\u011f\u0131m\u0131z\u0131, tar\u0131msal ekosistemlerimizin ise hayati tehlike alt\u0131nda oldu\u011funu g\u00f6steriyor. G\u00fcn\u00fcm\u00fczde tar\u0131m alanlar\u0131ndaki toprak kayb\u0131 alarm verici seviyelere ula\u015fm\u0131\u015f vaziyette. Erozyon do\u011fan\u0131n yerine koyma kapasitesinden on kat daha h\u0131zl\u0131 ger\u00e7ekle\u015fmekte. Kimyasal tar\u0131m zehirlerinin yo\u011fun kullan\u0131m\u0131, topra\u011f\u0131n a\u015f\u0131r\u0131 s\u00fcr\u00fclmesi ve monok\u00fclt\u00fcrlerin \u00f6ne \u00e7\u0131kmas\u0131 bereketli topraklar\u0131n zengin biyo\u00e7e\u015fitlili\u011fini silip at\u0131yor ve birbiriyle ba\u011flant\u0131l\u0131 pek \u00e7ok \u00e7evre sorununa sebep oluyor. Bu \u00e7evre sorunlar\u0131na \u00e7\u00f6z\u00fcm olan, Paris Antla\u015fmas\u0131\u2019n\u0131 ve ya\u015fanan s\u00fcreci okura anlat\u0131rken bu antla\u015fman\u0131n, do\u011fa i\u00e7in ve dolay\u0131s\u0131yla t\u00fcm canl\u0131lar i\u00e7in ne kadar hayati \u00f6neme sahip oldu\u011funun alt\u0131n\u0131 \u00e7iziyor. Kitap, g\u0131da sistemimizin en \u00e7irkin y\u00f6nlerinden bir k\u0131sm\u0131na \u0131\u015f\u0131k tutarken bile asla k\u00f6t\u00fcmserli\u011fe yenik d\u00fc\u015fm\u00fcyor. Bilakis, Tickell\u2019in ifadesiyle, \u201ci\u00e7inde ya\u015fad\u0131\u011f\u0131m\u0131z gezegenin biyolojik matrisindeki etkin rol\u00fcm\u00fcz\u00fc yeniden \u00f6\u011frenmek ve tam m\u00e2n\u00e2s\u0131yla kavramak i\u00e7in e\u015fsiz bir f\u0131rsat\u201d sunuyor. Yery\u00fcz\u00fcn\u00fc \u00d6pmek ticari olarak uygulanabilir ve \u00e7evresel olarak s\u00fcrd\u00fcr\u00fclebilir olan \u00e7\u0131\u011f\u0131r a\u00e7\u0131c\u0131, yeni bir \u201conar\u0131c\u0131 tar\u0131m\u201d bi\u00e7iminin manifestosudur. <\/p>\n","protected":false},"excerpt":{"rendered":"<p>Yery\u00fcz\u00fcn\u00fc \u00d6pmek, tercih etti\u011fimiz g\u0131dalar ve beslenme al\u0131\u015fkanl\u0131klar\u0131m\u0131z \u00fczerinden modern tar\u0131m sisteminin \u00e7arp\u0131k i\u015fleyi\u015fini ve g\u0131dan\u0131n temel unsuru olan topra\u011f\u0131 nas\u0131l yok etti\u011fimizi sars\u0131c\u0131 ve sahici<span class=\"excerpt-hellip\"> [\u2026]<\/span><\/p>\n","protected":false},"featured_media":0,"template":"","meta":{"_monsterinsights_skip_tracking":false,"_monsterinsights_sitenote_active":false,"_monsterinsights_sitenote_note":"","_monsterinsights_sitenote_category":0},"product_brand":[],"product_cat":[16965,13365],"product_tag":[],"class_list":{"0":"post-732074","1":"product","2":"type-product","3":"status-publish","5":"product_cat-genel-saglik-kitaplari","6":"product_cat-saglik","7":"pa_cilt-ciltsiz","8":"pa_tur-kitap","9":"pa_yayinevi-yelkovan-kitap","10":"pa_yazar-josh-tickell","12":"first","13":"instock","14":"sale","15":"shipping-taxable","16":"purchasable","17":"product-type-simple"},"_links":{"self":[{"href":"https:\/\/roveyayinevi.com.tr\/index.php\/wp-json\/wp\/v2\/product\/732074","targetHints":{"allow":["GET"]}}],"collection":[{"href":"https:\/\/roveyayinevi.com.tr\/index.php\/wp-json\/wp\/v2\/product"}],"about":[{"href":"https:\/\/roveyayinevi.com.tr\/index.php\/wp-json\/wp\/v2\/types\/product"}],"wp:attachment":[{"href":"https:\/\/roveyayinevi.com.tr\/index.php\/wp-json\/wp\/v2\/media?parent=732074"}],"wp:term":[{"taxonomy":"product_brand","embeddable":true,"href":"https:\/\/roveyayinevi.com.tr\/index.php\/wp-json\/wp\/v2\/product_brand?post=732074"},{"taxonomy":"product_cat","embeddable":true,"href":"https:\/\/roveyayinevi.com.tr\/index.php\/wp-json\/wp\/v2\/product_cat?post=732074"},{"taxonomy":"product_tag","embeddable":true,"href":"https:\/\/roveyayinevi.com.tr\/index.php\/wp-json\/wp\/v2\/product_tag?post=732074"}],"curies":[{"name":"wp","href":"https:\/\/api.w.org\/{rel}","templated":true}]}}