{"id":732073,"date":"2025-08-27T21:43:38","date_gmt":"2025-08-27T18:43:38","guid":{"rendered":"https:\/\/roveyayinevi.com.tr\/index.php\/urun\/yol-yapimi-makineleri-dunyayi-ogreniyorum\/"},"modified":"2026-04-16T02:39:54","modified_gmt":"2026-04-15T23:39:54","slug":"yol-yapimi-makineleri-dunyayi-ogreniyorum","status":"publish","type":"product","link":"https:\/\/roveyayinevi.com.tr\/index.php\/urun\/yol-yapimi-makineleri-dunyayi-ogreniyorum\/","title":{"rendered":"Yol Yap\u0131m\u0131 Makineleri &#8211; D\u00fcnyay\u0131 \u00d6\u011freniyorum"},"content":{"rendered":"<p>Can, yeni bir yol in\u015faat\u0131na ba\u015flanaca\u011f\u0131n\u0131 duydu\u011funda \u00e7ok heyecanland\u0131. Babas\u0131yla birlikte s\u0131k s\u0131k gidip yol yap\u0131m\u0131n\u0131 izlediler. Yol yap\u0131l\u0131rken ne kadar \u00e7ok i\u015f makinesi \u00e7al\u0131\u015f\u0131yordu! Silindirler, ekskavat\u00f6rler, buldozerler, asfalt d\u00f6\u015feme makineleri hatta devasa bir t\u00fcnel a\u00e7ma makinesi&#8230;<\/p>\n","protected":false},"excerpt":{"rendered":"<p>Can, yeni bir yol in\u015faat\u0131na ba\u015flanaca\u011f\u0131n\u0131 duydu\u011funda \u00e7ok heyecanland\u0131. Babas\u0131yla birlikte s\u0131k s\u0131k gidip yol yap\u0131m\u0131n\u0131 izlediler. Yol yap\u0131l\u0131rken ne kadar \u00e7ok i\u015f makinesi \u00e7al\u0131\u015f\u0131yordu! Silindirler,<span class=\"excerpt-hellip\"> [\u2026]<\/span><\/p>\n","protected":false},"featured_media":0,"template":"","meta":{"_monsterinsights_skip_tracking":false,"_monsterinsights_sitenote_active":false,"_monsterinsights_sitenote_note":"","_monsterinsights_sitenote_category":0},"product_brand":[],"product_cat":[12274,12518],"product_tag":[],"class_list":{"0":"post-732073","1":"product","2":"type-product","3":"status-publish","5":"product_cat-cocuk-ve-genclik-kitaplari","6":"product_cat-okul-oncesi-kitaplar","7":"pa_cilt-ciltsiz","8":"pa_tur-kitap","9":"pa_yayinevi-is-bankasi-kultur-yayinlari","10":"pa_yazar-monika-wittmann","12":"first","13":"instock","14":"sale","15":"shipping-taxable","16":"purchasable","17":"product-type-simple"},"_links":{"self":[{"href":"https:\/\/roveyayinevi.com.tr\/index.php\/wp-json\/wp\/v2\/product\/732073","targetHints":{"allow":["GET"]}}],"collection":[{"href":"https:\/\/roveyayinevi.com.tr\/index.php\/wp-json\/wp\/v2\/product"}],"about":[{"href":"https:\/\/roveyayinevi.com.tr\/index.php\/wp-json\/wp\/v2\/types\/product"}],"wp:attachment":[{"href":"https:\/\/roveyayinevi.com.tr\/index.php\/wp-json\/wp\/v2\/media?parent=732073"}],"wp:term":[{"taxonomy":"product_brand","embeddable":true,"href":"https:\/\/roveyayinevi.com.tr\/index.php\/wp-json\/wp\/v2\/product_brand?post=732073"},{"taxonomy":"product_cat","embeddable":true,"href":"https:\/\/roveyayinevi.com.tr\/index.php\/wp-json\/wp\/v2\/product_cat?post=732073"},{"taxonomy":"product_tag","embeddable":true,"href":"https:\/\/roveyayinevi.com.tr\/index.php\/wp-json\/wp\/v2\/product_tag?post=732073"}],"curies":[{"name":"wp","href":"https:\/\/api.w.org\/{rel}","templated":true}]}}