{"id":732070,"date":"2025-08-27T21:43:35","date_gmt":"2025-08-27T18:43:35","guid":{"rendered":"https:\/\/roveyayinevi.com.tr\/index.php\/urun\/kara-ev\/"},"modified":"2026-04-16T02:39:54","modified_gmt":"2026-04-15T23:39:54","slug":"kara-ev","status":"publish","type":"product","link":"https:\/\/roveyayinevi.com.tr\/index.php\/urun\/kara-ev\/","title":{"rendered":"Kara Ev"},"content":{"rendered":"<p>Ya\u015fl\u0131 kad\u0131n aya\u011fa kalkt\u0131 ve ellerini zaten kana bulanm\u0131\u015f haldeki elbisesine sildi. \u015e\u00f6mineye do\u011fru y\u00fcr\u00fcd\u00fc. \u015e\u00f6minenin yan\u0131ndaki mahzene inen ah\u015fap kapa\u011f\u0131 a\u00e7t\u0131. Kapa\u011f\u0131n alt\u0131ndaki onlarca peruk kokmu\u015f, \u00e7\u00fcr\u00fcm\u00fc\u015f ve k\u0131smen donmu\u015f halde g\u00f6zler \u00f6n\u00fcne serildi. Giri\u015f kap\u0131s\u0131 a\u00e7\u0131ld\u0131\u011f\u0131nda i\u00e7eriye giren Sadie, valizlerle bo\u011fu\u015fuyordu. Kap\u0131y\u0131 kapatmak i\u00e7in aya\u011f\u0131n\u0131 kullanmak zorunda kalm\u0131\u015ft\u0131.<\/p>\n","protected":false},"excerpt":{"rendered":"<p>Ya\u015fl\u0131 kad\u0131n aya\u011fa kalkt\u0131 ve ellerini zaten kana bulanm\u0131\u015f haldeki elbisesine sildi. \u015e\u00f6mineye do\u011fru y\u00fcr\u00fcd\u00fc. \u015e\u00f6minenin yan\u0131ndaki mahzene inen ah\u015fap kapa\u011f\u0131 a\u00e7t\u0131. Kapa\u011f\u0131n alt\u0131ndaki onlarca peruk<span class=\"excerpt-hellip\"> [\u2026]<\/span><\/p>\n","protected":false},"featured_media":0,"template":"","meta":{"_monsterinsights_skip_tracking":false,"_monsterinsights_sitenote_active":false,"_monsterinsights_sitenote_note":"","_monsterinsights_sitenote_category":0},"product_brand":[],"product_cat":[12291,12711],"product_tag":[],"class_list":{"0":"post-732070","1":"product","2":"type-product","3":"status-publish","5":"product_cat-edebiyat","6":"product_cat-roman-oyku","7":"pa_cilt-ciltsiz","8":"pa_tur-kitap","9":"pa_yayinevi-fa-yayinlari","10":"pa_yazar-suat-er","12":"first","13":"instock","14":"sale","15":"shipping-taxable","16":"purchasable","17":"product-type-simple"},"_links":{"self":[{"href":"https:\/\/roveyayinevi.com.tr\/index.php\/wp-json\/wp\/v2\/product\/732070","targetHints":{"allow":["GET"]}}],"collection":[{"href":"https:\/\/roveyayinevi.com.tr\/index.php\/wp-json\/wp\/v2\/product"}],"about":[{"href":"https:\/\/roveyayinevi.com.tr\/index.php\/wp-json\/wp\/v2\/types\/product"}],"wp:attachment":[{"href":"https:\/\/roveyayinevi.com.tr\/index.php\/wp-json\/wp\/v2\/media?parent=732070"}],"wp:term":[{"taxonomy":"product_brand","embeddable":true,"href":"https:\/\/roveyayinevi.com.tr\/index.php\/wp-json\/wp\/v2\/product_brand?post=732070"},{"taxonomy":"product_cat","embeddable":true,"href":"https:\/\/roveyayinevi.com.tr\/index.php\/wp-json\/wp\/v2\/product_cat?post=732070"},{"taxonomy":"product_tag","embeddable":true,"href":"https:\/\/roveyayinevi.com.tr\/index.php\/wp-json\/wp\/v2\/product_tag?post=732070"}],"curies":[{"name":"wp","href":"https:\/\/api.w.org\/{rel}","templated":true}]}}