{"id":732067,"date":"2025-08-27T21:43:32","date_gmt":"2025-08-27T18:43:32","guid":{"rendered":"https:\/\/roveyayinevi.com.tr\/index.php\/urun\/kisa-fransa-tarihi\/"},"modified":"2026-04-16T02:39:54","modified_gmt":"2026-04-15T23:39:54","slug":"kisa-fransa-tarihi","status":"publish","type":"product","link":"https:\/\/roveyayinevi.com.tr\/index.php\/urun\/kisa-fransa-tarihi\/","title":{"rendered":"K\u0131sa Fransa Tarihi"},"content":{"rendered":"<p>K\u0131sa Fransa Tarihi, Kelt, Roma ve Cermen ku\u0308ltu\u0308rleri u\u0308zerine kurulmu\u015f bir devlet olan Fransa\u2019n\u0131n tarihini belli b\u00f6lu\u0308mler halinde ele al\u0131yor: Keltler ile Romal\u0131lar\u0131n sava\u015flar\u0131, Cermenlerin sahneye \u00e7\u0131k\u0131\u015f\u0131, Karolenj ve Bourbon Hanedanlar\u0131, Frans\u0131z Devrimi, Paris Komu\u0308nu\u0308, Alman i\u015fgalleri, Cezayir sorunu, ikinci, u\u0308\u00e7u\u0308ncu\u0308, d\u00f6rdu\u0308ncu\u0308 ve be\u015finci cumhuriyetler&#8230; Yazar Jenkins, Vercing\u00e9torix ve Charlemagne\u2019dan De Gaulle ve Mitterand\u2019a kadar Frans\u0131z tarihinde rol oynam\u0131\u015f \u00f6nemli askeri ve siyasal figu\u0308rlerle Sarkozy ve Macron gibi neoliberalizm d\u00f6nemi liderlerinin vizyon ve faaliyetlerine \u0131\u015f\u0131k tutuyor. Bu kitab\u0131 okuyarak Fransa\u2019n\u0131n edebiyat, sanat, felsefe ve bilimde nas\u0131l bu kadar ba\u015far\u0131l\u0131 olabildi\u011fini ve du\u0308nya lideri vasf\u0131nda ileri teknoloji firmalar\u0131 \u00e7\u0131karabildi\u011fini \u00f6\u011freneceksiniz. Ayr\u0131ca devlet yap\u0131s\u0131 ve mekanizmas\u0131n\u0131n i\u015fleyi\u015fi, idare, vergi, e\u011fitim, sa\u011fl\u0131k ve soysal gu\u0308venlik sistemleri hakk\u0131nda bilgi sahibi olacaks\u0131n\u0131z. Fransa\u2019y\u0131 daha yak\u0131ndan tan\u0131mak isteyenler ka\u00e7\u0131rmas\u0131n&#8230;   \u201cMa\u011fara resimlerinden ekspresyonizme, krallardan cumhurba\u015fkanlar\u0131na, iki bin y\u0131l\u0131 kapsayan uzun, ihtirasl\u0131 ve okumas\u0131 keyifli bir drama.\u201d \u2014 The Publisher <\/p>\n","protected":false},"excerpt":{"rendered":"<p>K\u0131sa Fransa Tarihi, Kelt, Roma ve Cermen ku\u0308ltu\u0308rleri u\u0308zerine kurulmu\u015f bir devlet olan Fransa\u2019n\u0131n tarihini belli b\u00f6lu\u0308mler halinde ele al\u0131yor: Keltler ile Romal\u0131lar\u0131n sava\u015flar\u0131, Cermenlerin sahneye<span class=\"excerpt-hellip\"> [\u2026]<\/span><\/p>\n","protected":false},"featured_media":0,"template":"","meta":{"_monsterinsights_skip_tracking":false,"_monsterinsights_sitenote_active":false,"_monsterinsights_sitenote_note":"","_monsterinsights_sitenote_category":0},"product_brand":[],"product_cat":[12305,12304],"product_tag":[],"class_list":{"0":"post-732067","1":"product","2":"type-product","3":"status-publish","5":"product_cat-dunya-tarihi","6":"product_cat-tarih","7":"pa_cilt-ciltsiz","8":"pa_tur-kitap","9":"pa_yayinevi-say-yayinlari","10":"pa_yazar-cecil-jenkins","12":"first","13":"instock","14":"sale","15":"shipping-taxable","16":"purchasable","17":"product-type-simple"},"_links":{"self":[{"href":"https:\/\/roveyayinevi.com.tr\/index.php\/wp-json\/wp\/v2\/product\/732067","targetHints":{"allow":["GET"]}}],"collection":[{"href":"https:\/\/roveyayinevi.com.tr\/index.php\/wp-json\/wp\/v2\/product"}],"about":[{"href":"https:\/\/roveyayinevi.com.tr\/index.php\/wp-json\/wp\/v2\/types\/product"}],"wp:attachment":[{"href":"https:\/\/roveyayinevi.com.tr\/index.php\/wp-json\/wp\/v2\/media?parent=732067"}],"wp:term":[{"taxonomy":"product_brand","embeddable":true,"href":"https:\/\/roveyayinevi.com.tr\/index.php\/wp-json\/wp\/v2\/product_brand?post=732067"},{"taxonomy":"product_cat","embeddable":true,"href":"https:\/\/roveyayinevi.com.tr\/index.php\/wp-json\/wp\/v2\/product_cat?post=732067"},{"taxonomy":"product_tag","embeddable":true,"href":"https:\/\/roveyayinevi.com.tr\/index.php\/wp-json\/wp\/v2\/product_tag?post=732067"}],"curies":[{"name":"wp","href":"https:\/\/api.w.org\/{rel}","templated":true}]}}