{"id":732039,"date":"2025-08-27T21:42:58","date_gmt":"2025-08-27T18:42:58","guid":{"rendered":"https:\/\/roveyayinevi.com.tr\/index.php\/urun\/gokkusagi-kasabasinin-berberi\/"},"modified":"2026-04-16T02:39:53","modified_gmt":"2026-04-15T23:39:53","slug":"gokkusagi-kasabasinin-berberi","status":"publish","type":"product","link":"https:\/\/roveyayinevi.com.tr\/index.php\/urun\/gokkusagi-kasabasinin-berberi\/","title":{"rendered":"G\u00f6kku\u015fa\u011f\u0131 Kasabas\u0131\u2019n\u0131n Berberi"},"content":{"rendered":"<p>Pinus Ormanlar\u0131ndaki G\u00f6kku\u015fa\u011f\u0131 Kasabas\u0131 reng\u00e2renk g\u00fclleriyle \u00fcnl\u00fc, \u00e7ok g\u00fczel bir yerdi. Kasaba halk\u0131, her y\u0131l d\u00fczenlenen \u201cPinus Ormanlar\u0131n\u0131n En G\u00fczel Kasabas\u0131 Yar\u0131\u015fmas\u0131\u201d i\u00e7in \u00f6zenle haz\u0131rlan\u0131r, sa\u00e7lar\u0131n\u0131 yapt\u0131rmak i\u00e7in mutlaka Berber Maymun&#8217;un d\u00fckk\u00e2n\u0131na giderlerdi. Hep ayn\u0131 sa\u00e7lar\u0131 yapmaktan s\u0131k\u0131lan Berber Maymun, bir g\u00fcn herkesin sa\u00e7\u0131n\u0131 kendi iste\u011fine g\u00f6re \u015fekillendirmeye karar verdi. Gelen m\u00fc\u015fterilerinin sa\u00e7lar\u0131n\u0131 yast\u0131k gibi kabartt\u0131, \u00f6rd\u00fc, boncuklarla s\u00fcsledi, reng\u00e2renk boyad\u0131&#8230; Bu de\u011fi\u015fimden pek ho\u015flanmayan kasaba halk\u0131 Berber Maymun\u2019a ilk ba\u015fta \u00e7ok k\u0131zsa da, yar\u0131\u015fma g\u00fcn\u00fc kar\u015f\u0131la\u015ft\u0131klar\u0131 s\u00fcrpriz, d\u00fc\u015f\u00fcncelerini de\u011fi\u015ftirecekti. Farkl\u0131l\u0131klar\u0131n g\u00fczelli\u011fine i\u015faret eden G\u00f6kku\u015fa\u011f\u0131 Kasabas\u0131\u2019n\u0131n Berberi okumaya yeni ba\u015flayan k\u00fc\u00e7\u00fck okurlar\u0131, s\u0131ms\u0131cak bir hik\u00e2yeyle sarmalayacak. <\/p>\n","protected":false},"excerpt":{"rendered":"<p>Pinus Ormanlar\u0131ndaki G\u00f6kku\u015fa\u011f\u0131 Kasabas\u0131 reng\u00e2renk g\u00fclleriyle \u00fcnl\u00fc, \u00e7ok g\u00fczel bir yerdi. Kasaba halk\u0131, her y\u0131l d\u00fczenlenen \u201cPinus Ormanlar\u0131n\u0131n En G\u00fczel Kasabas\u0131 Yar\u0131\u015fmas\u0131\u201d i\u00e7in \u00f6zenle haz\u0131rlan\u0131r, sa\u00e7lar\u0131n\u0131<span class=\"excerpt-hellip\"> [\u2026]<\/span><\/p>\n","protected":false},"featured_media":0,"template":"","meta":{"_monsterinsights_skip_tracking":false,"_monsterinsights_sitenote_active":false,"_monsterinsights_sitenote_note":"","_monsterinsights_sitenote_category":0},"product_brand":[],"product_cat":[12275,12274],"product_tag":[],"class_list":{"0":"post-732039","1":"product","2":"type-product","3":"status-publish","5":"product_cat-6-12-yas-kitaplari","6":"product_cat-cocuk-ve-genclik-kitaplari","7":"pa_cilt-ciltsiz","8":"pa_tur-kitap","9":"pa_yayinevi-ithaki-yayinlari","10":"pa_yazar-serap-gurbulak-bicici","12":"first","13":"instock","14":"sale","15":"shipping-taxable","16":"purchasable","17":"product-type-simple"},"_links":{"self":[{"href":"https:\/\/roveyayinevi.com.tr\/index.php\/wp-json\/wp\/v2\/product\/732039","targetHints":{"allow":["GET"]}}],"collection":[{"href":"https:\/\/roveyayinevi.com.tr\/index.php\/wp-json\/wp\/v2\/product"}],"about":[{"href":"https:\/\/roveyayinevi.com.tr\/index.php\/wp-json\/wp\/v2\/types\/product"}],"wp:attachment":[{"href":"https:\/\/roveyayinevi.com.tr\/index.php\/wp-json\/wp\/v2\/media?parent=732039"}],"wp:term":[{"taxonomy":"product_brand","embeddable":true,"href":"https:\/\/roveyayinevi.com.tr\/index.php\/wp-json\/wp\/v2\/product_brand?post=732039"},{"taxonomy":"product_cat","embeddable":true,"href":"https:\/\/roveyayinevi.com.tr\/index.php\/wp-json\/wp\/v2\/product_cat?post=732039"},{"taxonomy":"product_tag","embeddable":true,"href":"https:\/\/roveyayinevi.com.tr\/index.php\/wp-json\/wp\/v2\/product_tag?post=732039"}],"curies":[{"name":"wp","href":"https:\/\/api.w.org\/{rel}","templated":true}]}}