{"id":732035,"date":"2025-08-27T21:42:53","date_gmt":"2025-08-27T18:42:53","guid":{"rendered":"https:\/\/roveyayinevi.com.tr\/index.php\/urun\/liktorun-kilici\/"},"modified":"2026-04-16T02:39:53","modified_gmt":"2026-04-15T23:39:53","slug":"liktorun-kilici","status":"publish","type":"product","link":"https:\/\/roveyayinevi.com.tr\/index.php\/urun\/liktorun-kilici\/","title":{"rendered":"Liktorun K\u0131l\u0131c\u0131"},"content":{"rendered":"<p>\u201cSon Elli Y\u0131l\u0131n En Ola\u011fan\u00fcst\u00fc Bilimkurgu Kitab\u0131. Yeni G\u00fcne\u015f Kitab\u0131, Bilimkurgu Edebiyat\u0131n\u0131n Kay\u0131p Zaman\u0131n Izinde\u2019si Olmaya En Yak\u0131n Eser.\u201d \u2013Neil Gaiman   Locus En Iyi Fantazi Roman\u0131 \u00d6d\u00fcl\u00fc August Derleth Y\u0131l\u0131n En Iyi Roman\u0131 \u00d6d\u00fcl\u00fc\u201cBazen Bir O\u011flan \u00c7ocu\u011funun G\u00f6zlerinden Anlarim Onun Gelecekte Gamli Bir Adam Olaca\u011fini.\u201d   Bilimkurgunun Melville\u2019i Olarak Bilinen Gene Wolfe, Spek\u00fclatif Edebiyat\u0131n S\u0131n\u0131rlar\u0131n\u0131 Zorlayan, Fantaziden Bilim Ve Bilimden De Fantazi \u00c7\u0131karmay\u0131 Ba\u015faran, T\u00fcr\u00fcn Her Alan\u0131nda E\u015fit Muazzaml\u0131kta Eserler Veren Ender Yazarlardan Biri. Wolfe\u2019un Dilin Ve T\u00fcr\u00fcn Imk\u00e2nlar\u0131n\u0131 Sonuna Kadar Kulland\u0131\u011f\u0131, Bilimkurgunun Ulysses\u2019i Olarak Da An\u0131lan Yeni G\u00fcne\u015f Kitab\u0131\u2019n\u0131n \u00dc\u00e7\u00fcnc\u00fc Cildi Liktorun K\u0131l\u0131c\u0131\u2019nda Ise Bu Gizemli Yolculu\u011fun Sonuna Yakla\u015f\u0131yoruz Art\u0131k.   G\u00fcn\u00fcm\u00fczden Y\u00fcz Binlerce Y\u0131l Sonras\u0131. Ancak \u00d6yle Bir Gelecek Ki Ge\u00e7mi\u015ften Fark\u0131 Yok. Bug\u00fcne Ait K\u00fclt\u00fcr Ve Olaylar Art\u0131k Bir An\u0131 Bile De\u011fil. Gezegen, Beklenmedik Ve Gizemli Bi\u00e7imlerde De\u011fi\u015fimler Ge\u00e7irmi\u015f. G\u00fcne\u015f\u2019in \u00d6mr\u00fcn\u00fcn Sonu Gelmi\u015f, S\u00f6nmekte.   I\u015fkenceci Severian, S\u00fcrg\u00fcn Edildi\u011fi Thrax\u2019a, Penceresiz Odalar \u015eehri\u2019ne Ula\u015ft\u0131 Sonunda. Ancak Vicdan\u0131 Y\u00fcz\u00fcnden Buray\u0131 Da Terk Etmek Zorunda Kalacak Ve Da\u011flar\u0131 A\u015faca\u011f\u0131 Bu Yolculu\u011funda, Ada\u015f Oldu\u011fu Bir O\u011flan Da Yolda\u015fl\u0131k Edecek Ona.   Serinin Bu Cildinde, Severian, Kaderin Kendisi Kadar Azametli K\u0131l\u0131c\u0131 Terminus Est Ve Pek Kudretli Bir I\u015f\u0131\u011fa Sahip Cevheri Pen\u00e7e Ile Yoluna Devam Edecek, Kar\u015f\u0131s\u0131na \u00c7\u0131kan Canavarlar\u0131 Alt Edecek, Bu Y\u0131k\u0131lm\u0131\u015f D\u00fcnyan\u0131n Mazisine Dair Biraz Daha Bilgi Edinecek Ve Baz\u0131 Eski Y\u00fczlerle Tekrar Kar\u015f\u0131la\u015facak. G\u00fcne\u015f Elbet Bir G\u00fcn \u00d6lecek. Ve Yeni G\u00fcne\u015f Elbet Bir G\u00fcn Do\u011facak. <\/p>\n","protected":false},"excerpt":{"rendered":"<p>\u201cSon Elli Y\u0131l\u0131n En Ola\u011fan\u00fcst\u00fc Bilimkurgu Kitab\u0131. Yeni G\u00fcne\u015f Kitab\u0131, Bilimkurgu Edebiyat\u0131n\u0131n Kay\u0131p Zaman\u0131n Izinde\u2019si Olmaya En Yak\u0131n Eser.\u201d \u2013Neil Gaiman Locus En Iyi Fantazi Roman\u0131<span class=\"excerpt-hellip\"> [\u2026]<\/span><\/p>\n","protected":false},"featured_media":0,"template":"","meta":{"_monsterinsights_skip_tracking":false,"_monsterinsights_sitenote_active":false,"_monsterinsights_sitenote_note":"","_monsterinsights_sitenote_category":0},"product_brand":[],"product_cat":[12540,12291],"product_tag":[],"class_list":{"0":"post-732035","1":"product","2":"type-product","3":"status-publish","5":"product_cat-bilim-kurgu","6":"product_cat-edebiyat","7":"pa_cilt-ciltsiz","8":"pa_tur-kitap","9":"pa_yayinevi-ithaki-yayinlari","10":"pa_yazar-gene-wolfe","12":"first","13":"instock","14":"sale","15":"shipping-taxable","16":"purchasable","17":"product-type-simple"},"_links":{"self":[{"href":"https:\/\/roveyayinevi.com.tr\/index.php\/wp-json\/wp\/v2\/product\/732035","targetHints":{"allow":["GET"]}}],"collection":[{"href":"https:\/\/roveyayinevi.com.tr\/index.php\/wp-json\/wp\/v2\/product"}],"about":[{"href":"https:\/\/roveyayinevi.com.tr\/index.php\/wp-json\/wp\/v2\/types\/product"}],"wp:attachment":[{"href":"https:\/\/roveyayinevi.com.tr\/index.php\/wp-json\/wp\/v2\/media?parent=732035"}],"wp:term":[{"taxonomy":"product_brand","embeddable":true,"href":"https:\/\/roveyayinevi.com.tr\/index.php\/wp-json\/wp\/v2\/product_brand?post=732035"},{"taxonomy":"product_cat","embeddable":true,"href":"https:\/\/roveyayinevi.com.tr\/index.php\/wp-json\/wp\/v2\/product_cat?post=732035"},{"taxonomy":"product_tag","embeddable":true,"href":"https:\/\/roveyayinevi.com.tr\/index.php\/wp-json\/wp\/v2\/product_tag?post=732035"}],"curies":[{"name":"wp","href":"https:\/\/api.w.org\/{rel}","templated":true}]}}