{"id":732034,"date":"2025-08-27T21:42:52","date_gmt":"2025-08-27T18:42:52","guid":{"rendered":"https:\/\/roveyayinevi.com.tr\/index.php\/urun\/mossad-operasyonlarinin-efendisi\/"},"modified":"2025-11-21T06:58:03","modified_gmt":"2025-11-21T03:58:03","slug":"mossad-operasyonlarinin-efendisi","status":"publish","type":"product","link":"https:\/\/roveyayinevi.com.tr\/index.php\/urun\/mossad-operasyonlarinin-efendisi\/","title":{"rendered":"Mossad  Operasyonlar\u0131n\u0131n Efendisi"},"content":{"rendered":"<p>Bu kitapta, MOSSAD\u2019\u0131n infaz b\u00f6l\u00fcm\u00fcn\u00fc kuran ve MOSSAD\u2019\u0131n en k\u0131ymetli birimi Kayserya ba\u015fkanl\u0131\u011f\u0131n\u0131 yapm\u0131\u015f, \u00fcnl\u00fc istihbarat g\u00f6revlisi Mike Harari\u2019nin y\u00fcr\u00fctt\u00fc\u011f\u00fc operasyonlar anlat\u0131lmaktad\u0131r. Avrupa\u2019dan Afrika\u2019ya, Orta Do\u011fu\u2019dan K\u00fcba ve Panama\u2019ya kadar uzanan g\u00f6revlerine dair Harari \u015fimdiye kadar hi\u00e7 r\u00f6portaj vermedi. 1972 M\u00fcnih Olimpiyatlar\u0131nda \u0130srailli sporculara kar\u015f\u0131 yap\u0131lan sald\u0131r\u0131lara cevap olarak ba\u015flat\u0131lan ve Steven Spielberg\u2019in M\u00fcnih (2006) filminde konu edindi\u011fi Tanr\u0131\u2019n\u0131n Gazab\u0131 Operasyonu\u201dnun mimar\u0131yd\u0131. G\u00f6rev amac\u0131yla Ankara\u2019da da bulundu. Eli Cohen: Casus kitab\u0131n\u0131n \u00e7evirmeni Yusuf S\u00fcha Sonu\u00e7 taraf\u0131ndan \u0130braniceden terc\u00fcme edilen elinizdeki eserle, Harari\u2019nin hayat hikayesine ve \u0130srail istihbarat\u0131n\u0131n g\u00f6lge d\u00fcnyas\u0131nda olup bitenlere ilk kez nadir ve orijinal bak\u0131\u015f sunuluyor. <\/p>\n","protected":false},"excerpt":{"rendered":"<p>Bu kitapta, MOSSAD\u2019\u0131n infaz b\u00f6l\u00fcm\u00fcn\u00fc kuran ve MOSSAD\u2019\u0131n en k\u0131ymetli birimi Kayserya ba\u015fkanl\u0131\u011f\u0131n\u0131 yapm\u0131\u015f, \u00fcnl\u00fc istihbarat g\u00f6revlisi Mike Harari\u2019nin y\u00fcr\u00fctt\u00fc\u011f\u00fc operasyonlar anlat\u0131lmaktad\u0131r. Avrupa\u2019dan Afrika\u2019ya, Orta Do\u011fu\u2019dan<span class=\"excerpt-hellip\"> [\u2026]<\/span><\/p>\n","protected":false},"featured_media":0,"template":"","meta":{"_monsterinsights_skip_tracking":false,"_monsterinsights_sitenote_active":false,"_monsterinsights_sitenote_note":"","_monsterinsights_sitenote_category":0},"product_brand":[],"product_cat":[13059,12337],"product_tag":[],"class_list":{"0":"post-732034","1":"product","2":"type-product","3":"status-publish","5":"product_cat-diger-politika-siyaset","6":"product_cat-politika-siyaset","7":"pa_cilt-ciltsiz","8":"pa_tur-kitap","9":"pa_yayinevi-altinordu-yayinlari","10":"pa_yazar-aaron-j-klein","12":"first","13":"instock","14":"sale","15":"shipping-taxable","16":"purchasable","17":"product-type-simple"},"_links":{"self":[{"href":"https:\/\/roveyayinevi.com.tr\/index.php\/wp-json\/wp\/v2\/product\/732034","targetHints":{"allow":["GET"]}}],"collection":[{"href":"https:\/\/roveyayinevi.com.tr\/index.php\/wp-json\/wp\/v2\/product"}],"about":[{"href":"https:\/\/roveyayinevi.com.tr\/index.php\/wp-json\/wp\/v2\/types\/product"}],"wp:attachment":[{"href":"https:\/\/roveyayinevi.com.tr\/index.php\/wp-json\/wp\/v2\/media?parent=732034"}],"wp:term":[{"taxonomy":"product_brand","embeddable":true,"href":"https:\/\/roveyayinevi.com.tr\/index.php\/wp-json\/wp\/v2\/product_brand?post=732034"},{"taxonomy":"product_cat","embeddable":true,"href":"https:\/\/roveyayinevi.com.tr\/index.php\/wp-json\/wp\/v2\/product_cat?post=732034"},{"taxonomy":"product_tag","embeddable":true,"href":"https:\/\/roveyayinevi.com.tr\/index.php\/wp-json\/wp\/v2\/product_tag?post=732034"}],"curies":[{"name":"wp","href":"https:\/\/api.w.org\/{rel}","templated":true}]}}